{"id":127,"date":"2020-11-13T13:05:45","date_gmt":"2020-11-13T13:05:45","guid":{"rendered":"https:\/\/herbaday.eu\/?post_type=product&#038;p=127"},"modified":"2023-08-31T11:24:05","modified_gmt":"2023-08-31T11:24:05","slug":"guarana-tablety-original-60-tabliet","status":"publish","type":"product","link":"https:\/\/herbaday.sk\/index.php\/product\/guarana-tablety-original-60-tabliet\/","title":{"rendered":"Guarana &#8211; tablety Original 60 tabliet"},"content":{"rendered":"<h3 id=\"info-toggle\">N\u00e1h\u013ead na Produkt<\/h3>\n<div class=\"info-content\">\n<article>\n<p class=\"overview\" data-bind=\"html: Overview, visible: Overview\">Guaranov\u00e9 tablety obsahuj\u00fa kofe\u00edn z guarany pre podporu s\u00fastredenia a zn\u00ed\u017eenie pocitu du\u0161evnej \u00fanavy.<\/p>\n<h5 data-bind=\"visible: KeyBenefits\">K\u013e\u00fa\u010dov\u00e9 V\u00fdhody<\/h5>\n<div class=\"disc\" data-bind=\"visible: KeyBenefits, html: KeyBenefits\">Guarana v zmesi s pomaran\u010dov\u00fdm pekoe, tradi\u010dn\u00fdm \u010diernym \u010dajom s jemnou a napriek tomu bohatou chu\u0165ou.Obsahuje 32 mg kofe\u00ednu z guarany.<\/div>\n<h5 data-bind=\"visible: Usage\">Pou\u017e\u00edvanie<\/h5>\n<div class=\"disc\" data-bind=\"visible: Usage, html: Usage\">Pou\u017e\u00edvajte dve a\u017e \u0161tyri tablety denne. Guarana je ker p\u00f4vodom z Ju\u017enej Ameriky. Po st\u00e1ro\u010dia bola vyu\u017e\u00edvan\u00e1 amazonsk\u00fdmi Indi\u00e1nmi pre svoj obsah kofe\u00ednu.<\/div>\n<\/article>\n<\/div>\n","protected":false},"excerpt":{"rendered":"<p>N\u00e1h\u013ead na Produkt Guaranov\u00e9 tablety obsahuj\u00fa kofe\u00edn z guarany pre podporu s\u00fastredenia a zn\u00ed\u017eenie pocitu du\u0161evnej \u00fanavy. K\u013e\u00fa\u010dov\u00e9 V\u00fdhody Guarana v zmesi s pomaran\u010dov\u00fdm pekoe, tradi\u010dn\u00fdm \u010diernym \u010dajom s jemnou a napriek tomu bohatou chu\u0165ou.Obsahuje 32 mg kofe\u00ednu z guarany. Pou\u017e\u00edvanie Pou\u017e\u00edvajte dve a\u017e \u0161tyri tablety denne. Guarana je ker p\u00f4vodom z Ju\u017enej Ameriky. Po [&#8230;]\n","protected":false},"featured_media":128,"comment_status":"open","ping_status":"closed","template":"","meta":[],"product_brand":[],"product_cat":[26],"product_tag":[],"class_list":{"0":"post-127","1":"product","2":"type-product","3":"status-publish","4":"has-post-thumbnail","6":"product_cat-energia","8":"first","9":"outofstock","10":"taxable","11":"shipping-taxable","12":"purchasable","13":"product-type-simple"},"yoast_head":"<!-- This site is optimized with the Yoast SEO plugin v24.3 - https:\/\/yoast.com\/wordpress\/plugins\/seo\/ -->\n<title>Guarana - tablety Original 60 tabliet - Herbaday<\/title>\n<meta name=\"robots\" content=\"index, follow, max-snippet:-1, max-image-preview:large, max-video-preview:-1\" \/>\n<link rel=\"canonical\" href=\"https:\/\/herbaday.sk\/index.php\/product\/guarana-tablety-original-60-tabliet\/\" \/>\n<meta property=\"og:locale\" content=\"sk_SK\" \/>\n<meta property=\"og:type\" content=\"article\" \/>\n<meta property=\"og:title\" content=\"Guarana - tablety Original 60 tabliet - Herbaday\" \/>\n<meta property=\"og:description\" content=\"N\u00e1h\u013ead na Produkt Guaranov\u00e9 tablety obsahuj\u00fa kofe\u00edn z guarany pre podporu s\u00fastredenia a zn\u00ed\u017eenie pocitu du\u0161evnej \u00fanavy. K\u013e\u00fa\u010dov\u00e9 V\u00fdhody Guarana v zmesi s pomaran\u010dov\u00fdm pekoe, tradi\u010dn\u00fdm \u010diernym \u010dajom s jemnou a napriek tomu bohatou chu\u0165ou.Obsahuje 32 mg kofe\u00ednu z guarany. Pou\u017e\u00edvanie Pou\u017e\u00edvajte dve a\u017e \u0161tyri tablety denne. Guarana je ker p\u00f4vodom z Ju\u017enej Ameriky. Po [...]\" \/>\n<meta property=\"og:url\" content=\"https:\/\/herbaday.sk\/index.php\/product\/guarana-tablety-original-60-tabliet\/\" \/>\n<meta property=\"og:site_name\" content=\"Herbaday\" \/>\n<meta property=\"article:modified_time\" content=\"2023-08-31T11:24:05+00:00\" \/>\n<meta property=\"og:image\" content=\"https:\/\/i0.wp.com\/herbaday.sk\/wp-content\/uploads\/2020\/11\/1005_CZ_SK_NRG_Square.png?fit=800%2C800&ssl=1\" \/>\n\t<meta property=\"og:image:width\" content=\"800\" \/>\n\t<meta property=\"og:image:height\" content=\"800\" \/>\n\t<meta property=\"og:image:type\" content=\"image\/png\" \/>\n<meta name=\"twitter:card\" content=\"summary_large_image\" \/>\n<script type=\"application\/ld+json\" class=\"yoast-schema-graph\">{\"@context\":\"https:\/\/schema.org\",\"@graph\":[{\"@type\":\"WebPage\",\"@id\":\"https:\/\/herbaday.sk\/index.php\/product\/guarana-tablety-original-60-tabliet\/\",\"url\":\"https:\/\/herbaday.sk\/index.php\/product\/guarana-tablety-original-60-tabliet\/\",\"name\":\"Guarana - tablety Original 60 tabliet - Herbaday\",\"isPartOf\":{\"@id\":\"https:\/\/herbaday.sk\/#website\"},\"primaryImageOfPage\":{\"@id\":\"https:\/\/herbaday.sk\/index.php\/product\/guarana-tablety-original-60-tabliet\/#primaryimage\"},\"image\":{\"@id\":\"https:\/\/herbaday.sk\/index.php\/product\/guarana-tablety-original-60-tabliet\/#primaryimage\"},\"thumbnailUrl\":\"https:\/\/i0.wp.com\/herbaday.sk\/wp-content\/uploads\/2020\/11\/1005_CZ_SK_NRG_Square.png?fit=800%2C800&ssl=1\",\"datePublished\":\"2020-11-13T13:05:45+00:00\",\"dateModified\":\"2023-08-31T11:24:05+00:00\",\"breadcrumb\":{\"@id\":\"https:\/\/herbaday.sk\/index.php\/product\/guarana-tablety-original-60-tabliet\/#breadcrumb\"},\"inLanguage\":\"sk-SK\",\"potentialAction\":[{\"@type\":\"ReadAction\",\"target\":[\"https:\/\/herbaday.sk\/index.php\/product\/guarana-tablety-original-60-tabliet\/\"]}]},{\"@type\":\"ImageObject\",\"inLanguage\":\"sk-SK\",\"@id\":\"https:\/\/herbaday.sk\/index.php\/product\/guarana-tablety-original-60-tabliet\/#primaryimage\",\"url\":\"https:\/\/i0.wp.com\/herbaday.sk\/wp-content\/uploads\/2020\/11\/1005_CZ_SK_NRG_Square.png?fit=800%2C800&ssl=1\",\"contentUrl\":\"https:\/\/i0.wp.com\/herbaday.sk\/wp-content\/uploads\/2020\/11\/1005_CZ_SK_NRG_Square.png?fit=800%2C800&ssl=1\",\"width\":800,\"height\":800},{\"@type\":\"BreadcrumbList\",\"@id\":\"https:\/\/herbaday.sk\/index.php\/product\/guarana-tablety-original-60-tabliet\/#breadcrumb\",\"itemListElement\":[{\"@type\":\"ListItem\",\"position\":1,\"name\":\"Domovsk\u00e1 str\u00e1nka\",\"item\":\"https:\/\/herbaday.sk\/\"},{\"@type\":\"ListItem\",\"position\":2,\"name\":\"Shop\",\"item\":\"https:\/\/herbaday.sk\/index.php\/shop\/\"},{\"@type\":\"ListItem\",\"position\":3,\"name\":\"Guarana &#8211; tablety Original 60 tabliet\"}]},{\"@type\":\"WebSite\",\"@id\":\"https:\/\/herbaday.sk\/#website\",\"url\":\"https:\/\/herbaday.sk\/\",\"name\":\"Herbaday\",\"description\":\"Nez\u00e1visl\u00fd \u010dlen Herbalife Nutrition\",\"publisher\":{\"@id\":\"https:\/\/herbaday.sk\/#organization\"},\"potentialAction\":[{\"@type\":\"SearchAction\",\"target\":{\"@type\":\"EntryPoint\",\"urlTemplate\":\"https:\/\/herbaday.sk\/?s={search_term_string}\"},\"query-input\":{\"@type\":\"PropertyValueSpecification\",\"valueRequired\":true,\"valueName\":\"search_term_string\"}}],\"inLanguage\":\"sk-SK\"},{\"@type\":\"Organization\",\"@id\":\"https:\/\/herbaday.sk\/#organization\",\"name\":\"Herbaday\",\"url\":\"https:\/\/herbaday.sk\/\",\"logo\":{\"@type\":\"ImageObject\",\"inLanguage\":\"sk-SK\",\"@id\":\"https:\/\/herbaday.sk\/#\/schema\/logo\/image\/\",\"url\":\"http:\/\/herbaday.sk\/wp-content\/uploads\/2020\/11\/herbaday_logo.png\",\"contentUrl\":\"http:\/\/herbaday.sk\/wp-content\/uploads\/2020\/11\/herbaday_logo.png\",\"width\":2214,\"height\":545,\"caption\":\"Herbaday\"},\"image\":{\"@id\":\"https:\/\/herbaday.sk\/#\/schema\/logo\/image\/\"}}]}<\/script>\n<!-- \/ Yoast SEO plugin. -->","yoast_head_json":{"title":"Guarana - tablety Original 60 tabliet - Herbaday","robots":{"index":"index","follow":"follow","max-snippet":"max-snippet:-1","max-image-preview":"max-image-preview:large","max-video-preview":"max-video-preview:-1"},"canonical":"https:\/\/herbaday.sk\/index.php\/product\/guarana-tablety-original-60-tabliet\/","og_locale":"sk_SK","og_type":"article","og_title":"Guarana - tablety Original 60 tabliet - Herbaday","og_description":"N\u00e1h\u013ead na Produkt Guaranov\u00e9 tablety obsahuj\u00fa kofe\u00edn z guarany pre podporu s\u00fastredenia a zn\u00ed\u017eenie pocitu du\u0161evnej \u00fanavy. K\u013e\u00fa\u010dov\u00e9 V\u00fdhody Guarana v zmesi s pomaran\u010dov\u00fdm pekoe, tradi\u010dn\u00fdm \u010diernym \u010dajom s jemnou a napriek tomu bohatou chu\u0165ou.Obsahuje 32 mg kofe\u00ednu z guarany. Pou\u017e\u00edvanie Pou\u017e\u00edvajte dve a\u017e \u0161tyri tablety denne. Guarana je ker p\u00f4vodom z Ju\u017enej Ameriky. Po [...]","og_url":"https:\/\/herbaday.sk\/index.php\/product\/guarana-tablety-original-60-tabliet\/","og_site_name":"Herbaday","article_modified_time":"2023-08-31T11:24:05+00:00","og_image":[{"width":800,"height":800,"url":"https:\/\/i0.wp.com\/herbaday.sk\/wp-content\/uploads\/2020\/11\/1005_CZ_SK_NRG_Square.png?fit=800%2C800&ssl=1","type":"image\/png"}],"twitter_card":"summary_large_image","schema":{"@context":"https:\/\/schema.org","@graph":[{"@type":"WebPage","@id":"https:\/\/herbaday.sk\/index.php\/product\/guarana-tablety-original-60-tabliet\/","url":"https:\/\/herbaday.sk\/index.php\/product\/guarana-tablety-original-60-tabliet\/","name":"Guarana - tablety Original 60 tabliet - Herbaday","isPartOf":{"@id":"https:\/\/herbaday.sk\/#website"},"primaryImageOfPage":{"@id":"https:\/\/herbaday.sk\/index.php\/product\/guarana-tablety-original-60-tabliet\/#primaryimage"},"image":{"@id":"https:\/\/herbaday.sk\/index.php\/product\/guarana-tablety-original-60-tabliet\/#primaryimage"},"thumbnailUrl":"https:\/\/i0.wp.com\/herbaday.sk\/wp-content\/uploads\/2020\/11\/1005_CZ_SK_NRG_Square.png?fit=800%2C800&ssl=1","datePublished":"2020-11-13T13:05:45+00:00","dateModified":"2023-08-31T11:24:05+00:00","breadcrumb":{"@id":"https:\/\/herbaday.sk\/index.php\/product\/guarana-tablety-original-60-tabliet\/#breadcrumb"},"inLanguage":"sk-SK","potentialAction":[{"@type":"ReadAction","target":["https:\/\/herbaday.sk\/index.php\/product\/guarana-tablety-original-60-tabliet\/"]}]},{"@type":"ImageObject","inLanguage":"sk-SK","@id":"https:\/\/herbaday.sk\/index.php\/product\/guarana-tablety-original-60-tabliet\/#primaryimage","url":"https:\/\/i0.wp.com\/herbaday.sk\/wp-content\/uploads\/2020\/11\/1005_CZ_SK_NRG_Square.png?fit=800%2C800&ssl=1","contentUrl":"https:\/\/i0.wp.com\/herbaday.sk\/wp-content\/uploads\/2020\/11\/1005_CZ_SK_NRG_Square.png?fit=800%2C800&ssl=1","width":800,"height":800},{"@type":"BreadcrumbList","@id":"https:\/\/herbaday.sk\/index.php\/product\/guarana-tablety-original-60-tabliet\/#breadcrumb","itemListElement":[{"@type":"ListItem","position":1,"name":"Domovsk\u00e1 str\u00e1nka","item":"https:\/\/herbaday.sk\/"},{"@type":"ListItem","position":2,"name":"Shop","item":"https:\/\/herbaday.sk\/index.php\/shop\/"},{"@type":"ListItem","position":3,"name":"Guarana &#8211; tablety Original 60 tabliet"}]},{"@type":"WebSite","@id":"https:\/\/herbaday.sk\/#website","url":"https:\/\/herbaday.sk\/","name":"Herbaday","description":"Nez\u00e1visl\u00fd \u010dlen Herbalife Nutrition","publisher":{"@id":"https:\/\/herbaday.sk\/#organization"},"potentialAction":[{"@type":"SearchAction","target":{"@type":"EntryPoint","urlTemplate":"https:\/\/herbaday.sk\/?s={search_term_string}"},"query-input":{"@type":"PropertyValueSpecification","valueRequired":true,"valueName":"search_term_string"}}],"inLanguage":"sk-SK"},{"@type":"Organization","@id":"https:\/\/herbaday.sk\/#organization","name":"Herbaday","url":"https:\/\/herbaday.sk\/","logo":{"@type":"ImageObject","inLanguage":"sk-SK","@id":"https:\/\/herbaday.sk\/#\/schema\/logo\/image\/","url":"http:\/\/herbaday.sk\/wp-content\/uploads\/2020\/11\/herbaday_logo.png","contentUrl":"http:\/\/herbaday.sk\/wp-content\/uploads\/2020\/11\/herbaday_logo.png","width":2214,"height":545,"caption":"Herbaday"},"image":{"@id":"https:\/\/herbaday.sk\/#\/schema\/logo\/image\/"}}]}},"jetpack_sharing_enabled":true,"_links":{"self":[{"href":"https:\/\/herbaday.sk\/index.php\/wp-json\/wp\/v2\/product\/127","targetHints":{"allow":["GET"]}}],"collection":[{"href":"https:\/\/herbaday.sk\/index.php\/wp-json\/wp\/v2\/product"}],"about":[{"href":"https:\/\/herbaday.sk\/index.php\/wp-json\/wp\/v2\/types\/product"}],"replies":[{"embeddable":true,"href":"https:\/\/herbaday.sk\/index.php\/wp-json\/wp\/v2\/comments?post=127"}],"wp:featuredmedia":[{"embeddable":true,"href":"https:\/\/herbaday.sk\/index.php\/wp-json\/wp\/v2\/media\/128"}],"wp:attachment":[{"href":"https:\/\/herbaday.sk\/index.php\/wp-json\/wp\/v2\/media?parent=127"}],"wp:term":[{"taxonomy":"product_brand","embeddable":true,"href":"https:\/\/herbaday.sk\/index.php\/wp-json\/wp\/v2\/product_brand?post=127"},{"taxonomy":"product_cat","embeddable":true,"href":"https:\/\/herbaday.sk\/index.php\/wp-json\/wp\/v2\/product_cat?post=127"},{"taxonomy":"product_tag","embeddable":true,"href":"https:\/\/herbaday.sk\/index.php\/wp-json\/wp\/v2\/product_tag?post=127"}],"curies":[{"name":"wp","href":"https:\/\/api.w.org\/{rel}","templated":true}]}}