{"id":135,"date":"2020-11-13T13:11:18","date_gmt":"2020-11-13T13:11:18","guid":{"rendered":"https:\/\/herbaday.eu\/?post_type=product&#038;p=135"},"modified":"2023-08-31T11:25:05","modified_gmt":"2023-08-31T11:25:05","slug":"vlaknina-a-bylinky-180-tabliet","status":"publish","type":"product","link":"https:\/\/herbaday.sk\/index.php\/product\/vlaknina-a-bylinky-180-tabliet\/","title":{"rendered":"Vl\u00e1knina a bylinky 180 tabliet"},"content":{"rendered":"<p>Vl\u00e1knina &amp; bylinky obsahuj\u00fa ovsen\u00fa vl\u00e1kninu a v\u00fd\u0165a\u017eky z petr\u017elenu, pomaran\u010dov\u00fd kvet, kvet ibi\u0161teka a feniklov\u00e9 semienka.<\/p>\n<p>Vl\u00e1kninov\u00fd doplnok<\/p>\n<ol>\n<li>Vl\u00e1kninov\u00fd doplnok na dosiahnutie odpor\u00fa\u010dan\u00e9ho mno\u017estva vl\u00e1kniny 25g denne.<\/li>\n<li>Ide\u00e1lny na konzum\u00e1ciu v kombin\u00e1cii s kokteilmi Herbalife Formula 1 a Multivitam\u00ednov\u00fdm komplexom Formula 2 ako s\u00fa\u010das\u0165 programu na regul\u00e1ciu hmotnosti.<\/li>\n<\/ol>\n<h4>AKO V\u00c1M M\u00d4\u017dE PROSPIE\u0164?<\/h4>\n<p>Konzum\u00e1cia vyv\u00e1\u017eenej stravy s dostato\u010dn\u00fdm obsahom celozrnn\u00fdch obiln\u00edn v\u00e1m m\u00f4\u017ee pom\u00f4c\u0165 dosiahnu\u0165 denn\u00e9 odpor\u00fa\u010dan\u00e9 mno\u017estvo vl\u00e1kniny. Ak m\u00e1te probl\u00e9m s pr\u00edjmom vl\u00e1kniny, odpor\u00fa\u010dame pou\u017e\u00edva\u0165 vl\u00e1kninov\u00fd doplnok, s pomocou ktor\u00e9ho dosiahnete odpor\u00fa\u010dan\u00fdch 25g denne.<\/p>\n<h4>POU\u017dITIE<\/h4>\n<p>U\u017e\u00edvajte dve tablety s jedlom trikr\u00e1t denne. Pr\u00edpravok je vhodn\u00fd na u\u017e\u00edvanie v kombin\u00e1cii s kokteilom Herbalife Formula 1 a Multivitam\u00ednov\u00fdm komplexom Herbalife Formula 2.<\/p>\n","protected":false},"excerpt":{"rendered":"<p>Vl\u00e1knina &amp; bylinky obsahuj\u00fa ovsen\u00fa vl\u00e1kninu a v\u00fd\u0165a\u017eky z petr\u017elenu, pomaran\u010dov\u00fd kvet, kvet ibi\u0161teka a feniklov\u00e9 semienka. Vl\u00e1kninov\u00fd doplnok Vl\u00e1kninov\u00fd doplnok na dosiahnutie odpor\u00fa\u010dan\u00e9ho mno\u017estva vl\u00e1kniny 25g denne. Ide\u00e1lny na konzum\u00e1ciu v kombin\u00e1cii s kokteilmi Herbalife Formula 1 a Multivitam\u00ednov\u00fdm komplexom Formula 2 ako s\u00fa\u010das\u0165 programu na regul\u00e1ciu hmotnosti. AKO V\u00c1M M\u00d4\u017dE PROSPIE\u0164? Konzum\u00e1cia vyv\u00e1\u017eenej [&#8230;]\n","protected":false},"featured_media":136,"comment_status":"open","ping_status":"closed","template":"","meta":[],"product_brand":[],"product_cat":[28],"product_tag":[],"class_list":{"0":"post-135","1":"product","2":"type-product","3":"status-publish","4":"has-post-thumbnail","6":"product_cat-vlakninove-doplnky","8":"first","9":"outofstock","10":"taxable","11":"shipping-taxable","12":"purchasable","13":"product-type-simple"},"yoast_head":"<!-- This site is optimized with the Yoast SEO plugin v24.3 - https:\/\/yoast.com\/wordpress\/plugins\/seo\/ -->\n<title>Vl\u00e1knina a bylinky 180 tabliet - Herbaday<\/title>\n<meta name=\"robots\" content=\"index, follow, max-snippet:-1, max-image-preview:large, max-video-preview:-1\" \/>\n<link rel=\"canonical\" href=\"https:\/\/herbaday.sk\/index.php\/product\/vlaknina-a-bylinky-180-tabliet\/\" \/>\n<meta property=\"og:locale\" content=\"sk_SK\" \/>\n<meta property=\"og:type\" content=\"article\" \/>\n<meta property=\"og:title\" content=\"Vl\u00e1knina a bylinky 180 tabliet - Herbaday\" \/>\n<meta property=\"og:description\" content=\"Vl\u00e1knina &amp; bylinky obsahuj\u00fa ovsen\u00fa vl\u00e1kninu a v\u00fd\u0165a\u017eky z petr\u017elenu, pomaran\u010dov\u00fd kvet, kvet ibi\u0161teka a feniklov\u00e9 semienka. Vl\u00e1kninov\u00fd doplnok Vl\u00e1kninov\u00fd doplnok na dosiahnutie odpor\u00fa\u010dan\u00e9ho mno\u017estva vl\u00e1kniny 25g denne. Ide\u00e1lny na konzum\u00e1ciu v kombin\u00e1cii s kokteilmi Herbalife Formula 1 a Multivitam\u00ednov\u00fdm komplexom Formula 2 ako s\u00fa\u010das\u0165 programu na regul\u00e1ciu hmotnosti. AKO V\u00c1M M\u00d4\u017dE PROSPIE\u0164? Konzum\u00e1cia vyv\u00e1\u017eenej [...]\" \/>\n<meta property=\"og:url\" content=\"https:\/\/herbaday.sk\/index.php\/product\/vlaknina-a-bylinky-180-tabliet\/\" \/>\n<meta property=\"og:site_name\" content=\"Herbaday\" \/>\n<meta property=\"article:modified_time\" content=\"2023-08-31T11:25:05+00:00\" \/>\n<meta property=\"og:image\" content=\"https:\/\/i0.wp.com\/herbaday.sk\/wp-content\/uploads\/2020\/11\/3114_SK_CZ_FibreHerb_Square_400px.png?fit=800%2C800&ssl=1\" \/>\n\t<meta property=\"og:image:width\" content=\"800\" \/>\n\t<meta property=\"og:image:height\" content=\"800\" \/>\n\t<meta property=\"og:image:type\" content=\"image\/png\" \/>\n<meta name=\"twitter:card\" content=\"summary_large_image\" \/>\n<meta name=\"twitter:label1\" content=\"Predpokladan\u00fd \u010das \u010d\u00edtania\" \/>\n\t<meta name=\"twitter:data1\" content=\"1 min\u00fata\" \/>\n<script type=\"application\/ld+json\" class=\"yoast-schema-graph\">{\"@context\":\"https:\/\/schema.org\",\"@graph\":[{\"@type\":\"WebPage\",\"@id\":\"https:\/\/herbaday.sk\/index.php\/product\/vlaknina-a-bylinky-180-tabliet\/\",\"url\":\"https:\/\/herbaday.sk\/index.php\/product\/vlaknina-a-bylinky-180-tabliet\/\",\"name\":\"Vl\u00e1knina a bylinky 180 tabliet - Herbaday\",\"isPartOf\":{\"@id\":\"https:\/\/herbaday.sk\/#website\"},\"primaryImageOfPage\":{\"@id\":\"https:\/\/herbaday.sk\/index.php\/product\/vlaknina-a-bylinky-180-tabliet\/#primaryimage\"},\"image\":{\"@id\":\"https:\/\/herbaday.sk\/index.php\/product\/vlaknina-a-bylinky-180-tabliet\/#primaryimage\"},\"thumbnailUrl\":\"https:\/\/i0.wp.com\/herbaday.sk\/wp-content\/uploads\/2020\/11\/3114_SK_CZ_FibreHerb_Square_400px.png?fit=800%2C800&ssl=1\",\"datePublished\":\"2020-11-13T13:11:18+00:00\",\"dateModified\":\"2023-08-31T11:25:05+00:00\",\"breadcrumb\":{\"@id\":\"https:\/\/herbaday.sk\/index.php\/product\/vlaknina-a-bylinky-180-tabliet\/#breadcrumb\"},\"inLanguage\":\"sk-SK\",\"potentialAction\":[{\"@type\":\"ReadAction\",\"target\":[\"https:\/\/herbaday.sk\/index.php\/product\/vlaknina-a-bylinky-180-tabliet\/\"]}]},{\"@type\":\"ImageObject\",\"inLanguage\":\"sk-SK\",\"@id\":\"https:\/\/herbaday.sk\/index.php\/product\/vlaknina-a-bylinky-180-tabliet\/#primaryimage\",\"url\":\"https:\/\/i0.wp.com\/herbaday.sk\/wp-content\/uploads\/2020\/11\/3114_SK_CZ_FibreHerb_Square_400px.png?fit=800%2C800&ssl=1\",\"contentUrl\":\"https:\/\/i0.wp.com\/herbaday.sk\/wp-content\/uploads\/2020\/11\/3114_SK_CZ_FibreHerb_Square_400px.png?fit=800%2C800&ssl=1\",\"width\":800,\"height\":800},{\"@type\":\"BreadcrumbList\",\"@id\":\"https:\/\/herbaday.sk\/index.php\/product\/vlaknina-a-bylinky-180-tabliet\/#breadcrumb\",\"itemListElement\":[{\"@type\":\"ListItem\",\"position\":1,\"name\":\"Domovsk\u00e1 str\u00e1nka\",\"item\":\"https:\/\/herbaday.sk\/\"},{\"@type\":\"ListItem\",\"position\":2,\"name\":\"Shop\",\"item\":\"https:\/\/herbaday.sk\/index.php\/shop\/\"},{\"@type\":\"ListItem\",\"position\":3,\"name\":\"Vl\u00e1knina a bylinky 180 tabliet\"}]},{\"@type\":\"WebSite\",\"@id\":\"https:\/\/herbaday.sk\/#website\",\"url\":\"https:\/\/herbaday.sk\/\",\"name\":\"Herbaday\",\"description\":\"Nez\u00e1visl\u00fd \u010dlen Herbalife Nutrition\",\"publisher\":{\"@id\":\"https:\/\/herbaday.sk\/#organization\"},\"potentialAction\":[{\"@type\":\"SearchAction\",\"target\":{\"@type\":\"EntryPoint\",\"urlTemplate\":\"https:\/\/herbaday.sk\/?s={search_term_string}\"},\"query-input\":{\"@type\":\"PropertyValueSpecification\",\"valueRequired\":true,\"valueName\":\"search_term_string\"}}],\"inLanguage\":\"sk-SK\"},{\"@type\":\"Organization\",\"@id\":\"https:\/\/herbaday.sk\/#organization\",\"name\":\"Herbaday\",\"url\":\"https:\/\/herbaday.sk\/\",\"logo\":{\"@type\":\"ImageObject\",\"inLanguage\":\"sk-SK\",\"@id\":\"https:\/\/herbaday.sk\/#\/schema\/logo\/image\/\",\"url\":\"http:\/\/herbaday.sk\/wp-content\/uploads\/2020\/11\/herbaday_logo.png\",\"contentUrl\":\"http:\/\/herbaday.sk\/wp-content\/uploads\/2020\/11\/herbaday_logo.png\",\"width\":2214,\"height\":545,\"caption\":\"Herbaday\"},\"image\":{\"@id\":\"https:\/\/herbaday.sk\/#\/schema\/logo\/image\/\"}}]}<\/script>\n<!-- \/ Yoast SEO plugin. -->","yoast_head_json":{"title":"Vl\u00e1knina a bylinky 180 tabliet - Herbaday","robots":{"index":"index","follow":"follow","max-snippet":"max-snippet:-1","max-image-preview":"max-image-preview:large","max-video-preview":"max-video-preview:-1"},"canonical":"https:\/\/herbaday.sk\/index.php\/product\/vlaknina-a-bylinky-180-tabliet\/","og_locale":"sk_SK","og_type":"article","og_title":"Vl\u00e1knina a bylinky 180 tabliet - Herbaday","og_description":"Vl\u00e1knina &amp; bylinky obsahuj\u00fa ovsen\u00fa vl\u00e1kninu a v\u00fd\u0165a\u017eky z petr\u017elenu, pomaran\u010dov\u00fd kvet, kvet ibi\u0161teka a feniklov\u00e9 semienka. Vl\u00e1kninov\u00fd doplnok Vl\u00e1kninov\u00fd doplnok na dosiahnutie odpor\u00fa\u010dan\u00e9ho mno\u017estva vl\u00e1kniny 25g denne. Ide\u00e1lny na konzum\u00e1ciu v kombin\u00e1cii s kokteilmi Herbalife Formula 1 a Multivitam\u00ednov\u00fdm komplexom Formula 2 ako s\u00fa\u010das\u0165 programu na regul\u00e1ciu hmotnosti. AKO V\u00c1M M\u00d4\u017dE PROSPIE\u0164? Konzum\u00e1cia vyv\u00e1\u017eenej [...]","og_url":"https:\/\/herbaday.sk\/index.php\/product\/vlaknina-a-bylinky-180-tabliet\/","og_site_name":"Herbaday","article_modified_time":"2023-08-31T11:25:05+00:00","og_image":[{"width":800,"height":800,"url":"https:\/\/i0.wp.com\/herbaday.sk\/wp-content\/uploads\/2020\/11\/3114_SK_CZ_FibreHerb_Square_400px.png?fit=800%2C800&ssl=1","type":"image\/png"}],"twitter_card":"summary_large_image","twitter_misc":{"Predpokladan\u00fd \u010das \u010d\u00edtania":"1 min\u00fata"},"schema":{"@context":"https:\/\/schema.org","@graph":[{"@type":"WebPage","@id":"https:\/\/herbaday.sk\/index.php\/product\/vlaknina-a-bylinky-180-tabliet\/","url":"https:\/\/herbaday.sk\/index.php\/product\/vlaknina-a-bylinky-180-tabliet\/","name":"Vl\u00e1knina a bylinky 180 tabliet - Herbaday","isPartOf":{"@id":"https:\/\/herbaday.sk\/#website"},"primaryImageOfPage":{"@id":"https:\/\/herbaday.sk\/index.php\/product\/vlaknina-a-bylinky-180-tabliet\/#primaryimage"},"image":{"@id":"https:\/\/herbaday.sk\/index.php\/product\/vlaknina-a-bylinky-180-tabliet\/#primaryimage"},"thumbnailUrl":"https:\/\/i0.wp.com\/herbaday.sk\/wp-content\/uploads\/2020\/11\/3114_SK_CZ_FibreHerb_Square_400px.png?fit=800%2C800&ssl=1","datePublished":"2020-11-13T13:11:18+00:00","dateModified":"2023-08-31T11:25:05+00:00","breadcrumb":{"@id":"https:\/\/herbaday.sk\/index.php\/product\/vlaknina-a-bylinky-180-tabliet\/#breadcrumb"},"inLanguage":"sk-SK","potentialAction":[{"@type":"ReadAction","target":["https:\/\/herbaday.sk\/index.php\/product\/vlaknina-a-bylinky-180-tabliet\/"]}]},{"@type":"ImageObject","inLanguage":"sk-SK","@id":"https:\/\/herbaday.sk\/index.php\/product\/vlaknina-a-bylinky-180-tabliet\/#primaryimage","url":"https:\/\/i0.wp.com\/herbaday.sk\/wp-content\/uploads\/2020\/11\/3114_SK_CZ_FibreHerb_Square_400px.png?fit=800%2C800&ssl=1","contentUrl":"https:\/\/i0.wp.com\/herbaday.sk\/wp-content\/uploads\/2020\/11\/3114_SK_CZ_FibreHerb_Square_400px.png?fit=800%2C800&ssl=1","width":800,"height":800},{"@type":"BreadcrumbList","@id":"https:\/\/herbaday.sk\/index.php\/product\/vlaknina-a-bylinky-180-tabliet\/#breadcrumb","itemListElement":[{"@type":"ListItem","position":1,"name":"Domovsk\u00e1 str\u00e1nka","item":"https:\/\/herbaday.sk\/"},{"@type":"ListItem","position":2,"name":"Shop","item":"https:\/\/herbaday.sk\/index.php\/shop\/"},{"@type":"ListItem","position":3,"name":"Vl\u00e1knina a bylinky 180 tabliet"}]},{"@type":"WebSite","@id":"https:\/\/herbaday.sk\/#website","url":"https:\/\/herbaday.sk\/","name":"Herbaday","description":"Nez\u00e1visl\u00fd \u010dlen Herbalife Nutrition","publisher":{"@id":"https:\/\/herbaday.sk\/#organization"},"potentialAction":[{"@type":"SearchAction","target":{"@type":"EntryPoint","urlTemplate":"https:\/\/herbaday.sk\/?s={search_term_string}"},"query-input":{"@type":"PropertyValueSpecification","valueRequired":true,"valueName":"search_term_string"}}],"inLanguage":"sk-SK"},{"@type":"Organization","@id":"https:\/\/herbaday.sk\/#organization","name":"Herbaday","url":"https:\/\/herbaday.sk\/","logo":{"@type":"ImageObject","inLanguage":"sk-SK","@id":"https:\/\/herbaday.sk\/#\/schema\/logo\/image\/","url":"http:\/\/herbaday.sk\/wp-content\/uploads\/2020\/11\/herbaday_logo.png","contentUrl":"http:\/\/herbaday.sk\/wp-content\/uploads\/2020\/11\/herbaday_logo.png","width":2214,"height":545,"caption":"Herbaday"},"image":{"@id":"https:\/\/herbaday.sk\/#\/schema\/logo\/image\/"}}]}},"jetpack_sharing_enabled":true,"_links":{"self":[{"href":"https:\/\/herbaday.sk\/index.php\/wp-json\/wp\/v2\/product\/135","targetHints":{"allow":["GET"]}}],"collection":[{"href":"https:\/\/herbaday.sk\/index.php\/wp-json\/wp\/v2\/product"}],"about":[{"href":"https:\/\/herbaday.sk\/index.php\/wp-json\/wp\/v2\/types\/product"}],"replies":[{"embeddable":true,"href":"https:\/\/herbaday.sk\/index.php\/wp-json\/wp\/v2\/comments?post=135"}],"wp:featuredmedia":[{"embeddable":true,"href":"https:\/\/herbaday.sk\/index.php\/wp-json\/wp\/v2\/media\/136"}],"wp:attachment":[{"href":"https:\/\/herbaday.sk\/index.php\/wp-json\/wp\/v2\/media?parent=135"}],"wp:term":[{"taxonomy":"product_brand","embeddable":true,"href":"https:\/\/herbaday.sk\/index.php\/wp-json\/wp\/v2\/product_brand?post=135"},{"taxonomy":"product_cat","embeddable":true,"href":"https:\/\/herbaday.sk\/index.php\/wp-json\/wp\/v2\/product_cat?post=135"},{"taxonomy":"product_tag","embeddable":true,"href":"https:\/\/herbaday.sk\/index.php\/wp-json\/wp\/v2\/product_tag?post=135"}],"curies":[{"name":"wp","href":"https:\/\/api.w.org\/{rel}","templated":true}]}}