{"id":139,"date":"2020-11-13T13:13:32","date_gmt":"2020-11-13T13:13:32","guid":{"rendered":"https:\/\/herbaday.eu\/?post_type=product&#038;p=139"},"modified":"2025-01-06T19:52:27","modified_gmt":"2025-01-06T19:52:27","slug":"formula-2-komplex-vitaminov-a-mineralov-pre-zeny-60-tabliet","status":"publish","type":"product","link":"https:\/\/herbaday.sk\/index.php\/product\/formula-2-komplex-vitaminov-a-mineralov-pre-zeny-60-tabliet\/","title":{"rendered":"Formula 2 Komplex vitam\u00ednov a miner\u00e1lov pre \u017eeny 60 tabliet"},"content":{"rendered":"<div class=\"info-content\">\n<article>Objavte Formula 2 Komplex vitam\u00ednov a miner\u00e1lov pre \u017eeny, jednoduch\u00fd sp\u00f4sob, ako si zabezpe\u010di\u0165 24 \u017eiv\u00edn, ktor\u00e9 va\u0161e telo potrebuje. Obsahuje esenci\u00e1lne vitam\u00edny a miner\u00e1ly v t\u00fdch spr\u00e1vnych mno\u017estv\u00e1ch na v\u00fd\u017eivu a starostlivos\u0165 o \u0161pecifick\u00e9 zdravotn\u00e9 potreby \u017eien.<\/p>\n<h5 data-bind=\"visible: KeyBenefits\">K\u013e\u00fa\u010dov\u00e9 V\u00fdhody<\/h5>\n<div class=\"disc\" data-bind=\"visible: KeyBenefits, html: KeyBenefits\">\n<p><strong>Hlavn\u00e9 pr\u00ednosy<\/strong><\/p>\n<ol>\n<li>Je prisp\u00f4soben\u00fd individu\u00e1lnym zdravotn\u00fdm potreb\u00e1m \u017eien.<\/li>\n<li>Poskytuje optim\u00e1lne mno\u017estvo 24 k\u013e\u00fa\u010dov\u00fdch \u017eiv\u00edn, ktor\u00e9 va\u0161e telo potrebuje.<\/li>\n<li>Prin\u00e1\u0161a 71 individu\u00e1lnych tvrden\u00ed schv\u00e1len\u00fdch pre EU.<\/li>\n<li>Vyvinut\u00fd odborn\u00edkmi z oblasti v\u00fd\u017eivy a podporen\u00fd overen\u00fdm vedeck\u00fdm v\u00fdskumom.<\/li>\n<li>Bol zostaven\u00fd tak, aby fungoval v spojen\u00ed s va\u0161im ob\u013e\u00faben\u00fdm koktailom Formula 1.<\/li>\n<li>Obsahuje vitam\u00edn B6, ktor\u00fd prispieva k regul\u00e1cii hormon\u00e1lnej aktivity.<\/li>\n<li>Obsahuje vitam\u00edn B12, ktor\u00fd prispieva k norm\u00e1lnemu energetick\u00e9mu metabolizmu.<\/li>\n<li>Obsahuje v\u00e1pnik, ktor\u00fd je potrebn\u00fd na udr\u017eanie norm\u00e1lnych kost\u00ed.<\/li>\n<li>Obsahuje zinok, ktor\u00fd prispieva k udr\u017eiavaniu zdravia poko\u017eky, vlasov a nechtov.<\/li>\n<\/ol>\n<\/div>\n<h5 data-bind=\"visible: FastFacts\">R\u00fdchle Fakty<\/h5>\n<div class=\"disc\" data-bind=\"visible: FastFacts, html: FastFacts\">\n<p><strong>Stru\u010dn\u00e9 fakty<\/strong><\/p>\n<p><strong>Pre\u010do je d\u00f4le\u017eit\u00e9 pravidelne u\u017e\u00edva\u0165 multivitam\u00ednov\u00fd doplnok stravy?<\/strong><\/p>\n<p>Mikro\u017eiviny zohr\u00e1vaj\u00fa d\u00f4le\u017eit\u00fa \u00falohu pri regul\u00e1cii procesov v na\u0161om tele, ktor\u00e9 m\u00f4\u017eu z\u00e1sadne ovplyvni\u0165 na\u0161e zdravie a pohodu. Ke\u010f\u017ee mnoh\u00ed \u013eudia nedodr\u017eiavaj\u00fa odpor\u00fa\u010dania na konzum\u00e1ciu mikro\u017eiv\u00edn, po\u017eiadavky na mikro\u017eiviny spln\u00ed denn\u00fd multivitam\u00ednov\u00fd doplnok*. [Zdroj: Troesch a kol., 2012].<\/p>\n<p><strong>Pre\u010do je d\u00f4le\u017eit\u00e9 u\u017e\u00edva\u0165 vitam\u00edny ur\u010den\u00e9 pre konkr\u00e9tne pohlavie?<\/strong><\/p>\n<p>Mu\u017ei a \u017eeny potrebuj\u00fa v\u010faka rozdielom v svojej telesnej ve\u013ekosti, metabolizme a fyziol\u00f3gii r\u00f4zne hladiny vitam\u00ednov a miner\u00e1lov, ktor\u00e9 im zabezpe\u010dia optim\u00e1lnu v\u00fd\u017eivu. Napr\u00edklad v\u00e1pnik: v niektor\u00fdch \u0161t\u00e1toch Eur\u00f3py a\u017e 60 % \u017eien nedost\u00e1va dostatok v\u00e1pnika, \u010do m\u00f4\u017ee prispie\u0165 k zr\u00fdchlen\u00e9mu \u00fabytku kostnej hmoty u dospel\u00fdch. [Zdroje: EFSA, 2009; Mensink et al., 2013]\n<p><em>* Ako doplnok zdravej a vyv\u00e1\u017eenej stravy a akt\u00edvneho \u017eivotn\u00e9ho \u0161t\u00fdlu.<\/em><\/p>\n<\/div>\n<\/article>\n<\/div>\n","protected":false},"excerpt":{"rendered":"<p>Objavte Formula 2 Komplex vitam\u00ednov a miner\u00e1lov pre \u017eeny, jednoduch\u00fd sp\u00f4sob, ako si zabezpe\u010di\u0165 24 \u017eiv\u00edn, ktor\u00e9 va\u0161e telo potrebuje. Obsahuje esenci\u00e1lne vitam\u00edny a miner\u00e1ly v t\u00fdch spr\u00e1vnych mno\u017estv\u00e1ch na v\u00fd\u017eivu a starostlivos\u0165 o \u0161pecifick\u00e9 zdravotn\u00e9 potreby \u017eien. K\u013e\u00fa\u010dov\u00e9 V\u00fdhody Hlavn\u00e9 pr\u00ednosy Je prisp\u00f4soben\u00fd individu\u00e1lnym zdravotn\u00fdm potreb\u00e1m \u017eien. Poskytuje optim\u00e1lne mno\u017estvo 24 k\u013e\u00fa\u010dov\u00fdch \u017eiv\u00edn, ktor\u00e9 [&#8230;]\n","protected":false},"featured_media":1085,"comment_status":"open","ping_status":"closed","template":"","meta":[],"product_brand":[],"product_cat":[29],"product_tag":[],"class_list":{"0":"post-139","1":"product","2":"type-product","3":"status-publish","4":"has-post-thumbnail","6":"product_cat-formula-2-komplex-vitaminov-a-mineralov","8":"first","9":"instock","10":"taxable","11":"shipping-taxable","12":"purchasable","13":"product-type-simple"},"yoast_head":"<!-- This site is optimized with the Yoast SEO plugin v24.3 - https:\/\/yoast.com\/wordpress\/plugins\/seo\/ -->\n<title>Formula 2 Komplex vitam\u00ednov a miner\u00e1lov pre \u017eeny 60 tabliet - Herbaday<\/title>\n<meta name=\"description\" content=\"Formula 2 Komplex vitam\u00ednov a miner\u00e1lov pre \u017eeny, jednoduch\u00fd sp\u00f4sob, ako si zabezpe\u010di\u0165 24 \u017eiv\u00edn, ktor\u00e9 va\u0161e telo potrebuje.\" \/>\n<meta name=\"robots\" content=\"index, follow, max-snippet:-1, max-image-preview:large, max-video-preview:-1\" \/>\n<link rel=\"canonical\" href=\"https:\/\/herbaday.sk\/index.php\/product\/formula-2-komplex-vitaminov-a-mineralov-pre-zeny-60-tabliet\/\" \/>\n<meta property=\"og:locale\" content=\"sk_SK\" \/>\n<meta property=\"og:type\" content=\"article\" \/>\n<meta property=\"og:title\" content=\"Formula 2 Komplex vitam\u00ednov a miner\u00e1lov pre \u017eeny 60 tabliet - Herbaday\" \/>\n<meta property=\"og:description\" content=\"Formula 2 Komplex vitam\u00ednov a miner\u00e1lov pre \u017eeny, jednoduch\u00fd sp\u00f4sob, ako si zabezpe\u010di\u0165 24 \u017eiv\u00edn, ktor\u00e9 va\u0161e telo potrebuje.\" \/>\n<meta property=\"og:url\" content=\"https:\/\/herbaday.sk\/index.php\/product\/formula-2-komplex-vitaminov-a-mineralov-pre-zeny-60-tabliet\/\" \/>\n<meta property=\"og:site_name\" content=\"Herbaday\" \/>\n<meta property=\"article:modified_time\" content=\"2025-01-06T19:52:27+00:00\" \/>\n<meta property=\"og:image\" content=\"https:\/\/i0.wp.com\/herbaday.sk\/wp-content\/uploads\/2020\/11\/1819-sk-formula-2-vitamin-mineral-complex-women-60-tablets.jpg?fit=1300%2C1300&ssl=1\" \/>\n\t<meta property=\"og:image:width\" content=\"1300\" \/>\n\t<meta property=\"og:image:height\" content=\"1300\" \/>\n\t<meta property=\"og:image:type\" content=\"image\/jpeg\" \/>\n<meta name=\"twitter:card\" content=\"summary_large_image\" \/>\n<meta name=\"twitter:label1\" content=\"Predpokladan\u00fd \u010das \u010d\u00edtania\" \/>\n\t<meta name=\"twitter:data1\" content=\"2 min\u00faty\" \/>\n<script type=\"application\/ld+json\" class=\"yoast-schema-graph\">{\"@context\":\"https:\/\/schema.org\",\"@graph\":[{\"@type\":\"WebPage\",\"@id\":\"https:\/\/herbaday.sk\/index.php\/product\/formula-2-komplex-vitaminov-a-mineralov-pre-zeny-60-tabliet\/\",\"url\":\"https:\/\/herbaday.sk\/index.php\/product\/formula-2-komplex-vitaminov-a-mineralov-pre-zeny-60-tabliet\/\",\"name\":\"Formula 2 Komplex vitam\u00ednov a miner\u00e1lov pre \u017eeny 60 tabliet - Herbaday\",\"isPartOf\":{\"@id\":\"https:\/\/herbaday.sk\/#website\"},\"primaryImageOfPage\":{\"@id\":\"https:\/\/herbaday.sk\/index.php\/product\/formula-2-komplex-vitaminov-a-mineralov-pre-zeny-60-tabliet\/#primaryimage\"},\"image\":{\"@id\":\"https:\/\/herbaday.sk\/index.php\/product\/formula-2-komplex-vitaminov-a-mineralov-pre-zeny-60-tabliet\/#primaryimage\"},\"thumbnailUrl\":\"https:\/\/i0.wp.com\/herbaday.sk\/wp-content\/uploads\/2020\/11\/1819-sk-formula-2-vitamin-mineral-complex-women-60-tablets.jpg?fit=1300%2C1300&ssl=1\",\"datePublished\":\"2020-11-13T13:13:32+00:00\",\"dateModified\":\"2025-01-06T19:52:27+00:00\",\"description\":\"Formula 2 Komplex vitam\u00ednov a miner\u00e1lov pre \u017eeny, jednoduch\u00fd sp\u00f4sob, ako si zabezpe\u010di\u0165 24 \u017eiv\u00edn, ktor\u00e9 va\u0161e telo potrebuje.\",\"breadcrumb\":{\"@id\":\"https:\/\/herbaday.sk\/index.php\/product\/formula-2-komplex-vitaminov-a-mineralov-pre-zeny-60-tabliet\/#breadcrumb\"},\"inLanguage\":\"sk-SK\",\"potentialAction\":[{\"@type\":\"ReadAction\",\"target\":[\"https:\/\/herbaday.sk\/index.php\/product\/formula-2-komplex-vitaminov-a-mineralov-pre-zeny-60-tabliet\/\"]}]},{\"@type\":\"ImageObject\",\"inLanguage\":\"sk-SK\",\"@id\":\"https:\/\/herbaday.sk\/index.php\/product\/formula-2-komplex-vitaminov-a-mineralov-pre-zeny-60-tabliet\/#primaryimage\",\"url\":\"https:\/\/i0.wp.com\/herbaday.sk\/wp-content\/uploads\/2020\/11\/1819-sk-formula-2-vitamin-mineral-complex-women-60-tablets.jpg?fit=1300%2C1300&ssl=1\",\"contentUrl\":\"https:\/\/i0.wp.com\/herbaday.sk\/wp-content\/uploads\/2020\/11\/1819-sk-formula-2-vitamin-mineral-complex-women-60-tablets.jpg?fit=1300%2C1300&ssl=1\",\"width\":1300,\"height\":1300,\"caption\":\"Formula 2 Vitam\u00ednov\u00fd a miner\u00e1lny komplex pre \u017eeny V\u00fd\u017eivov\u00fd doplnok.\"},{\"@type\":\"BreadcrumbList\",\"@id\":\"https:\/\/herbaday.sk\/index.php\/product\/formula-2-komplex-vitaminov-a-mineralov-pre-zeny-60-tabliet\/#breadcrumb\",\"itemListElement\":[{\"@type\":\"ListItem\",\"position\":1,\"name\":\"Domovsk\u00e1 str\u00e1nka\",\"item\":\"https:\/\/herbaday.sk\/\"},{\"@type\":\"ListItem\",\"position\":2,\"name\":\"Shop\",\"item\":\"https:\/\/herbaday.sk\/index.php\/shop\/\"},{\"@type\":\"ListItem\",\"position\":3,\"name\":\"Formula 2 Komplex vitam\u00ednov a miner\u00e1lov pre \u017eeny 60 tabliet\"}]},{\"@type\":\"WebSite\",\"@id\":\"https:\/\/herbaday.sk\/#website\",\"url\":\"https:\/\/herbaday.sk\/\",\"name\":\"Herbaday\",\"description\":\"Nez\u00e1visl\u00fd \u010dlen Herbalife Nutrition\",\"publisher\":{\"@id\":\"https:\/\/herbaday.sk\/#organization\"},\"potentialAction\":[{\"@type\":\"SearchAction\",\"target\":{\"@type\":\"EntryPoint\",\"urlTemplate\":\"https:\/\/herbaday.sk\/?s={search_term_string}\"},\"query-input\":{\"@type\":\"PropertyValueSpecification\",\"valueRequired\":true,\"valueName\":\"search_term_string\"}}],\"inLanguage\":\"sk-SK\"},{\"@type\":\"Organization\",\"@id\":\"https:\/\/herbaday.sk\/#organization\",\"name\":\"Herbaday\",\"url\":\"https:\/\/herbaday.sk\/\",\"logo\":{\"@type\":\"ImageObject\",\"inLanguage\":\"sk-SK\",\"@id\":\"https:\/\/herbaday.sk\/#\/schema\/logo\/image\/\",\"url\":\"http:\/\/herbaday.sk\/wp-content\/uploads\/2020\/11\/herbaday_logo.png\",\"contentUrl\":\"http:\/\/herbaday.sk\/wp-content\/uploads\/2020\/11\/herbaday_logo.png\",\"width\":2214,\"height\":545,\"caption\":\"Herbaday\"},\"image\":{\"@id\":\"https:\/\/herbaday.sk\/#\/schema\/logo\/image\/\"}}]}<\/script>\n<!-- \/ Yoast SEO plugin. -->","yoast_head_json":{"title":"Formula 2 Komplex vitam\u00ednov a miner\u00e1lov pre \u017eeny 60 tabliet - Herbaday","description":"Formula 2 Komplex vitam\u00ednov a miner\u00e1lov pre \u017eeny, jednoduch\u00fd sp\u00f4sob, ako si zabezpe\u010di\u0165 24 \u017eiv\u00edn, ktor\u00e9 va\u0161e telo potrebuje.","robots":{"index":"index","follow":"follow","max-snippet":"max-snippet:-1","max-image-preview":"max-image-preview:large","max-video-preview":"max-video-preview:-1"},"canonical":"https:\/\/herbaday.sk\/index.php\/product\/formula-2-komplex-vitaminov-a-mineralov-pre-zeny-60-tabliet\/","og_locale":"sk_SK","og_type":"article","og_title":"Formula 2 Komplex vitam\u00ednov a miner\u00e1lov pre \u017eeny 60 tabliet - Herbaday","og_description":"Formula 2 Komplex vitam\u00ednov a miner\u00e1lov pre \u017eeny, jednoduch\u00fd sp\u00f4sob, ako si zabezpe\u010di\u0165 24 \u017eiv\u00edn, ktor\u00e9 va\u0161e telo potrebuje.","og_url":"https:\/\/herbaday.sk\/index.php\/product\/formula-2-komplex-vitaminov-a-mineralov-pre-zeny-60-tabliet\/","og_site_name":"Herbaday","article_modified_time":"2025-01-06T19:52:27+00:00","og_image":[{"width":1300,"height":1300,"url":"https:\/\/i0.wp.com\/herbaday.sk\/wp-content\/uploads\/2020\/11\/1819-sk-formula-2-vitamin-mineral-complex-women-60-tablets.jpg?fit=1300%2C1300&ssl=1","type":"image\/jpeg"}],"twitter_card":"summary_large_image","twitter_misc":{"Predpokladan\u00fd \u010das \u010d\u00edtania":"2 min\u00faty"},"schema":{"@context":"https:\/\/schema.org","@graph":[{"@type":"WebPage","@id":"https:\/\/herbaday.sk\/index.php\/product\/formula-2-komplex-vitaminov-a-mineralov-pre-zeny-60-tabliet\/","url":"https:\/\/herbaday.sk\/index.php\/product\/formula-2-komplex-vitaminov-a-mineralov-pre-zeny-60-tabliet\/","name":"Formula 2 Komplex vitam\u00ednov a miner\u00e1lov pre \u017eeny 60 tabliet - Herbaday","isPartOf":{"@id":"https:\/\/herbaday.sk\/#website"},"primaryImageOfPage":{"@id":"https:\/\/herbaday.sk\/index.php\/product\/formula-2-komplex-vitaminov-a-mineralov-pre-zeny-60-tabliet\/#primaryimage"},"image":{"@id":"https:\/\/herbaday.sk\/index.php\/product\/formula-2-komplex-vitaminov-a-mineralov-pre-zeny-60-tabliet\/#primaryimage"},"thumbnailUrl":"https:\/\/i0.wp.com\/herbaday.sk\/wp-content\/uploads\/2020\/11\/1819-sk-formula-2-vitamin-mineral-complex-women-60-tablets.jpg?fit=1300%2C1300&ssl=1","datePublished":"2020-11-13T13:13:32+00:00","dateModified":"2025-01-06T19:52:27+00:00","description":"Formula 2 Komplex vitam\u00ednov a miner\u00e1lov pre \u017eeny, jednoduch\u00fd sp\u00f4sob, ako si zabezpe\u010di\u0165 24 \u017eiv\u00edn, ktor\u00e9 va\u0161e telo potrebuje.","breadcrumb":{"@id":"https:\/\/herbaday.sk\/index.php\/product\/formula-2-komplex-vitaminov-a-mineralov-pre-zeny-60-tabliet\/#breadcrumb"},"inLanguage":"sk-SK","potentialAction":[{"@type":"ReadAction","target":["https:\/\/herbaday.sk\/index.php\/product\/formula-2-komplex-vitaminov-a-mineralov-pre-zeny-60-tabliet\/"]}]},{"@type":"ImageObject","inLanguage":"sk-SK","@id":"https:\/\/herbaday.sk\/index.php\/product\/formula-2-komplex-vitaminov-a-mineralov-pre-zeny-60-tabliet\/#primaryimage","url":"https:\/\/i0.wp.com\/herbaday.sk\/wp-content\/uploads\/2020\/11\/1819-sk-formula-2-vitamin-mineral-complex-women-60-tablets.jpg?fit=1300%2C1300&ssl=1","contentUrl":"https:\/\/i0.wp.com\/herbaday.sk\/wp-content\/uploads\/2020\/11\/1819-sk-formula-2-vitamin-mineral-complex-women-60-tablets.jpg?fit=1300%2C1300&ssl=1","width":1300,"height":1300,"caption":"Formula 2 Vitam\u00ednov\u00fd a miner\u00e1lny komplex pre \u017eeny V\u00fd\u017eivov\u00fd doplnok."},{"@type":"BreadcrumbList","@id":"https:\/\/herbaday.sk\/index.php\/product\/formula-2-komplex-vitaminov-a-mineralov-pre-zeny-60-tabliet\/#breadcrumb","itemListElement":[{"@type":"ListItem","position":1,"name":"Domovsk\u00e1 str\u00e1nka","item":"https:\/\/herbaday.sk\/"},{"@type":"ListItem","position":2,"name":"Shop","item":"https:\/\/herbaday.sk\/index.php\/shop\/"},{"@type":"ListItem","position":3,"name":"Formula 2 Komplex vitam\u00ednov a miner\u00e1lov pre \u017eeny 60 tabliet"}]},{"@type":"WebSite","@id":"https:\/\/herbaday.sk\/#website","url":"https:\/\/herbaday.sk\/","name":"Herbaday","description":"Nez\u00e1visl\u00fd \u010dlen Herbalife Nutrition","publisher":{"@id":"https:\/\/herbaday.sk\/#organization"},"potentialAction":[{"@type":"SearchAction","target":{"@type":"EntryPoint","urlTemplate":"https:\/\/herbaday.sk\/?s={search_term_string}"},"query-input":{"@type":"PropertyValueSpecification","valueRequired":true,"valueName":"search_term_string"}}],"inLanguage":"sk-SK"},{"@type":"Organization","@id":"https:\/\/herbaday.sk\/#organization","name":"Herbaday","url":"https:\/\/herbaday.sk\/","logo":{"@type":"ImageObject","inLanguage":"sk-SK","@id":"https:\/\/herbaday.sk\/#\/schema\/logo\/image\/","url":"http:\/\/herbaday.sk\/wp-content\/uploads\/2020\/11\/herbaday_logo.png","contentUrl":"http:\/\/herbaday.sk\/wp-content\/uploads\/2020\/11\/herbaday_logo.png","width":2214,"height":545,"caption":"Herbaday"},"image":{"@id":"https:\/\/herbaday.sk\/#\/schema\/logo\/image\/"}}]}},"jetpack_sharing_enabled":true,"_links":{"self":[{"href":"https:\/\/herbaday.sk\/index.php\/wp-json\/wp\/v2\/product\/139","targetHints":{"allow":["GET"]}}],"collection":[{"href":"https:\/\/herbaday.sk\/index.php\/wp-json\/wp\/v2\/product"}],"about":[{"href":"https:\/\/herbaday.sk\/index.php\/wp-json\/wp\/v2\/types\/product"}],"replies":[{"embeddable":true,"href":"https:\/\/herbaday.sk\/index.php\/wp-json\/wp\/v2\/comments?post=139"}],"wp:featuredmedia":[{"embeddable":true,"href":"https:\/\/herbaday.sk\/index.php\/wp-json\/wp\/v2\/media\/1085"}],"wp:attachment":[{"href":"https:\/\/herbaday.sk\/index.php\/wp-json\/wp\/v2\/media?parent=139"}],"wp:term":[{"taxonomy":"product_brand","embeddable":true,"href":"https:\/\/herbaday.sk\/index.php\/wp-json\/wp\/v2\/product_brand?post=139"},{"taxonomy":"product_cat","embeddable":true,"href":"https:\/\/herbaday.sk\/index.php\/wp-json\/wp\/v2\/product_cat?post=139"},{"taxonomy":"product_tag","embeddable":true,"href":"https:\/\/herbaday.sk\/index.php\/wp-json\/wp\/v2\/product_tag?post=139"}],"curies":[{"name":"wp","href":"https:\/\/api.w.org\/{rel}","templated":true}]}}