{"id":169,"date":"2020-11-13T13:52:05","date_gmt":"2020-11-13T13:52:05","guid":{"rendered":"https:\/\/herbaday.eu\/?post_type=product&#038;p=169"},"modified":"2023-08-31T11:25:05","modified_gmt":"2023-08-31T11:25:05","slug":"vyzivny-nocny-krem","status":"publish","type":"product","link":"https:\/\/herbaday.sk\/index.php\/product\/vyzivny-nocny-krem\/","title":{"rendered":"V\u00fd\u017eivn\u00fd no\u010dn\u00fd kr\u00e9m"},"content":{"rendered":"<h3 id=\"info-toggle\">N\u00e1h\u013ead na Produkt<\/h3>\n<div class=\"info-content\">\n<article>Tento hust\u00fd, luxusn\u00fd kr\u00e9m napom\u00e1ha po\u010das noci dod\u00e1va\u0165 pleti ve\u013emi potrebn\u00fa hydrat\u00e1ciu. Dlhodob\u00e1 hydrat\u00e1cia k tomu, \u017ee va\u0161a ple\u0165 je po prebuden\u00ed jemnej\u0161ia a hlad\u0161ia.<\/p>\n<h5 data-bind=\"visible: KeyBenefits\">K\u013e\u00fa\u010dov\u00e9 V\u00fdhody<\/h5>\n<div class=\"disc\" data-bind=\"visible: KeyBenefits, html: KeyBenefits\">Napom\u00e1ha zn\u00ed\u017ei\u0165 v\u00fdskyt vr\u00e1sok u\u017e za 7 dn\u00ed.*<br \/>\nKlinick\u00e9 testy preuk\u00e1zal, \u017ee ple\u0165 u\u017e po siedmich d\u0148och vyzer\u00e1 hlad\u0161ie a pocitovo jemnej\u0161ie.<br \/>\nPoskytuje v\u00fdrazn\u00e9 zlep\u0161enie celkovej pleti a svetlosti u\u017e za 7 dn\u00ed.<br \/>\nKlinicky dok\u00e1zan\u00e1 dvojit\u00e1 hydrat\u00e1cia pleti behom \u00f4smich hod\u00edn.***<br \/>\nVhodn\u00e9 pre v\u0161etky typy pleti.<br \/>\nBez pridan\u00fdch parab\u00e9nov. Dermatologicky testovan\u00e9.<br \/>\nJedine\u010dn\u00e1 recept\u00fara obsahuj\u00faca:<br \/>\nVitam\u00edn B3, antioxida\u010dn\u00e9 vitam\u00edny C a E a Aloe Vera, slne\u010dnicov\u00fd olej, makadamov\u00fd olej, olivovo ovocn\u00fd olej, olej zo sezamov\u00e9ho semienka, extrakt z kvetu Spilanthes Acmella.<\/div>\n<h5 data-bind=\"visible: FastFacts\">R\u00fdchle Fakty<\/h5>\n<div class=\"disc\" data-bind=\"visible: FastFacts, html: FastFacts\">*Klinicky testovan\u00e9 na subjektoch pomocou Visio skeneru a sp\u00e4tn\u00e9ho foto in\u017einierstva na zistenie drsnosti pleti, v intervaloch nula, sedem a 42 dn\u00ed. **Testovan\u00e9 na subjektoch na zistenie hladkosti, m\u00e4kkosti, \u017eiarivosti, jasnom vzh\u013eade a svetlosti meran\u00edm vizu\u00e1lnym odborn\u00edkom pre klasifik\u00e1ciu v intervaloch dvoch, \u0161tyroch a siedmich dn\u00ed. ***Testovan\u00e9 na subjektoch, pri ktor\u00fdch sa merali \u00farovne hydrat\u00e1cie pleti v osem hodinov\u00fdch intervaloch. V porovnan\u00ed s p\u00f4vodn\u00fdm stavom vykazovala ple\u0165 po \u00f4smich hodin\u00e1ch u 100% subjektov v\u00fdrazne vy\u0161\u0161iu hydrat\u00e1ciu.<\/div>\n<p class=\"note\" data-bind=\"visible: SpecialNotes, text: SpecialNotes\">Datum expir\u00e1cie 30.6.2016<\/p>\n<\/article>\n<\/div>\n","protected":false},"excerpt":{"rendered":"<p>N\u00e1h\u013ead na Produkt Tento hust\u00fd, luxusn\u00fd kr\u00e9m napom\u00e1ha po\u010das noci dod\u00e1va\u0165 pleti ve\u013emi potrebn\u00fa hydrat\u00e1ciu. Dlhodob\u00e1 hydrat\u00e1cia k tomu, \u017ee va\u0161a ple\u0165 je po prebuden\u00ed jemnej\u0161ia a hlad\u0161ia. K\u013e\u00fa\u010dov\u00e9 V\u00fdhody Napom\u00e1ha zn\u00ed\u017ei\u0165 v\u00fdskyt vr\u00e1sok u\u017e za 7 dn\u00ed.* Klinick\u00e9 testy preuk\u00e1zal, \u017ee ple\u0165 u\u017e po siedmich d\u0148och vyzer\u00e1 hlad\u0161ie a pocitovo jemnej\u0161ie. Poskytuje v\u00fdrazn\u00e9 zlep\u0161enie [&#8230;]\n","protected":false},"featured_media":170,"comment_status":"open","ping_status":"closed","template":"","meta":[],"product_brand":[],"product_cat":[32],"product_tag":[],"class_list":{"0":"post-169","1":"product","2":"type-product","3":"status-publish","4":"has-post-thumbnail","6":"product_cat-jednotlive-produkty-skin","8":"first","9":"instock","10":"taxable","11":"shipping-taxable","12":"purchasable","13":"product-type-simple"},"yoast_head":"<!-- This site is optimized with the Yoast SEO plugin v24.3 - https:\/\/yoast.com\/wordpress\/plugins\/seo\/ -->\n<title>V\u00fd\u017eivn\u00fd no\u010dn\u00fd kr\u00e9m - Herbaday<\/title>\n<meta name=\"robots\" content=\"index, follow, max-snippet:-1, max-image-preview:large, max-video-preview:-1\" \/>\n<link rel=\"canonical\" href=\"https:\/\/herbaday.sk\/index.php\/product\/vyzivny-nocny-krem\/\" \/>\n<meta property=\"og:locale\" content=\"sk_SK\" \/>\n<meta property=\"og:type\" content=\"article\" \/>\n<meta property=\"og:title\" content=\"V\u00fd\u017eivn\u00fd no\u010dn\u00fd kr\u00e9m - Herbaday\" \/>\n<meta property=\"og:description\" content=\"N\u00e1h\u013ead na Produkt Tento hust\u00fd, luxusn\u00fd kr\u00e9m napom\u00e1ha po\u010das noci dod\u00e1va\u0165 pleti ve\u013emi potrebn\u00fa hydrat\u00e1ciu. Dlhodob\u00e1 hydrat\u00e1cia k tomu, \u017ee va\u0161a ple\u0165 je po prebuden\u00ed jemnej\u0161ia a hlad\u0161ia. K\u013e\u00fa\u010dov\u00e9 V\u00fdhody Napom\u00e1ha zn\u00ed\u017ei\u0165 v\u00fdskyt vr\u00e1sok u\u017e za 7 dn\u00ed.* Klinick\u00e9 testy preuk\u00e1zal, \u017ee ple\u0165 u\u017e po siedmich d\u0148och vyzer\u00e1 hlad\u0161ie a pocitovo jemnej\u0161ie. Poskytuje v\u00fdrazn\u00e9 zlep\u0161enie [...]\" \/>\n<meta property=\"og:url\" content=\"https:\/\/herbaday.sk\/index.php\/product\/vyzivny-nocny-krem\/\" \/>\n<meta property=\"og:site_name\" content=\"Herbaday\" \/>\n<meta property=\"article:modified_time\" content=\"2023-08-31T11:25:05+00:00\" \/>\n<meta property=\"og:image\" content=\"https:\/\/i0.wp.com\/herbaday.sk\/wp-content\/uploads\/2020\/11\/0827_SKINReplenishingNightCreme_50ML.png?fit=800%2C800&ssl=1\" \/>\n\t<meta property=\"og:image:width\" content=\"800\" \/>\n\t<meta property=\"og:image:height\" content=\"800\" \/>\n\t<meta property=\"og:image:type\" content=\"image\/png\" \/>\n<meta name=\"twitter:card\" content=\"summary_large_image\" \/>\n<meta name=\"twitter:label1\" content=\"Predpokladan\u00fd \u010das \u010d\u00edtania\" \/>\n\t<meta name=\"twitter:data1\" content=\"1 min\u00fata\" \/>\n<script type=\"application\/ld+json\" class=\"yoast-schema-graph\">{\"@context\":\"https:\/\/schema.org\",\"@graph\":[{\"@type\":\"WebPage\",\"@id\":\"https:\/\/herbaday.sk\/index.php\/product\/vyzivny-nocny-krem\/\",\"url\":\"https:\/\/herbaday.sk\/index.php\/product\/vyzivny-nocny-krem\/\",\"name\":\"V\u00fd\u017eivn\u00fd no\u010dn\u00fd kr\u00e9m - Herbaday\",\"isPartOf\":{\"@id\":\"https:\/\/herbaday.sk\/#website\"},\"primaryImageOfPage\":{\"@id\":\"https:\/\/herbaday.sk\/index.php\/product\/vyzivny-nocny-krem\/#primaryimage\"},\"image\":{\"@id\":\"https:\/\/herbaday.sk\/index.php\/product\/vyzivny-nocny-krem\/#primaryimage\"},\"thumbnailUrl\":\"https:\/\/i0.wp.com\/herbaday.sk\/wp-content\/uploads\/2020\/11\/0827_SKINReplenishingNightCreme_50ML.png?fit=800%2C800&ssl=1\",\"datePublished\":\"2020-11-13T13:52:05+00:00\",\"dateModified\":\"2023-08-31T11:25:05+00:00\",\"breadcrumb\":{\"@id\":\"https:\/\/herbaday.sk\/index.php\/product\/vyzivny-nocny-krem\/#breadcrumb\"},\"inLanguage\":\"sk-SK\",\"potentialAction\":[{\"@type\":\"ReadAction\",\"target\":[\"https:\/\/herbaday.sk\/index.php\/product\/vyzivny-nocny-krem\/\"]}]},{\"@type\":\"ImageObject\",\"inLanguage\":\"sk-SK\",\"@id\":\"https:\/\/herbaday.sk\/index.php\/product\/vyzivny-nocny-krem\/#primaryimage\",\"url\":\"https:\/\/i0.wp.com\/herbaday.sk\/wp-content\/uploads\/2020\/11\/0827_SKINReplenishingNightCreme_50ML.png?fit=800%2C800&ssl=1\",\"contentUrl\":\"https:\/\/i0.wp.com\/herbaday.sk\/wp-content\/uploads\/2020\/11\/0827_SKINReplenishingNightCreme_50ML.png?fit=800%2C800&ssl=1\",\"width\":800,\"height\":800},{\"@type\":\"BreadcrumbList\",\"@id\":\"https:\/\/herbaday.sk\/index.php\/product\/vyzivny-nocny-krem\/#breadcrumb\",\"itemListElement\":[{\"@type\":\"ListItem\",\"position\":1,\"name\":\"Domovsk\u00e1 str\u00e1nka\",\"item\":\"https:\/\/herbaday.sk\/\"},{\"@type\":\"ListItem\",\"position\":2,\"name\":\"Shop\",\"item\":\"https:\/\/herbaday.sk\/index.php\/shop\/\"},{\"@type\":\"ListItem\",\"position\":3,\"name\":\"V\u00fd\u017eivn\u00fd no\u010dn\u00fd kr\u00e9m\"}]},{\"@type\":\"WebSite\",\"@id\":\"https:\/\/herbaday.sk\/#website\",\"url\":\"https:\/\/herbaday.sk\/\",\"name\":\"Herbaday\",\"description\":\"Nez\u00e1visl\u00fd \u010dlen Herbalife Nutrition\",\"publisher\":{\"@id\":\"https:\/\/herbaday.sk\/#organization\"},\"potentialAction\":[{\"@type\":\"SearchAction\",\"target\":{\"@type\":\"EntryPoint\",\"urlTemplate\":\"https:\/\/herbaday.sk\/?s={search_term_string}\"},\"query-input\":{\"@type\":\"PropertyValueSpecification\",\"valueRequired\":true,\"valueName\":\"search_term_string\"}}],\"inLanguage\":\"sk-SK\"},{\"@type\":\"Organization\",\"@id\":\"https:\/\/herbaday.sk\/#organization\",\"name\":\"Herbaday\",\"url\":\"https:\/\/herbaday.sk\/\",\"logo\":{\"@type\":\"ImageObject\",\"inLanguage\":\"sk-SK\",\"@id\":\"https:\/\/herbaday.sk\/#\/schema\/logo\/image\/\",\"url\":\"http:\/\/herbaday.sk\/wp-content\/uploads\/2020\/11\/herbaday_logo.png\",\"contentUrl\":\"http:\/\/herbaday.sk\/wp-content\/uploads\/2020\/11\/herbaday_logo.png\",\"width\":2214,\"height\":545,\"caption\":\"Herbaday\"},\"image\":{\"@id\":\"https:\/\/herbaday.sk\/#\/schema\/logo\/image\/\"}}]}<\/script>\n<!-- \/ Yoast SEO plugin. -->","yoast_head_json":{"title":"V\u00fd\u017eivn\u00fd no\u010dn\u00fd kr\u00e9m - Herbaday","robots":{"index":"index","follow":"follow","max-snippet":"max-snippet:-1","max-image-preview":"max-image-preview:large","max-video-preview":"max-video-preview:-1"},"canonical":"https:\/\/herbaday.sk\/index.php\/product\/vyzivny-nocny-krem\/","og_locale":"sk_SK","og_type":"article","og_title":"V\u00fd\u017eivn\u00fd no\u010dn\u00fd kr\u00e9m - Herbaday","og_description":"N\u00e1h\u013ead na Produkt Tento hust\u00fd, luxusn\u00fd kr\u00e9m napom\u00e1ha po\u010das noci dod\u00e1va\u0165 pleti ve\u013emi potrebn\u00fa hydrat\u00e1ciu. Dlhodob\u00e1 hydrat\u00e1cia k tomu, \u017ee va\u0161a ple\u0165 je po prebuden\u00ed jemnej\u0161ia a hlad\u0161ia. K\u013e\u00fa\u010dov\u00e9 V\u00fdhody Napom\u00e1ha zn\u00ed\u017ei\u0165 v\u00fdskyt vr\u00e1sok u\u017e za 7 dn\u00ed.* Klinick\u00e9 testy preuk\u00e1zal, \u017ee ple\u0165 u\u017e po siedmich d\u0148och vyzer\u00e1 hlad\u0161ie a pocitovo jemnej\u0161ie. Poskytuje v\u00fdrazn\u00e9 zlep\u0161enie [...]","og_url":"https:\/\/herbaday.sk\/index.php\/product\/vyzivny-nocny-krem\/","og_site_name":"Herbaday","article_modified_time":"2023-08-31T11:25:05+00:00","og_image":[{"width":800,"height":800,"url":"https:\/\/i0.wp.com\/herbaday.sk\/wp-content\/uploads\/2020\/11\/0827_SKINReplenishingNightCreme_50ML.png?fit=800%2C800&ssl=1","type":"image\/png"}],"twitter_card":"summary_large_image","twitter_misc":{"Predpokladan\u00fd \u010das \u010d\u00edtania":"1 min\u00fata"},"schema":{"@context":"https:\/\/schema.org","@graph":[{"@type":"WebPage","@id":"https:\/\/herbaday.sk\/index.php\/product\/vyzivny-nocny-krem\/","url":"https:\/\/herbaday.sk\/index.php\/product\/vyzivny-nocny-krem\/","name":"V\u00fd\u017eivn\u00fd no\u010dn\u00fd kr\u00e9m - Herbaday","isPartOf":{"@id":"https:\/\/herbaday.sk\/#website"},"primaryImageOfPage":{"@id":"https:\/\/herbaday.sk\/index.php\/product\/vyzivny-nocny-krem\/#primaryimage"},"image":{"@id":"https:\/\/herbaday.sk\/index.php\/product\/vyzivny-nocny-krem\/#primaryimage"},"thumbnailUrl":"https:\/\/i0.wp.com\/herbaday.sk\/wp-content\/uploads\/2020\/11\/0827_SKINReplenishingNightCreme_50ML.png?fit=800%2C800&ssl=1","datePublished":"2020-11-13T13:52:05+00:00","dateModified":"2023-08-31T11:25:05+00:00","breadcrumb":{"@id":"https:\/\/herbaday.sk\/index.php\/product\/vyzivny-nocny-krem\/#breadcrumb"},"inLanguage":"sk-SK","potentialAction":[{"@type":"ReadAction","target":["https:\/\/herbaday.sk\/index.php\/product\/vyzivny-nocny-krem\/"]}]},{"@type":"ImageObject","inLanguage":"sk-SK","@id":"https:\/\/herbaday.sk\/index.php\/product\/vyzivny-nocny-krem\/#primaryimage","url":"https:\/\/i0.wp.com\/herbaday.sk\/wp-content\/uploads\/2020\/11\/0827_SKINReplenishingNightCreme_50ML.png?fit=800%2C800&ssl=1","contentUrl":"https:\/\/i0.wp.com\/herbaday.sk\/wp-content\/uploads\/2020\/11\/0827_SKINReplenishingNightCreme_50ML.png?fit=800%2C800&ssl=1","width":800,"height":800},{"@type":"BreadcrumbList","@id":"https:\/\/herbaday.sk\/index.php\/product\/vyzivny-nocny-krem\/#breadcrumb","itemListElement":[{"@type":"ListItem","position":1,"name":"Domovsk\u00e1 str\u00e1nka","item":"https:\/\/herbaday.sk\/"},{"@type":"ListItem","position":2,"name":"Shop","item":"https:\/\/herbaday.sk\/index.php\/shop\/"},{"@type":"ListItem","position":3,"name":"V\u00fd\u017eivn\u00fd no\u010dn\u00fd kr\u00e9m"}]},{"@type":"WebSite","@id":"https:\/\/herbaday.sk\/#website","url":"https:\/\/herbaday.sk\/","name":"Herbaday","description":"Nez\u00e1visl\u00fd \u010dlen Herbalife Nutrition","publisher":{"@id":"https:\/\/herbaday.sk\/#organization"},"potentialAction":[{"@type":"SearchAction","target":{"@type":"EntryPoint","urlTemplate":"https:\/\/herbaday.sk\/?s={search_term_string}"},"query-input":{"@type":"PropertyValueSpecification","valueRequired":true,"valueName":"search_term_string"}}],"inLanguage":"sk-SK"},{"@type":"Organization","@id":"https:\/\/herbaday.sk\/#organization","name":"Herbaday","url":"https:\/\/herbaday.sk\/","logo":{"@type":"ImageObject","inLanguage":"sk-SK","@id":"https:\/\/herbaday.sk\/#\/schema\/logo\/image\/","url":"http:\/\/herbaday.sk\/wp-content\/uploads\/2020\/11\/herbaday_logo.png","contentUrl":"http:\/\/herbaday.sk\/wp-content\/uploads\/2020\/11\/herbaday_logo.png","width":2214,"height":545,"caption":"Herbaday"},"image":{"@id":"https:\/\/herbaday.sk\/#\/schema\/logo\/image\/"}}]}},"jetpack_sharing_enabled":true,"_links":{"self":[{"href":"https:\/\/herbaday.sk\/index.php\/wp-json\/wp\/v2\/product\/169","targetHints":{"allow":["GET"]}}],"collection":[{"href":"https:\/\/herbaday.sk\/index.php\/wp-json\/wp\/v2\/product"}],"about":[{"href":"https:\/\/herbaday.sk\/index.php\/wp-json\/wp\/v2\/types\/product"}],"replies":[{"embeddable":true,"href":"https:\/\/herbaday.sk\/index.php\/wp-json\/wp\/v2\/comments?post=169"}],"wp:featuredmedia":[{"embeddable":true,"href":"https:\/\/herbaday.sk\/index.php\/wp-json\/wp\/v2\/media\/170"}],"wp:attachment":[{"href":"https:\/\/herbaday.sk\/index.php\/wp-json\/wp\/v2\/media?parent=169"}],"wp:term":[{"taxonomy":"product_brand","embeddable":true,"href":"https:\/\/herbaday.sk\/index.php\/wp-json\/wp\/v2\/product_brand?post=169"},{"taxonomy":"product_cat","embeddable":true,"href":"https:\/\/herbaday.sk\/index.php\/wp-json\/wp\/v2\/product_cat?post=169"},{"taxonomy":"product_tag","embeddable":true,"href":"https:\/\/herbaday.sk\/index.php\/wp-json\/wp\/v2\/product_tag?post=169"}],"curies":[{"name":"wp","href":"https:\/\/api.w.org\/{rel}","templated":true}]}}