{"id":207413,"date":"2022-10-13T05:47:11","date_gmt":"2022-10-13T05:47:11","guid":{"rendered":"https:\/\/herbaday.sk\/?post_type=product&#038;p=207413"},"modified":"2025-01-06T19:49:52","modified_gmt":"2025-01-06T19:49:52","slug":"novy-immune-booster","status":"publish","type":"product","link":"https:\/\/herbaday.sk\/index.php\/product\/novy-immune-booster\/","title":{"rendered":"Nov\u00fd Immune Booster"},"content":{"rendered":"<p>Zlo\u017eenie pr\u00edpravku Immune Booster obsahuje vedecky overen\u00fa zlo\u017eku EpiCor\u00ae a zmes k\u013e\u00fa\u010dov\u00fdch vitam\u00ednov a miner\u00e1lov. V\u00fdsledky viac ako desiatky klinick\u00fdch \u0161t\u00fadi\u00ed1 ukazuj\u00fa, \u017ee EpiCor\u00ae preuk\u00e1zate\u013ene napom\u00e1ha imunite aj zdraviu \u010driev.<\/p>\n<p>Immune Booster je k dispoz\u00edcii v \u0161katuli s 21 vrec\u00fa\u0161kami \u00a0(21 x 3.7 g), pon\u00faka tak skvel\u00fd sp\u00f4sob, ako sa stara\u0165 o svoj imunitn\u00fd syst\u00e9m na cest\u00e1ch.<\/p>\n<h5 data-bind=\"visible: KeyBenefits\">K\u013e\u00fa\u010dov\u00e9 V\u00fdhody<\/h5>\n<div class=\"disc\" data-bind=\"visible: KeyBenefits, html: KeyBenefits\">\n<ul>\n<li>Z p\u00e4tn\u00e1stich publikovan\u00fdch \u0161t\u00fadi\u00ed1 vypl\u00fdva, \u017ee EpiCor\u00ae pom\u00e1ha podporova\u0165 imunitn\u00fd syst\u00e9m a zdravie \u010driev<\/li>\n<li>Vysok\u00fd obsah vitam\u00ednu C a D, sel\u00e9nu a zinku prispieva k zachovaniu norm\u00e1lnej funkcie imunitn\u00e9ho syst\u00e9mu<\/li>\n<li>Vitam\u00edn C, zinok a sel\u00e9n prispievaj\u00fa k ochrane buniek pred oxida\u010dn\u00fdm stresom<\/li>\n<li>Vhodn\u00fd pre veg\u00e1nov<\/li>\n<li>Bezlepkov\u00fd<\/li>\n<li>Neobsahuje umel\u00e9 farbiv\u00e1 alebo pr\u00edchute<\/li>\n<li>Lahodn\u00e1 pr\u00edchu\u0165 \u010diernej bazy<\/li>\n<li>Sladen\u00e9 pr\u00edrodn\u00fdm sladidlom z listov st\u00e9vie<\/li>\n<li>Balenie po 21 samostatn\u00fdch vrec\u00fa\u0161kach, preto\u017ee maxim\u00e1lna \u00fa\u010dinnos\u0165 sa obvykle prejav\u00ed po 2 \u2013 3 t\u00fd\u017ed\u0148och.<\/li>\n<\/ul>\n<\/div>\n<h5 data-bind=\"visible: FastFacts\">R\u00fdchle Fakty<\/h5>\n<div class=\"disc\" data-bind=\"visible: FastFacts, html: FastFacts\">\n<p><b>Zlo\u017eenie:<\/b><\/p>\n<p>Maltodextr\u00edn, su\u0161en\u00fd ferment\u00e1t kvasn\u00edc EpiCor\u00ae (vyroben\u00fd z kvasiniek Saccharomyces cerevisiae), ovocn\u00fd pr\u00e1\u0161ok z \u010diernej bazy, regul\u00e1tor kyslosti (kyselina citr\u00f3nov\u00e1), zahus\u0165ovadl\u00e1 (ak\u00e1ciov\u00e1 guma, xant\u00e1n),\u00a0 kyselina L-askorbov\u00e1, pr\u00edrodn\u00e1 aromatiz\u00e1cia, farbivo (\u010derven\u00e1 repa), sladidlo (steviol \u2013 glykozidy zo st\u00e9vie), zinok citr\u00e1t, cholekalciferol, protihrudkuj\u00faca l\u00e1tka (oxid siri\u010dit\u00fd), seleni\u010ditan sodn\u00fd.<\/p>\n<p>&nbsp;<\/p>\n<p>EpiCor\u00ae je registrovan\u00e1 ochrann\u00e1 zn\u00e1mka spolo\u010dnosti Embria Health Sciences, L.L.C.<\/p>\n<\/div>\n<h5 data-bind=\"visible: Usage\">Pou\u017e\u00edvanie<\/h5>\n<div class=\"disc\" data-bind=\"visible: Usage, html: Usage\">\n<p>Vychutnajte si Immune Booster ka\u017ed\u00fd de\u0148. Vsypte obsah jedn\u00e9ho vrec\u00fa\u0161ka (3,7 g) do 150 ml vody a mie\u0161ajte, k\u00fdm sa nerozpust\u00ed. Pite jeden poh\u00e1r denne po\u010das jedla.<\/p>\n<p>Vychutnajte si tento produkt v r\u00e1mci vyv\u00e1\u017eenej a rozmanitej di\u00e9ty, ako s\u00fa\u010das\u0165 v\u00e1\u0161ho zdrav\u00e9ho, akt\u00edvneho \u017eivotn\u00e9ho \u0161t\u00fdlu.<\/p>\n<\/div>\n","protected":false},"excerpt":{"rendered":"<p>Zlo\u017eenie pr\u00edpravku Immune Booster obsahuje vedecky overen\u00fa zlo\u017eku EpiCor\u00ae a zmes k\u013e\u00fa\u010dov\u00fdch vitam\u00ednov a miner\u00e1lov. V\u00fdsledky viac ako desiatky klinick\u00fdch \u0161t\u00fadi\u00ed1 ukazuj\u00fa, \u017ee EpiCor\u00ae preuk\u00e1zate\u013ene napom\u00e1ha imunite aj zdraviu \u010driev. Immune Booster je k dispoz\u00edcii v \u0161katuli s 21 vrec\u00fa\u0161kami \u00a0(21 x 3.7 g), pon\u00faka tak skvel\u00fd sp\u00f4sob, ako sa stara\u0165 o svoj imunitn\u00fd syst\u00e9m [&#8230;]\n","protected":false},"featured_media":207414,"comment_status":"open","ping_status":"closed","template":"","meta":[],"product_brand":[],"product_cat":[24],"product_tag":[],"class_list":{"0":"post-207413","1":"product","2":"type-product","3":"status-publish","4":"has-post-thumbnail","6":"product_cat-kazdodenna-podpora","8":"first","9":"instock","10":"taxable","11":"shipping-taxable","12":"purchasable","13":"product-type-simple"},"yoast_head":"<!-- This site is optimized with the Yoast SEO plugin v24.3 - https:\/\/yoast.com\/wordpress\/plugins\/seo\/ -->\n<title>Nov\u00fd Immune Booster - Herbaday<\/title>\n<meta name=\"robots\" content=\"index, follow, max-snippet:-1, max-image-preview:large, max-video-preview:-1\" \/>\n<link rel=\"canonical\" href=\"https:\/\/herbaday.sk\/index.php\/product\/novy-immune-booster\/\" \/>\n<meta property=\"og:locale\" content=\"sk_SK\" \/>\n<meta property=\"og:type\" content=\"article\" \/>\n<meta property=\"og:title\" content=\"Nov\u00fd Immune Booster - Herbaday\" \/>\n<meta property=\"og:description\" content=\"Zlo\u017eenie pr\u00edpravku Immune Booster obsahuje vedecky overen\u00fa zlo\u017eku EpiCor\u00ae a zmes k\u013e\u00fa\u010dov\u00fdch vitam\u00ednov a miner\u00e1lov. V\u00fdsledky viac ako desiatky klinick\u00fdch \u0161t\u00fadi\u00ed1 ukazuj\u00fa, \u017ee EpiCor\u00ae preuk\u00e1zate\u013ene napom\u00e1ha imunite aj zdraviu \u010driev. Immune Booster je k dispoz\u00edcii v \u0161katuli s 21 vrec\u00fa\u0161kami \u00a0(21 x 3.7 g), pon\u00faka tak skvel\u00fd sp\u00f4sob, ako sa stara\u0165 o svoj imunitn\u00fd syst\u00e9m [...]\" \/>\n<meta property=\"og:url\" content=\"https:\/\/herbaday.sk\/index.php\/product\/novy-immune-booster\/\" \/>\n<meta property=\"og:site_name\" content=\"Herbaday\" \/>\n<meta property=\"article:modified_time\" content=\"2025-01-06T19:49:52+00:00\" \/>\n<meta property=\"og:image\" content=\"https:\/\/i0.wp.com\/herbaday.sk\/wp-content\/uploads\/2022\/10\/cq5dam.web_.800.800.jpeg?fit=800%2C800&ssl=1\" \/>\n\t<meta property=\"og:image:width\" content=\"800\" \/>\n\t<meta property=\"og:image:height\" content=\"800\" \/>\n\t<meta property=\"og:image:type\" content=\"image\/jpeg\" \/>\n<meta name=\"twitter:card\" content=\"summary_large_image\" \/>\n<meta name=\"twitter:label1\" content=\"Predpokladan\u00fd \u010das \u010d\u00edtania\" \/>\n\t<meta name=\"twitter:data1\" content=\"2 min\u00faty\" \/>\n<script type=\"application\/ld+json\" class=\"yoast-schema-graph\">{\"@context\":\"https:\/\/schema.org\",\"@graph\":[{\"@type\":\"WebPage\",\"@id\":\"https:\/\/herbaday.sk\/index.php\/product\/novy-immune-booster\/\",\"url\":\"https:\/\/herbaday.sk\/index.php\/product\/novy-immune-booster\/\",\"name\":\"Nov\u00fd Immune Booster - Herbaday\",\"isPartOf\":{\"@id\":\"https:\/\/herbaday.sk\/#website\"},\"primaryImageOfPage\":{\"@id\":\"https:\/\/herbaday.sk\/index.php\/product\/novy-immune-booster\/#primaryimage\"},\"image\":{\"@id\":\"https:\/\/herbaday.sk\/index.php\/product\/novy-immune-booster\/#primaryimage\"},\"thumbnailUrl\":\"https:\/\/i0.wp.com\/herbaday.sk\/wp-content\/uploads\/2022\/10\/cq5dam.web_.800.800.jpeg?fit=800%2C800&ssl=1\",\"datePublished\":\"2022-10-13T05:47:11+00:00\",\"dateModified\":\"2025-01-06T19:49:52+00:00\",\"breadcrumb\":{\"@id\":\"https:\/\/herbaday.sk\/index.php\/product\/novy-immune-booster\/#breadcrumb\"},\"inLanguage\":\"sk-SK\",\"potentialAction\":[{\"@type\":\"ReadAction\",\"target\":[\"https:\/\/herbaday.sk\/index.php\/product\/novy-immune-booster\/\"]}]},{\"@type\":\"ImageObject\",\"inLanguage\":\"sk-SK\",\"@id\":\"https:\/\/herbaday.sk\/index.php\/product\/novy-immune-booster\/#primaryimage\",\"url\":\"https:\/\/i0.wp.com\/herbaday.sk\/wp-content\/uploads\/2022\/10\/cq5dam.web_.800.800.jpeg?fit=800%2C800&ssl=1\",\"contentUrl\":\"https:\/\/i0.wp.com\/herbaday.sk\/wp-content\/uploads\/2022\/10\/cq5dam.web_.800.800.jpeg?fit=800%2C800&ssl=1\",\"width\":800,\"height\":800,\"caption\":\"Immune Booster Food Supplement: Herbalife.com - 3D Render 1300x1300px\"},{\"@type\":\"BreadcrumbList\",\"@id\":\"https:\/\/herbaday.sk\/index.php\/product\/novy-immune-booster\/#breadcrumb\",\"itemListElement\":[{\"@type\":\"ListItem\",\"position\":1,\"name\":\"Domovsk\u00e1 str\u00e1nka\",\"item\":\"https:\/\/herbaday.sk\/\"},{\"@type\":\"ListItem\",\"position\":2,\"name\":\"Shop\",\"item\":\"https:\/\/herbaday.sk\/index.php\/shop\/\"},{\"@type\":\"ListItem\",\"position\":3,\"name\":\"Nov\u00fd Immune Booster\"}]},{\"@type\":\"WebSite\",\"@id\":\"https:\/\/herbaday.sk\/#website\",\"url\":\"https:\/\/herbaday.sk\/\",\"name\":\"Herbaday\",\"description\":\"Nez\u00e1visl\u00fd \u010dlen Herbalife Nutrition\",\"publisher\":{\"@id\":\"https:\/\/herbaday.sk\/#organization\"},\"potentialAction\":[{\"@type\":\"SearchAction\",\"target\":{\"@type\":\"EntryPoint\",\"urlTemplate\":\"https:\/\/herbaday.sk\/?s={search_term_string}\"},\"query-input\":{\"@type\":\"PropertyValueSpecification\",\"valueRequired\":true,\"valueName\":\"search_term_string\"}}],\"inLanguage\":\"sk-SK\"},{\"@type\":\"Organization\",\"@id\":\"https:\/\/herbaday.sk\/#organization\",\"name\":\"Herbaday\",\"url\":\"https:\/\/herbaday.sk\/\",\"logo\":{\"@type\":\"ImageObject\",\"inLanguage\":\"sk-SK\",\"@id\":\"https:\/\/herbaday.sk\/#\/schema\/logo\/image\/\",\"url\":\"http:\/\/herbaday.sk\/wp-content\/uploads\/2020\/11\/herbaday_logo.png\",\"contentUrl\":\"http:\/\/herbaday.sk\/wp-content\/uploads\/2020\/11\/herbaday_logo.png\",\"width\":2214,\"height\":545,\"caption\":\"Herbaday\"},\"image\":{\"@id\":\"https:\/\/herbaday.sk\/#\/schema\/logo\/image\/\"}}]}<\/script>\n<!-- \/ Yoast SEO plugin. -->","yoast_head_json":{"title":"Nov\u00fd Immune Booster - Herbaday","robots":{"index":"index","follow":"follow","max-snippet":"max-snippet:-1","max-image-preview":"max-image-preview:large","max-video-preview":"max-video-preview:-1"},"canonical":"https:\/\/herbaday.sk\/index.php\/product\/novy-immune-booster\/","og_locale":"sk_SK","og_type":"article","og_title":"Nov\u00fd Immune Booster - Herbaday","og_description":"Zlo\u017eenie pr\u00edpravku Immune Booster obsahuje vedecky overen\u00fa zlo\u017eku EpiCor\u00ae a zmes k\u013e\u00fa\u010dov\u00fdch vitam\u00ednov a miner\u00e1lov. V\u00fdsledky viac ako desiatky klinick\u00fdch \u0161t\u00fadi\u00ed1 ukazuj\u00fa, \u017ee EpiCor\u00ae preuk\u00e1zate\u013ene napom\u00e1ha imunite aj zdraviu \u010driev. Immune Booster je k dispoz\u00edcii v \u0161katuli s 21 vrec\u00fa\u0161kami \u00a0(21 x 3.7 g), pon\u00faka tak skvel\u00fd sp\u00f4sob, ako sa stara\u0165 o svoj imunitn\u00fd syst\u00e9m [...]","og_url":"https:\/\/herbaday.sk\/index.php\/product\/novy-immune-booster\/","og_site_name":"Herbaday","article_modified_time":"2025-01-06T19:49:52+00:00","og_image":[{"width":800,"height":800,"url":"https:\/\/i0.wp.com\/herbaday.sk\/wp-content\/uploads\/2022\/10\/cq5dam.web_.800.800.jpeg?fit=800%2C800&ssl=1","type":"image\/jpeg"}],"twitter_card":"summary_large_image","twitter_misc":{"Predpokladan\u00fd \u010das \u010d\u00edtania":"2 min\u00faty"},"schema":{"@context":"https:\/\/schema.org","@graph":[{"@type":"WebPage","@id":"https:\/\/herbaday.sk\/index.php\/product\/novy-immune-booster\/","url":"https:\/\/herbaday.sk\/index.php\/product\/novy-immune-booster\/","name":"Nov\u00fd Immune Booster - Herbaday","isPartOf":{"@id":"https:\/\/herbaday.sk\/#website"},"primaryImageOfPage":{"@id":"https:\/\/herbaday.sk\/index.php\/product\/novy-immune-booster\/#primaryimage"},"image":{"@id":"https:\/\/herbaday.sk\/index.php\/product\/novy-immune-booster\/#primaryimage"},"thumbnailUrl":"https:\/\/i0.wp.com\/herbaday.sk\/wp-content\/uploads\/2022\/10\/cq5dam.web_.800.800.jpeg?fit=800%2C800&ssl=1","datePublished":"2022-10-13T05:47:11+00:00","dateModified":"2025-01-06T19:49:52+00:00","breadcrumb":{"@id":"https:\/\/herbaday.sk\/index.php\/product\/novy-immune-booster\/#breadcrumb"},"inLanguage":"sk-SK","potentialAction":[{"@type":"ReadAction","target":["https:\/\/herbaday.sk\/index.php\/product\/novy-immune-booster\/"]}]},{"@type":"ImageObject","inLanguage":"sk-SK","@id":"https:\/\/herbaday.sk\/index.php\/product\/novy-immune-booster\/#primaryimage","url":"https:\/\/i0.wp.com\/herbaday.sk\/wp-content\/uploads\/2022\/10\/cq5dam.web_.800.800.jpeg?fit=800%2C800&ssl=1","contentUrl":"https:\/\/i0.wp.com\/herbaday.sk\/wp-content\/uploads\/2022\/10\/cq5dam.web_.800.800.jpeg?fit=800%2C800&ssl=1","width":800,"height":800,"caption":"Immune Booster Food Supplement: Herbalife.com - 3D Render 1300x1300px"},{"@type":"BreadcrumbList","@id":"https:\/\/herbaday.sk\/index.php\/product\/novy-immune-booster\/#breadcrumb","itemListElement":[{"@type":"ListItem","position":1,"name":"Domovsk\u00e1 str\u00e1nka","item":"https:\/\/herbaday.sk\/"},{"@type":"ListItem","position":2,"name":"Shop","item":"https:\/\/herbaday.sk\/index.php\/shop\/"},{"@type":"ListItem","position":3,"name":"Nov\u00fd Immune Booster"}]},{"@type":"WebSite","@id":"https:\/\/herbaday.sk\/#website","url":"https:\/\/herbaday.sk\/","name":"Herbaday","description":"Nez\u00e1visl\u00fd \u010dlen Herbalife Nutrition","publisher":{"@id":"https:\/\/herbaday.sk\/#organization"},"potentialAction":[{"@type":"SearchAction","target":{"@type":"EntryPoint","urlTemplate":"https:\/\/herbaday.sk\/?s={search_term_string}"},"query-input":{"@type":"PropertyValueSpecification","valueRequired":true,"valueName":"search_term_string"}}],"inLanguage":"sk-SK"},{"@type":"Organization","@id":"https:\/\/herbaday.sk\/#organization","name":"Herbaday","url":"https:\/\/herbaday.sk\/","logo":{"@type":"ImageObject","inLanguage":"sk-SK","@id":"https:\/\/herbaday.sk\/#\/schema\/logo\/image\/","url":"http:\/\/herbaday.sk\/wp-content\/uploads\/2020\/11\/herbaday_logo.png","contentUrl":"http:\/\/herbaday.sk\/wp-content\/uploads\/2020\/11\/herbaday_logo.png","width":2214,"height":545,"caption":"Herbaday"},"image":{"@id":"https:\/\/herbaday.sk\/#\/schema\/logo\/image\/"}}]}},"jetpack_sharing_enabled":true,"_links":{"self":[{"href":"https:\/\/herbaday.sk\/index.php\/wp-json\/wp\/v2\/product\/207413","targetHints":{"allow":["GET"]}}],"collection":[{"href":"https:\/\/herbaday.sk\/index.php\/wp-json\/wp\/v2\/product"}],"about":[{"href":"https:\/\/herbaday.sk\/index.php\/wp-json\/wp\/v2\/types\/product"}],"replies":[{"embeddable":true,"href":"https:\/\/herbaday.sk\/index.php\/wp-json\/wp\/v2\/comments?post=207413"}],"wp:featuredmedia":[{"embeddable":true,"href":"https:\/\/herbaday.sk\/index.php\/wp-json\/wp\/v2\/media\/207414"}],"wp:attachment":[{"href":"https:\/\/herbaday.sk\/index.php\/wp-json\/wp\/v2\/media?parent=207413"}],"wp:term":[{"taxonomy":"product_brand","embeddable":true,"href":"https:\/\/herbaday.sk\/index.php\/wp-json\/wp\/v2\/product_brand?post=207413"},{"taxonomy":"product_cat","embeddable":true,"href":"https:\/\/herbaday.sk\/index.php\/wp-json\/wp\/v2\/product_cat?post=207413"},{"taxonomy":"product_tag","embeddable":true,"href":"https:\/\/herbaday.sk\/index.php\/wp-json\/wp\/v2\/product_tag?post=207413"}],"curies":[{"name":"wp","href":"https:\/\/api.w.org\/{rel}","templated":true}]}}