{"id":208876,"date":"2024-01-21T07:54:59","date_gmt":"2024-01-21T07:54:59","guid":{"rendered":"https:\/\/herbaday.sk\/?post_type=product&#038;p=208876"},"modified":"2025-01-06T19:46:37","modified_gmt":"2025-01-06T19:46:37","slug":"proteinove-chipsy","status":"publish","type":"product","link":"https:\/\/herbaday.sk\/index.php\/product\/proteinove-chipsy\/","title":{"rendered":"Prote\u00ednov\u00e9 chipsy"},"content":{"rendered":"<p>V s\u00favislosti so zdrav\u00fdm a akt\u00edvnym \u017eivotn\u00fdm \u0161t\u00fdlom nie je nutn\u00e9 jes\u0165 f\u00e1dne jedl\u00e1 a rozl\u00fa\u010di\u0165 sa s pochutinami.<\/p>\n<p>Zme\u0148te svoj poh\u013ead na \u013eahk\u00e9 snacky a doprajte svojim chu\u0165ov\u00fdm poh\u00e1rikom jemn\u00fa, v\u00fdrazn\u00fa chu\u0165 na\u0161ich Prote\u00ednov\u00fdch chipsov s pr\u00edchu\u0165ou kyslej smotany a cibule.<\/p>\n<p>Prote\u00ednov\u00e9 chipsy maj\u00fa o 50 % menej tuku ako sma\u017een\u00e9 zemiakov\u00e9 lupienky, preto\u017ee ich pra\u017e\u00edme. Chipsy pripravujeme za tepla, aby ste si mohli dopria\u0165 slan\u00fa poch\u00fa\u0165ku s pr\u00edjemn\u00fdm chrumkan\u00edm.<\/p>\n<p>Ka\u017ed\u00e9 balenie Prote\u00ednov\u00fdch chipsov s pr\u00edchu\u0165ou kyslej smotany a cibule obsahuje 12 g bielkov\u00edn a je vhodn\u00e9 pre vegetari\u00e1nov. Prote\u00ednov\u00e9 chipsy s\u00fa k dispoz\u00edcii v dvoch l\u00e1kav\u00fdch pr\u00edchutiach a neobsahuj\u00fa lepok.<\/p>\n<p>Doprajte si ich a z\u00e1rove\u0148 dodr\u017eiavajte svoje v\u00fd\u017eivov\u00e9 ciele, nech ste kdeko\u013evek.<\/p>\n<h3 data-bind=\"visible: KeyBenefits\">K\u013e\u00fa\u010dov\u00e9 V\u00fdhody<\/h3>\n<div class=\"disc\" data-bind=\"visible: KeyBenefits, html: KeyBenefits\">\n<ul>\n<li>50 % menej tuku ako sma\u017een\u00e9 zemiakov\u00e9 lupienky<\/li>\n<li>Nikdy nesma\u017e\u00edme, v\u017edy pra\u017e\u00edme<\/li>\n<li>Obsahuj\u00fa 12 g bielkov\u00edn<\/li>\n<li>Obsahuj\u00fa pr\u00edrodn\u00fa ar\u00f3mu<\/li>\n<li>Bezlepkov\u00e9<\/li>\n<li>Vhodn\u00e9 pre vegetari\u00e1nov<\/li>\n<li>Obsahuj\u00fa hrachov\u00fd prote\u00edn<\/li>\n<\/ul>\n<\/div>\n<h3 data-bind=\"visible: Usage\">Pou\u017e\u00edvanie<\/h3>\n<div class=\"disc\" data-bind=\"visible: Usage, html: Usage\">\n<p>Doprajte si tento produkt v r\u00e1mci vyv\u00e1\u017eenej a pestrej stravy, ako s\u00fa\u010das\u0165 zdrav\u00e9ho a akt\u00edvneho \u017eivotn\u00e9ho \u0161t\u00fdlu.<\/p>\n<\/div>\n","protected":false},"excerpt":{"rendered":"<p>V s\u00favislosti so zdrav\u00fdm a akt\u00edvnym \u017eivotn\u00fdm \u0161t\u00fdlom nie je nutn\u00e9 jes\u0165 f\u00e1dne jedl\u00e1 a rozl\u00fa\u010di\u0165 sa s pochutinami. Zme\u0148te svoj poh\u013ead na \u013eahk\u00e9 snacky a doprajte svojim chu\u0165ov\u00fdm poh\u00e1rikom jemn\u00fa, v\u00fdrazn\u00fa chu\u0165 na\u0161ich Prote\u00ednov\u00fdch chipsov s pr\u00edchu\u0165ou kyslej smotany a cibule. Prote\u00ednov\u00e9 chipsy maj\u00fa o 50 % menej tuku ako sma\u017een\u00e9 zemiakov\u00e9 lupienky, preto\u017ee [&#8230;]\n","protected":false},"featured_media":208877,"comment_status":"open","ping_status":"closed","template":"","meta":[],"product_brand":[],"product_cat":[20],"product_tag":[],"class_list":{"0":"post-208876","1":"product","2":"type-product","3":"status-publish","4":"has-post-thumbnail","6":"product_cat-proteinove-desiaty","8":"first","9":"instock","10":"taxable","11":"shipping-taxable","12":"purchasable","13":"product-type-variable"},"yoast_head":"<!-- This site is optimized with the Yoast SEO plugin v24.3 - https:\/\/yoast.com\/wordpress\/plugins\/seo\/ -->\n<title>Prote\u00ednov\u00e9 chipsy - Herbaday<\/title>\n<meta name=\"robots\" content=\"index, follow, max-snippet:-1, max-image-preview:large, max-video-preview:-1\" \/>\n<link rel=\"canonical\" href=\"https:\/\/herbaday.sk\/index.php\/product\/proteinove-chipsy\/\" \/>\n<meta property=\"og:locale\" content=\"sk_SK\" \/>\n<meta property=\"og:type\" content=\"article\" \/>\n<meta property=\"og:title\" content=\"Prote\u00ednov\u00e9 chipsy - Herbaday\" \/>\n<meta property=\"og:description\" content=\"V s\u00favislosti so zdrav\u00fdm a akt\u00edvnym \u017eivotn\u00fdm \u0161t\u00fdlom nie je nutn\u00e9 jes\u0165 f\u00e1dne jedl\u00e1 a rozl\u00fa\u010di\u0165 sa s pochutinami. Zme\u0148te svoj poh\u013ead na \u013eahk\u00e9 snacky a doprajte svojim chu\u0165ov\u00fdm poh\u00e1rikom jemn\u00fa, v\u00fdrazn\u00fa chu\u0165 na\u0161ich Prote\u00ednov\u00fdch chipsov s pr\u00edchu\u0165ou kyslej smotany a cibule. Prote\u00ednov\u00e9 chipsy maj\u00fa o 50 % menej tuku ako sma\u017een\u00e9 zemiakov\u00e9 lupienky, preto\u017ee [...]\" \/>\n<meta property=\"og:url\" content=\"https:\/\/herbaday.sk\/index.php\/product\/proteinove-chipsy\/\" \/>\n<meta property=\"og:site_name\" content=\"Herbaday\" \/>\n<meta property=\"article:modified_time\" content=\"2025-01-06T19:46:37+00:00\" \/>\n<meta property=\"og:image\" content=\"https:\/\/i0.wp.com\/herbaday.sk\/wp-content\/uploads\/2024\/01\/cq5dam.web_.800.800-3.jpeg?fit=800%2C800&ssl=1\" \/>\n\t<meta property=\"og:image:width\" content=\"800\" \/>\n\t<meta property=\"og:image:height\" content=\"800\" \/>\n\t<meta property=\"og:image:type\" content=\"image\/jpeg\" \/>\n<meta name=\"twitter:card\" content=\"summary_large_image\" \/>\n<meta name=\"twitter:label1\" content=\"Predpokladan\u00fd \u010das \u010d\u00edtania\" \/>\n\t<meta name=\"twitter:data1\" content=\"2 min\u00faty\" \/>\n<script type=\"application\/ld+json\" class=\"yoast-schema-graph\">{\"@context\":\"https:\/\/schema.org\",\"@graph\":[{\"@type\":\"WebPage\",\"@id\":\"https:\/\/herbaday.sk\/index.php\/product\/proteinove-chipsy\/\",\"url\":\"https:\/\/herbaday.sk\/index.php\/product\/proteinove-chipsy\/\",\"name\":\"Prote\u00ednov\u00e9 chipsy - Herbaday\",\"isPartOf\":{\"@id\":\"https:\/\/herbaday.sk\/#website\"},\"primaryImageOfPage\":{\"@id\":\"https:\/\/herbaday.sk\/index.php\/product\/proteinove-chipsy\/#primaryimage\"},\"image\":{\"@id\":\"https:\/\/herbaday.sk\/index.php\/product\/proteinove-chipsy\/#primaryimage\"},\"thumbnailUrl\":\"https:\/\/i0.wp.com\/herbaday.sk\/wp-content\/uploads\/2024\/01\/cq5dam.web_.800.800-3.jpeg?fit=800%2C800&ssl=1\",\"datePublished\":\"2024-01-21T07:54:59+00:00\",\"dateModified\":\"2025-01-06T19:46:37+00:00\",\"breadcrumb\":{\"@id\":\"https:\/\/herbaday.sk\/index.php\/product\/proteinove-chipsy\/#breadcrumb\"},\"inLanguage\":\"sk-SK\",\"potentialAction\":[{\"@type\":\"ReadAction\",\"target\":[\"https:\/\/herbaday.sk\/index.php\/product\/proteinove-chipsy\/\"]}]},{\"@type\":\"ImageObject\",\"inLanguage\":\"sk-SK\",\"@id\":\"https:\/\/herbaday.sk\/index.php\/product\/proteinove-chipsy\/#primaryimage\",\"url\":\"https:\/\/i0.wp.com\/herbaday.sk\/wp-content\/uploads\/2024\/01\/cq5dam.web_.800.800-3.jpeg?fit=800%2C800&ssl=1\",\"contentUrl\":\"https:\/\/i0.wp.com\/herbaday.sk\/wp-content\/uploads\/2024\/01\/cq5dam.web_.800.800-3.jpeg?fit=800%2C800&ssl=1\",\"width\":800,\"height\":800,\"caption\":\"Prote\u00ednov\u00e9 chipsy s\u00fa v\u00fd\u017eivn\u00fdm ob\u010derstven\u00edm \u2013 skvel\u00fd sp\u00f4sob, ako si udr\u017ea\u0165 svoje v\u00fd\u017eivov\u00e9 ciele.\"},{\"@type\":\"BreadcrumbList\",\"@id\":\"https:\/\/herbaday.sk\/index.php\/product\/proteinove-chipsy\/#breadcrumb\",\"itemListElement\":[{\"@type\":\"ListItem\",\"position\":1,\"name\":\"Domovsk\u00e1 str\u00e1nka\",\"item\":\"https:\/\/herbaday.sk\/\"},{\"@type\":\"ListItem\",\"position\":2,\"name\":\"Shop\",\"item\":\"https:\/\/herbaday.sk\/index.php\/shop\/\"},{\"@type\":\"ListItem\",\"position\":3,\"name\":\"Prote\u00ednov\u00e9 chipsy\"}]},{\"@type\":\"WebSite\",\"@id\":\"https:\/\/herbaday.sk\/#website\",\"url\":\"https:\/\/herbaday.sk\/\",\"name\":\"Herbaday\",\"description\":\"Nez\u00e1visl\u00fd \u010dlen Herbalife Nutrition\",\"publisher\":{\"@id\":\"https:\/\/herbaday.sk\/#organization\"},\"potentialAction\":[{\"@type\":\"SearchAction\",\"target\":{\"@type\":\"EntryPoint\",\"urlTemplate\":\"https:\/\/herbaday.sk\/?s={search_term_string}\"},\"query-input\":{\"@type\":\"PropertyValueSpecification\",\"valueRequired\":true,\"valueName\":\"search_term_string\"}}],\"inLanguage\":\"sk-SK\"},{\"@type\":\"Organization\",\"@id\":\"https:\/\/herbaday.sk\/#organization\",\"name\":\"Herbaday\",\"url\":\"https:\/\/herbaday.sk\/\",\"logo\":{\"@type\":\"ImageObject\",\"inLanguage\":\"sk-SK\",\"@id\":\"https:\/\/herbaday.sk\/#\/schema\/logo\/image\/\",\"url\":\"http:\/\/herbaday.sk\/wp-content\/uploads\/2020\/11\/herbaday_logo.png\",\"contentUrl\":\"http:\/\/herbaday.sk\/wp-content\/uploads\/2020\/11\/herbaday_logo.png\",\"width\":2214,\"height\":545,\"caption\":\"Herbaday\"},\"image\":{\"@id\":\"https:\/\/herbaday.sk\/#\/schema\/logo\/image\/\"}}]}<\/script>\n<!-- \/ Yoast SEO plugin. -->","yoast_head_json":{"title":"Prote\u00ednov\u00e9 chipsy - Herbaday","robots":{"index":"index","follow":"follow","max-snippet":"max-snippet:-1","max-image-preview":"max-image-preview:large","max-video-preview":"max-video-preview:-1"},"canonical":"https:\/\/herbaday.sk\/index.php\/product\/proteinove-chipsy\/","og_locale":"sk_SK","og_type":"article","og_title":"Prote\u00ednov\u00e9 chipsy - Herbaday","og_description":"V s\u00favislosti so zdrav\u00fdm a akt\u00edvnym \u017eivotn\u00fdm \u0161t\u00fdlom nie je nutn\u00e9 jes\u0165 f\u00e1dne jedl\u00e1 a rozl\u00fa\u010di\u0165 sa s pochutinami. Zme\u0148te svoj poh\u013ead na \u013eahk\u00e9 snacky a doprajte svojim chu\u0165ov\u00fdm poh\u00e1rikom jemn\u00fa, v\u00fdrazn\u00fa chu\u0165 na\u0161ich Prote\u00ednov\u00fdch chipsov s pr\u00edchu\u0165ou kyslej smotany a cibule. Prote\u00ednov\u00e9 chipsy maj\u00fa o 50 % menej tuku ako sma\u017een\u00e9 zemiakov\u00e9 lupienky, preto\u017ee [...]","og_url":"https:\/\/herbaday.sk\/index.php\/product\/proteinove-chipsy\/","og_site_name":"Herbaday","article_modified_time":"2025-01-06T19:46:37+00:00","og_image":[{"width":800,"height":800,"url":"https:\/\/i0.wp.com\/herbaday.sk\/wp-content\/uploads\/2024\/01\/cq5dam.web_.800.800-3.jpeg?fit=800%2C800&ssl=1","type":"image\/jpeg"}],"twitter_card":"summary_large_image","twitter_misc":{"Predpokladan\u00fd \u010das \u010d\u00edtania":"2 min\u00faty"},"schema":{"@context":"https:\/\/schema.org","@graph":[{"@type":"WebPage","@id":"https:\/\/herbaday.sk\/index.php\/product\/proteinove-chipsy\/","url":"https:\/\/herbaday.sk\/index.php\/product\/proteinove-chipsy\/","name":"Prote\u00ednov\u00e9 chipsy - Herbaday","isPartOf":{"@id":"https:\/\/herbaday.sk\/#website"},"primaryImageOfPage":{"@id":"https:\/\/herbaday.sk\/index.php\/product\/proteinove-chipsy\/#primaryimage"},"image":{"@id":"https:\/\/herbaday.sk\/index.php\/product\/proteinove-chipsy\/#primaryimage"},"thumbnailUrl":"https:\/\/i0.wp.com\/herbaday.sk\/wp-content\/uploads\/2024\/01\/cq5dam.web_.800.800-3.jpeg?fit=800%2C800&ssl=1","datePublished":"2024-01-21T07:54:59+00:00","dateModified":"2025-01-06T19:46:37+00:00","breadcrumb":{"@id":"https:\/\/herbaday.sk\/index.php\/product\/proteinove-chipsy\/#breadcrumb"},"inLanguage":"sk-SK","potentialAction":[{"@type":"ReadAction","target":["https:\/\/herbaday.sk\/index.php\/product\/proteinove-chipsy\/"]}]},{"@type":"ImageObject","inLanguage":"sk-SK","@id":"https:\/\/herbaday.sk\/index.php\/product\/proteinove-chipsy\/#primaryimage","url":"https:\/\/i0.wp.com\/herbaday.sk\/wp-content\/uploads\/2024\/01\/cq5dam.web_.800.800-3.jpeg?fit=800%2C800&ssl=1","contentUrl":"https:\/\/i0.wp.com\/herbaday.sk\/wp-content\/uploads\/2024\/01\/cq5dam.web_.800.800-3.jpeg?fit=800%2C800&ssl=1","width":800,"height":800,"caption":"Prote\u00ednov\u00e9 chipsy s\u00fa v\u00fd\u017eivn\u00fdm ob\u010derstven\u00edm \u2013 skvel\u00fd sp\u00f4sob, ako si udr\u017ea\u0165 svoje v\u00fd\u017eivov\u00e9 ciele."},{"@type":"BreadcrumbList","@id":"https:\/\/herbaday.sk\/index.php\/product\/proteinove-chipsy\/#breadcrumb","itemListElement":[{"@type":"ListItem","position":1,"name":"Domovsk\u00e1 str\u00e1nka","item":"https:\/\/herbaday.sk\/"},{"@type":"ListItem","position":2,"name":"Shop","item":"https:\/\/herbaday.sk\/index.php\/shop\/"},{"@type":"ListItem","position":3,"name":"Prote\u00ednov\u00e9 chipsy"}]},{"@type":"WebSite","@id":"https:\/\/herbaday.sk\/#website","url":"https:\/\/herbaday.sk\/","name":"Herbaday","description":"Nez\u00e1visl\u00fd \u010dlen Herbalife Nutrition","publisher":{"@id":"https:\/\/herbaday.sk\/#organization"},"potentialAction":[{"@type":"SearchAction","target":{"@type":"EntryPoint","urlTemplate":"https:\/\/herbaday.sk\/?s={search_term_string}"},"query-input":{"@type":"PropertyValueSpecification","valueRequired":true,"valueName":"search_term_string"}}],"inLanguage":"sk-SK"},{"@type":"Organization","@id":"https:\/\/herbaday.sk\/#organization","name":"Herbaday","url":"https:\/\/herbaday.sk\/","logo":{"@type":"ImageObject","inLanguage":"sk-SK","@id":"https:\/\/herbaday.sk\/#\/schema\/logo\/image\/","url":"http:\/\/herbaday.sk\/wp-content\/uploads\/2020\/11\/herbaday_logo.png","contentUrl":"http:\/\/herbaday.sk\/wp-content\/uploads\/2020\/11\/herbaday_logo.png","width":2214,"height":545,"caption":"Herbaday"},"image":{"@id":"https:\/\/herbaday.sk\/#\/schema\/logo\/image\/"}}]}},"jetpack_sharing_enabled":true,"_links":{"self":[{"href":"https:\/\/herbaday.sk\/index.php\/wp-json\/wp\/v2\/product\/208876","targetHints":{"allow":["GET"]}}],"collection":[{"href":"https:\/\/herbaday.sk\/index.php\/wp-json\/wp\/v2\/product"}],"about":[{"href":"https:\/\/herbaday.sk\/index.php\/wp-json\/wp\/v2\/types\/product"}],"replies":[{"embeddable":true,"href":"https:\/\/herbaday.sk\/index.php\/wp-json\/wp\/v2\/comments?post=208876"}],"wp:featuredmedia":[{"embeddable":true,"href":"https:\/\/herbaday.sk\/index.php\/wp-json\/wp\/v2\/media\/208877"}],"wp:attachment":[{"href":"https:\/\/herbaday.sk\/index.php\/wp-json\/wp\/v2\/media?parent=208876"}],"wp:term":[{"taxonomy":"product_brand","embeddable":true,"href":"https:\/\/herbaday.sk\/index.php\/wp-json\/wp\/v2\/product_brand?post=208876"},{"taxonomy":"product_cat","embeddable":true,"href":"https:\/\/herbaday.sk\/index.php\/wp-json\/wp\/v2\/product_cat?post=208876"},{"taxonomy":"product_tag","embeddable":true,"href":"https:\/\/herbaday.sk\/index.php\/wp-json\/wp\/v2\/product_tag?post=208876"}],"curies":[{"name":"wp","href":"https:\/\/api.w.org\/{rel}","templated":true}]}}