{"id":209649,"date":"2025-12-05T03:55:11","date_gmt":"2025-12-05T03:55:11","guid":{"rendered":"https:\/\/herbaday.sk\/?post_type=product&#038;p=209649"},"modified":"2025-12-05T03:55:12","modified_gmt":"2025-12-05T03:55:12","slug":"hl-skin-10-niacinamidove-serum-30-ml","status":"publish","type":"product","link":"https:\/\/herbaday.sk\/index.php\/product\/hl-skin-10-niacinamidove-serum-30-ml\/","title":{"rendered":"HL\/Skin 10 % niac\u00ednamidov\u00e9 s\u00e9rum 30 ml"},"content":{"rendered":"<p><strong>S\u00e9rum na vodnej b\u00e1ze, ktor\u00e9 posil\u0148uje ko\u017en\u00fa bari\u00e9ru a zvy\u0161uje jas pleti na dosiahnutie zdrav\u00e9ho, roz\u017eiaren\u00e9ho vzh\u013eadu.<\/strong><br \/>\n<strong>HL\/Skin \u2013 10 % niac\u00ednamidov\u00e9 s\u00e9rum je vytvoren\u00e9 s pokro\u010dilou k\u00f3rejskou recept\u00farou na vidite\u013en\u00e9 rozjasnenie a zjednotenie t\u00f3nu poko\u017eky. Udr\u017euje rovnov\u00e1hu vlhkosti a bojuje proti zn\u00e1mkam starnutia. Toto \u013eahk\u00e9 s\u00e9rum s vysokou koncentr\u00e1ciou niac\u00ednamidu posil\u0148uje ko\u017en\u00fa bari\u00e9ru a zvy\u0161uje \u017eiarivos\u0165 pre zdrav\u00fd vzh\u013ead poko\u017eky.<\/strong><\/p>\n<h5 data-bind=\"visible: KeyBenefits\">K\u013e\u00fa\u010dov\u00e9 V\u00fdhody<\/h5>\n<div class=\"disc\" data-bind=\"visible: KeyBenefits, html: KeyBenefits\">\n<ul>\n<li>Zalo\u017een\u00e9 na pokro\u010dilej k\u00f3rejskej starostlivosti o ple\u0165<\/li>\n<li>Obsahuje 10 % niac\u00ednamidu<\/li>\n<li>Vidite\u013ene rozjas\u0148uje a zjednocuje t\u00f3n pleti<\/li>\n<li>Podporuje prirodzen\u00fa rovnov\u00e1hu vlhkosti poko\u017eky<\/li>\n<li>Zni\u017euje vidite\u013enos\u0165 nedokonalost\u00ed<\/li>\n<li>Pom\u00e1ha bojova\u0165 proti prejavom starnutia a redukova\u0165 vr\u00e1sky<\/li>\n<li>Podporuje a posil\u0148uje ko\u017en\u00fa bari\u00e9ru<\/li>\n<li>Zvy\u0161uje jas pleti pre zdrav\u00fd a roz\u017eiaren\u00fd vzh\u013ead.<\/li>\n<li>\u013dahk\u00e1, r\u00fdchlo sa vstreb\u00e1vaj\u00faca \u0161trukt\u00fara<\/li>\n<li>Vhodn\u00fd ako podklad pod make-up<\/li>\n<li>Vhodn\u00fd pre r\u00f4zne typy pleti<\/li>\n<li>Bez pridan\u00fdch parab\u00e9nov a sulf\u00e1tov<\/li>\n<\/ul>\n<\/div>\n<h5 data-bind=\"visible: FastFacts\">R\u00fdchle Fakty<\/h5>\n<div class=\"disc\" data-bind=\"visible: FastFacts, html: FastFacts\">\n<p>HLAVN\u00c9 INGREDIENCIE:<\/p>\n<ul>\n<li>Niac\u00ednamid: pom\u00e1ha zjednoti\u0165 t\u00f3n pleti, podporuje ko\u017en\u00fa bari\u00e9ru a zabezpe\u010duje potrebn\u00fa hydrat\u00e1ciu<\/li>\n<li>Vitam\u00edn B5: poskytuje hydrat\u00e1ciu, pom\u00e1ha udr\u017eiava\u0165 poko\u017eku vlhk\u00fa<\/li>\n<li>Glycer\u00edn: pri\u0165ahuje a udr\u017euje vlhkos\u0165, podporuje hydrat\u00e1ciu poko\u017eky aj jej ochrann\u00fa funkciu<\/li>\n<\/ul>\n<\/div>\n<h5 data-bind=\"visible: Usage\">Pou\u017e\u00edvanie<\/h5>\n<div class=\"disc\" data-bind=\"visible: Usage, html: Usage\">\n<ol>\n<li>Naneste nieko\u013eko kvapiek na \u010dist\u00fa, such\u00fa poko\u017eku tv\u00e1re a krku.<\/li>\n<li>Jemne vklepte do poko\u017eky, k\u00fdm sa nevstrebe.<\/li>\n<li>Pou\u017e\u00edvajte raz denne.<\/li>\n<li>Po\u010das d\u0148a nezab\u00fadajte pou\u017e\u00edva\u0165 ochrann\u00fd faktor SPF.<\/li>\n<\/ol>\n<\/div>\n","protected":false},"excerpt":{"rendered":"<p>S\u00e9rum na vodnej b\u00e1ze, ktor\u00e9 posil\u0148uje ko\u017en\u00fa bari\u00e9ru a zvy\u0161uje jas pleti na dosiahnutie zdrav\u00e9ho, roz\u017eiaren\u00e9ho vzh\u013eadu. HL\/Skin \u2013 10 % niac\u00ednamidov\u00e9 s\u00e9rum je vytvoren\u00e9 s pokro\u010dilou k\u00f3rejskou recept\u00farou na vidite\u013en\u00e9 rozjasnenie a zjednotenie t\u00f3nu poko\u017eky. Udr\u017euje rovnov\u00e1hu vlhkosti a bojuje proti zn\u00e1mkam starnutia. Toto \u013eahk\u00e9 s\u00e9rum s vysokou koncentr\u00e1ciou niac\u00ednamidu posil\u0148uje ko\u017en\u00fa bari\u00e9ru a [&#8230;]\n","protected":false},"featured_media":209650,"comment_status":"open","ping_status":"closed","template":"","meta":[],"product_brand":[],"product_cat":[53],"product_tag":[],"class_list":{"0":"post-209649","1":"product","2":"type-product","3":"status-publish","4":"has-post-thumbnail","6":"product_cat-hl-skin","8":"first","9":"instock","10":"taxable","11":"shipping-taxable","12":"purchasable","13":"product-type-simple"},"yoast_head":"<!-- This site is optimized with the Yoast SEO plugin v24.3 - https:\/\/yoast.com\/wordpress\/plugins\/seo\/ -->\n<title>HL\/Skin 10 % niac\u00ednamidov\u00e9 s\u00e9rum 30 ml - Herbaday<\/title>\n<meta name=\"robots\" content=\"index, follow, max-snippet:-1, max-image-preview:large, max-video-preview:-1\" \/>\n<link rel=\"canonical\" href=\"https:\/\/herbaday.sk\/index.php\/product\/hl-skin-10-niacinamidove-serum-30-ml\/\" \/>\n<meta property=\"og:locale\" content=\"sk_SK\" \/>\n<meta property=\"og:type\" content=\"article\" \/>\n<meta property=\"og:title\" content=\"HL\/Skin 10 % niac\u00ednamidov\u00e9 s\u00e9rum 30 ml - Herbaday\" \/>\n<meta property=\"og:description\" content=\"S\u00e9rum na vodnej b\u00e1ze, ktor\u00e9 posil\u0148uje ko\u017en\u00fa bari\u00e9ru a zvy\u0161uje jas pleti na dosiahnutie zdrav\u00e9ho, roz\u017eiaren\u00e9ho vzh\u013eadu. HL\/Skin \u2013 10 % niac\u00ednamidov\u00e9 s\u00e9rum je vytvoren\u00e9 s pokro\u010dilou k\u00f3rejskou recept\u00farou na vidite\u013en\u00e9 rozjasnenie a zjednotenie t\u00f3nu poko\u017eky. Udr\u017euje rovnov\u00e1hu vlhkosti a bojuje proti zn\u00e1mkam starnutia. Toto \u013eahk\u00e9 s\u00e9rum s vysokou koncentr\u00e1ciou niac\u00ednamidu posil\u0148uje ko\u017en\u00fa bari\u00e9ru a [...]\" \/>\n<meta property=\"og:url\" content=\"https:\/\/herbaday.sk\/index.php\/product\/hl-skin-10-niacinamidove-serum-30-ml\/\" \/>\n<meta property=\"og:site_name\" content=\"Herbaday\" \/>\n<meta property=\"article:modified_time\" content=\"2025-12-05T03:55:12+00:00\" \/>\n<meta property=\"og:image\" content=\"https:\/\/i0.wp.com\/herbaday.sk\/wp-content\/uploads\/2025\/12\/Niacinamidoveserum.png?fit=800%2C800&ssl=1\" \/>\n\t<meta property=\"og:image:width\" content=\"800\" \/>\n\t<meta property=\"og:image:height\" content=\"800\" \/>\n\t<meta property=\"og:image:type\" content=\"image\/png\" \/>\n<meta name=\"twitter:card\" content=\"summary_large_image\" \/>\n<meta name=\"twitter:label1\" content=\"Predpokladan\u00fd \u010das \u010d\u00edtania\" \/>\n\t<meta name=\"twitter:data1\" content=\"1 min\u00fata\" \/>\n<script type=\"application\/ld+json\" class=\"yoast-schema-graph\">{\"@context\":\"https:\/\/schema.org\",\"@graph\":[{\"@type\":\"WebPage\",\"@id\":\"https:\/\/herbaday.sk\/index.php\/product\/hl-skin-10-niacinamidove-serum-30-ml\/\",\"url\":\"https:\/\/herbaday.sk\/index.php\/product\/hl-skin-10-niacinamidove-serum-30-ml\/\",\"name\":\"HL\/Skin 10 % niac\u00ednamidov\u00e9 s\u00e9rum 30 ml - Herbaday\",\"isPartOf\":{\"@id\":\"https:\/\/herbaday.sk\/#website\"},\"primaryImageOfPage\":{\"@id\":\"https:\/\/herbaday.sk\/index.php\/product\/hl-skin-10-niacinamidove-serum-30-ml\/#primaryimage\"},\"image\":{\"@id\":\"https:\/\/herbaday.sk\/index.php\/product\/hl-skin-10-niacinamidove-serum-30-ml\/#primaryimage\"},\"thumbnailUrl\":\"https:\/\/i0.wp.com\/herbaday.sk\/wp-content\/uploads\/2025\/12\/Niacinamidoveserum.png?fit=800%2C800&ssl=1\",\"datePublished\":\"2025-12-05T03:55:11+00:00\",\"dateModified\":\"2025-12-05T03:55:12+00:00\",\"breadcrumb\":{\"@id\":\"https:\/\/herbaday.sk\/index.php\/product\/hl-skin-10-niacinamidove-serum-30-ml\/#breadcrumb\"},\"inLanguage\":\"sk-SK\",\"potentialAction\":[{\"@type\":\"ReadAction\",\"target\":[\"https:\/\/herbaday.sk\/index.php\/product\/hl-skin-10-niacinamidove-serum-30-ml\/\"]}]},{\"@type\":\"ImageObject\",\"inLanguage\":\"sk-SK\",\"@id\":\"https:\/\/herbaday.sk\/index.php\/product\/hl-skin-10-niacinamidove-serum-30-ml\/#primaryimage\",\"url\":\"https:\/\/i0.wp.com\/herbaday.sk\/wp-content\/uploads\/2025\/12\/Niacinamidoveserum.png?fit=800%2C800&ssl=1\",\"contentUrl\":\"https:\/\/i0.wp.com\/herbaday.sk\/wp-content\/uploads\/2025\/12\/Niacinamidoveserum.png?fit=800%2C800&ssl=1\",\"width\":800,\"height\":800},{\"@type\":\"BreadcrumbList\",\"@id\":\"https:\/\/herbaday.sk\/index.php\/product\/hl-skin-10-niacinamidove-serum-30-ml\/#breadcrumb\",\"itemListElement\":[{\"@type\":\"ListItem\",\"position\":1,\"name\":\"Domovsk\u00e1 str\u00e1nka\",\"item\":\"https:\/\/herbaday.sk\/\"},{\"@type\":\"ListItem\",\"position\":2,\"name\":\"Shop\",\"item\":\"https:\/\/herbaday.sk\/index.php\/shop\/\"},{\"@type\":\"ListItem\",\"position\":3,\"name\":\"HL\/Skin 10 % niac\u00ednamidov\u00e9 s\u00e9rum 30 ml\"}]},{\"@type\":\"WebSite\",\"@id\":\"https:\/\/herbaday.sk\/#website\",\"url\":\"https:\/\/herbaday.sk\/\",\"name\":\"Herbaday\",\"description\":\"Nez\u00e1visl\u00fd \u010dlen Herbalife Nutrition\",\"publisher\":{\"@id\":\"https:\/\/herbaday.sk\/#organization\"},\"potentialAction\":[{\"@type\":\"SearchAction\",\"target\":{\"@type\":\"EntryPoint\",\"urlTemplate\":\"https:\/\/herbaday.sk\/?s={search_term_string}\"},\"query-input\":{\"@type\":\"PropertyValueSpecification\",\"valueRequired\":true,\"valueName\":\"search_term_string\"}}],\"inLanguage\":\"sk-SK\"},{\"@type\":\"Organization\",\"@id\":\"https:\/\/herbaday.sk\/#organization\",\"name\":\"Herbaday\",\"url\":\"https:\/\/herbaday.sk\/\",\"logo\":{\"@type\":\"ImageObject\",\"inLanguage\":\"sk-SK\",\"@id\":\"https:\/\/herbaday.sk\/#\/schema\/logo\/image\/\",\"url\":\"http:\/\/herbaday.sk\/wp-content\/uploads\/2020\/11\/herbaday_logo.png\",\"contentUrl\":\"http:\/\/herbaday.sk\/wp-content\/uploads\/2020\/11\/herbaday_logo.png\",\"width\":2214,\"height\":545,\"caption\":\"Herbaday\"},\"image\":{\"@id\":\"https:\/\/herbaday.sk\/#\/schema\/logo\/image\/\"}}]}<\/script>\n<!-- \/ Yoast SEO plugin. -->","yoast_head_json":{"title":"HL\/Skin 10 % niac\u00ednamidov\u00e9 s\u00e9rum 30 ml - Herbaday","robots":{"index":"index","follow":"follow","max-snippet":"max-snippet:-1","max-image-preview":"max-image-preview:large","max-video-preview":"max-video-preview:-1"},"canonical":"https:\/\/herbaday.sk\/index.php\/product\/hl-skin-10-niacinamidove-serum-30-ml\/","og_locale":"sk_SK","og_type":"article","og_title":"HL\/Skin 10 % niac\u00ednamidov\u00e9 s\u00e9rum 30 ml - Herbaday","og_description":"S\u00e9rum na vodnej b\u00e1ze, ktor\u00e9 posil\u0148uje ko\u017en\u00fa bari\u00e9ru a zvy\u0161uje jas pleti na dosiahnutie zdrav\u00e9ho, roz\u017eiaren\u00e9ho vzh\u013eadu. HL\/Skin \u2013 10 % niac\u00ednamidov\u00e9 s\u00e9rum je vytvoren\u00e9 s pokro\u010dilou k\u00f3rejskou recept\u00farou na vidite\u013en\u00e9 rozjasnenie a zjednotenie t\u00f3nu poko\u017eky. Udr\u017euje rovnov\u00e1hu vlhkosti a bojuje proti zn\u00e1mkam starnutia. Toto \u013eahk\u00e9 s\u00e9rum s vysokou koncentr\u00e1ciou niac\u00ednamidu posil\u0148uje ko\u017en\u00fa bari\u00e9ru a [...]","og_url":"https:\/\/herbaday.sk\/index.php\/product\/hl-skin-10-niacinamidove-serum-30-ml\/","og_site_name":"Herbaday","article_modified_time":"2025-12-05T03:55:12+00:00","og_image":[{"width":800,"height":800,"url":"https:\/\/i0.wp.com\/herbaday.sk\/wp-content\/uploads\/2025\/12\/Niacinamidoveserum.png?fit=800%2C800&ssl=1","type":"image\/png"}],"twitter_card":"summary_large_image","twitter_misc":{"Predpokladan\u00fd \u010das \u010d\u00edtania":"1 min\u00fata"},"schema":{"@context":"https:\/\/schema.org","@graph":[{"@type":"WebPage","@id":"https:\/\/herbaday.sk\/index.php\/product\/hl-skin-10-niacinamidove-serum-30-ml\/","url":"https:\/\/herbaday.sk\/index.php\/product\/hl-skin-10-niacinamidove-serum-30-ml\/","name":"HL\/Skin 10 % niac\u00ednamidov\u00e9 s\u00e9rum 30 ml - Herbaday","isPartOf":{"@id":"https:\/\/herbaday.sk\/#website"},"primaryImageOfPage":{"@id":"https:\/\/herbaday.sk\/index.php\/product\/hl-skin-10-niacinamidove-serum-30-ml\/#primaryimage"},"image":{"@id":"https:\/\/herbaday.sk\/index.php\/product\/hl-skin-10-niacinamidove-serum-30-ml\/#primaryimage"},"thumbnailUrl":"https:\/\/i0.wp.com\/herbaday.sk\/wp-content\/uploads\/2025\/12\/Niacinamidoveserum.png?fit=800%2C800&ssl=1","datePublished":"2025-12-05T03:55:11+00:00","dateModified":"2025-12-05T03:55:12+00:00","breadcrumb":{"@id":"https:\/\/herbaday.sk\/index.php\/product\/hl-skin-10-niacinamidove-serum-30-ml\/#breadcrumb"},"inLanguage":"sk-SK","potentialAction":[{"@type":"ReadAction","target":["https:\/\/herbaday.sk\/index.php\/product\/hl-skin-10-niacinamidove-serum-30-ml\/"]}]},{"@type":"ImageObject","inLanguage":"sk-SK","@id":"https:\/\/herbaday.sk\/index.php\/product\/hl-skin-10-niacinamidove-serum-30-ml\/#primaryimage","url":"https:\/\/i0.wp.com\/herbaday.sk\/wp-content\/uploads\/2025\/12\/Niacinamidoveserum.png?fit=800%2C800&ssl=1","contentUrl":"https:\/\/i0.wp.com\/herbaday.sk\/wp-content\/uploads\/2025\/12\/Niacinamidoveserum.png?fit=800%2C800&ssl=1","width":800,"height":800},{"@type":"BreadcrumbList","@id":"https:\/\/herbaday.sk\/index.php\/product\/hl-skin-10-niacinamidove-serum-30-ml\/#breadcrumb","itemListElement":[{"@type":"ListItem","position":1,"name":"Domovsk\u00e1 str\u00e1nka","item":"https:\/\/herbaday.sk\/"},{"@type":"ListItem","position":2,"name":"Shop","item":"https:\/\/herbaday.sk\/index.php\/shop\/"},{"@type":"ListItem","position":3,"name":"HL\/Skin 10 % niac\u00ednamidov\u00e9 s\u00e9rum 30 ml"}]},{"@type":"WebSite","@id":"https:\/\/herbaday.sk\/#website","url":"https:\/\/herbaday.sk\/","name":"Herbaday","description":"Nez\u00e1visl\u00fd \u010dlen Herbalife Nutrition","publisher":{"@id":"https:\/\/herbaday.sk\/#organization"},"potentialAction":[{"@type":"SearchAction","target":{"@type":"EntryPoint","urlTemplate":"https:\/\/herbaday.sk\/?s={search_term_string}"},"query-input":{"@type":"PropertyValueSpecification","valueRequired":true,"valueName":"search_term_string"}}],"inLanguage":"sk-SK"},{"@type":"Organization","@id":"https:\/\/herbaday.sk\/#organization","name":"Herbaday","url":"https:\/\/herbaday.sk\/","logo":{"@type":"ImageObject","inLanguage":"sk-SK","@id":"https:\/\/herbaday.sk\/#\/schema\/logo\/image\/","url":"http:\/\/herbaday.sk\/wp-content\/uploads\/2020\/11\/herbaday_logo.png","contentUrl":"http:\/\/herbaday.sk\/wp-content\/uploads\/2020\/11\/herbaday_logo.png","width":2214,"height":545,"caption":"Herbaday"},"image":{"@id":"https:\/\/herbaday.sk\/#\/schema\/logo\/image\/"}}]}},"jetpack_sharing_enabled":true,"_links":{"self":[{"href":"https:\/\/herbaday.sk\/index.php\/wp-json\/wp\/v2\/product\/209649","targetHints":{"allow":["GET"]}}],"collection":[{"href":"https:\/\/herbaday.sk\/index.php\/wp-json\/wp\/v2\/product"}],"about":[{"href":"https:\/\/herbaday.sk\/index.php\/wp-json\/wp\/v2\/types\/product"}],"replies":[{"embeddable":true,"href":"https:\/\/herbaday.sk\/index.php\/wp-json\/wp\/v2\/comments?post=209649"}],"wp:featuredmedia":[{"embeddable":true,"href":"https:\/\/herbaday.sk\/index.php\/wp-json\/wp\/v2\/media\/209650"}],"wp:attachment":[{"href":"https:\/\/herbaday.sk\/index.php\/wp-json\/wp\/v2\/media?parent=209649"}],"wp:term":[{"taxonomy":"product_brand","embeddable":true,"href":"https:\/\/herbaday.sk\/index.php\/wp-json\/wp\/v2\/product_brand?post=209649"},{"taxonomy":"product_cat","embeddable":true,"href":"https:\/\/herbaday.sk\/index.php\/wp-json\/wp\/v2\/product_cat?post=209649"},{"taxonomy":"product_tag","embeddable":true,"href":"https:\/\/herbaday.sk\/index.php\/wp-json\/wp\/v2\/product_tag?post=209649"}],"curies":[{"name":"wp","href":"https:\/\/api.w.org\/{rel}","templated":true}]}}