{"id":209694,"date":"2026-02-14T10:24:00","date_gmt":"2026-02-14T10:24:00","guid":{"rendered":"https:\/\/herbaday.sk\/?post_type=product&#038;p=209694"},"modified":"2026-02-14T20:48:50","modified_gmt":"2026-02-14T20:48:50","slug":"protein-bake-mix-480-g","status":"publish","type":"product","link":"https:\/\/herbaday.sk\/index.php\/product\/protein-bake-mix-480-g\/","title":{"rendered":"Protein Bake Mix 480 g"},"content":{"rendered":"<p>Preme\u0148te svoje ob\u013e\u00faben\u00e9 dobroty na lahodn\u00e9 prote\u00ednov\u00e9 desiaty s Protein Bake Mix. Starostlivo vytvoren\u00fd pre vyv\u00e1\u017een\u00fd profil \u017eiv\u00edn &#8211; va\u0161e pe\u010den\u00e9 dobroty bud\u00fa nielen chutn\u00e9, ale aj v\u00fd\u017eivn\u00e9.<\/p>\n<p>&nbsp;<\/p>\n<p>K\u013e\u00fa\u010dov\u00e9 v\u00fdhody:<\/p>\n<p>\u2022 Vysok\u00fd obsah bielkov\u00edn<\/p>\n<p>\u2022 Zdroj vl\u00e1kniny<\/p>\n<p>\u2022 Zmes d\u00f4le\u017eit\u00fdch miner\u00e1lov<\/p>\n<p>\u2022 Univerz\u00e1lny v\u010faka neutr\u00e1lnej chuti<\/p>\n<p>\u2022 Bez pridan\u00e9ho cukru, farb\u00edv, ar\u00f3m a sladidiel<\/p>\n<p>\u2022 20 porci\u00ed v balen\u00ed<\/p>\n<p>&nbsp;<\/p>\n<p>N\u00e1vod: Zmie\u0161ajte 24g (3 ly\u017eice) s 30ml mlieka alebo vody. Opekajte 2-3 min\u00faty z ka\u017edej strany na n\u00edzkej teplote.<\/p>\n","protected":false},"excerpt":{"rendered":"<p>Preme\u0148te svoje ob\u013e\u00faben\u00e9 dobroty na lahodn\u00e9 prote\u00ednov\u00e9 desiaty s Protein Bake Mix. Starostlivo vytvoren\u00fd pre vyv\u00e1\u017een\u00fd profil \u017eiv\u00edn &#8211; va\u0161e pe\u010den\u00e9 dobroty bud\u00fa nielen chutn\u00e9, ale aj v\u00fd\u017eivn\u00e9. &nbsp; K\u013e\u00fa\u010dov\u00e9 v\u00fdhody: \u2022 Vysok\u00fd obsah bielkov\u00edn \u2022 Zdroj vl\u00e1kniny \u2022 Zmes d\u00f4le\u017eit\u00fdch miner\u00e1lov \u2022 Univerz\u00e1lny v\u010faka neutr\u00e1lnej chuti \u2022 Bez pridan\u00e9ho cukru, farb\u00edv, ar\u00f3m a sladidiel [&#8230;]\n","protected":false},"featured_media":209696,"comment_status":"open","ping_status":"closed","template":"","meta":[],"product_brand":[],"product_cat":[19],"product_tag":[],"class_list":{"0":"post-209694","1":"product","2":"type-product","3":"status-publish","4":"has-post-thumbnail","6":"product_cat-vyvazene-jedlo","8":"first","9":"instock","10":"taxable","11":"shipping-taxable","12":"purchasable","13":"product-type-simple"},"yoast_head":"<!-- This site is optimized with the Yoast SEO plugin v24.3 - https:\/\/yoast.com\/wordpress\/plugins\/seo\/ -->\n<title>Protein Bake Mix 480 g - Herbaday<\/title>\n<meta name=\"robots\" content=\"index, follow, max-snippet:-1, max-image-preview:large, max-video-preview:-1\" \/>\n<link rel=\"canonical\" href=\"https:\/\/herbaday.sk\/index.php\/product\/protein-bake-mix-480-g\/\" \/>\n<meta property=\"og:locale\" content=\"sk_SK\" \/>\n<meta property=\"og:type\" content=\"article\" \/>\n<meta property=\"og:title\" content=\"Protein Bake Mix 480 g - Herbaday\" \/>\n<meta property=\"og:description\" content=\"Preme\u0148te svoje ob\u013e\u00faben\u00e9 dobroty na lahodn\u00e9 prote\u00ednov\u00e9 desiaty s Protein Bake Mix. Starostlivo vytvoren\u00fd pre vyv\u00e1\u017een\u00fd profil \u017eiv\u00edn &#8211; va\u0161e pe\u010den\u00e9 dobroty bud\u00fa nielen chutn\u00e9, ale aj v\u00fd\u017eivn\u00e9. &nbsp; K\u013e\u00fa\u010dov\u00e9 v\u00fdhody: \u2022 Vysok\u00fd obsah bielkov\u00edn \u2022 Zdroj vl\u00e1kniny \u2022 Zmes d\u00f4le\u017eit\u00fdch miner\u00e1lov \u2022 Univerz\u00e1lny v\u010faka neutr\u00e1lnej chuti \u2022 Bez pridan\u00e9ho cukru, farb\u00edv, ar\u00f3m a sladidiel [...]\" \/>\n<meta property=\"og:url\" content=\"https:\/\/herbaday.sk\/index.php\/product\/protein-bake-mix-480-g\/\" \/>\n<meta property=\"og:site_name\" content=\"Herbaday\" \/>\n<meta property=\"article:modified_time\" content=\"2026-02-14T20:48:50+00:00\" \/>\n<meta property=\"og:image\" content=\"https:\/\/i0.wp.com\/herbaday.sk\/wp-content\/uploads\/2026\/02\/cq5dam.web_.800.800.png?fit=800%2C800&ssl=1\" \/>\n\t<meta property=\"og:image:width\" content=\"800\" \/>\n\t<meta property=\"og:image:height\" content=\"800\" \/>\n\t<meta property=\"og:image:type\" content=\"image\/png\" \/>\n<meta name=\"twitter:card\" content=\"summary_large_image\" \/>\n<meta name=\"twitter:label1\" content=\"Predpokladan\u00fd \u010das \u010d\u00edtania\" \/>\n\t<meta name=\"twitter:data1\" content=\"1 min\u00fata\" \/>\n<script type=\"application\/ld+json\" class=\"yoast-schema-graph\">{\"@context\":\"https:\/\/schema.org\",\"@graph\":[{\"@type\":\"WebPage\",\"@id\":\"https:\/\/herbaday.sk\/index.php\/product\/protein-bake-mix-480-g\/\",\"url\":\"https:\/\/herbaday.sk\/index.php\/product\/protein-bake-mix-480-g\/\",\"name\":\"Protein Bake Mix 480 g - Herbaday\",\"isPartOf\":{\"@id\":\"https:\/\/herbaday.sk\/#website\"},\"primaryImageOfPage\":{\"@id\":\"https:\/\/herbaday.sk\/index.php\/product\/protein-bake-mix-480-g\/#primaryimage\"},\"image\":{\"@id\":\"https:\/\/herbaday.sk\/index.php\/product\/protein-bake-mix-480-g\/#primaryimage\"},\"thumbnailUrl\":\"https:\/\/i0.wp.com\/herbaday.sk\/wp-content\/uploads\/2026\/02\/cq5dam.web_.800.800.png?fit=800%2C800&ssl=1\",\"datePublished\":\"2026-02-14T10:24:00+00:00\",\"dateModified\":\"2026-02-14T20:48:50+00:00\",\"breadcrumb\":{\"@id\":\"https:\/\/herbaday.sk\/index.php\/product\/protein-bake-mix-480-g\/#breadcrumb\"},\"inLanguage\":\"sk-SK\",\"potentialAction\":[{\"@type\":\"ReadAction\",\"target\":[\"https:\/\/herbaday.sk\/index.php\/product\/protein-bake-mix-480-g\/\"]}]},{\"@type\":\"ImageObject\",\"inLanguage\":\"sk-SK\",\"@id\":\"https:\/\/herbaday.sk\/index.php\/product\/protein-bake-mix-480-g\/#primaryimage\",\"url\":\"https:\/\/i0.wp.com\/herbaday.sk\/wp-content\/uploads\/2026\/02\/cq5dam.web_.800.800.png?fit=800%2C800&ssl=1\",\"contentUrl\":\"https:\/\/i0.wp.com\/herbaday.sk\/wp-content\/uploads\/2026\/02\/cq5dam.web_.800.800.png?fit=800%2C800&ssl=1\",\"width\":800,\"height\":800},{\"@type\":\"BreadcrumbList\",\"@id\":\"https:\/\/herbaday.sk\/index.php\/product\/protein-bake-mix-480-g\/#breadcrumb\",\"itemListElement\":[{\"@type\":\"ListItem\",\"position\":1,\"name\":\"Domovsk\u00e1 str\u00e1nka\",\"item\":\"https:\/\/herbaday.sk\/\"},{\"@type\":\"ListItem\",\"position\":2,\"name\":\"Shop\",\"item\":\"https:\/\/herbaday.sk\/index.php\/shop\/\"},{\"@type\":\"ListItem\",\"position\":3,\"name\":\"Protein Bake Mix 480 g\"}]},{\"@type\":\"WebSite\",\"@id\":\"https:\/\/herbaday.sk\/#website\",\"url\":\"https:\/\/herbaday.sk\/\",\"name\":\"Herbaday\",\"description\":\"Nez\u00e1visl\u00fd \u010dlen Herbalife Nutrition\",\"publisher\":{\"@id\":\"https:\/\/herbaday.sk\/#organization\"},\"potentialAction\":[{\"@type\":\"SearchAction\",\"target\":{\"@type\":\"EntryPoint\",\"urlTemplate\":\"https:\/\/herbaday.sk\/?s={search_term_string}\"},\"query-input\":{\"@type\":\"PropertyValueSpecification\",\"valueRequired\":true,\"valueName\":\"search_term_string\"}}],\"inLanguage\":\"sk-SK\"},{\"@type\":\"Organization\",\"@id\":\"https:\/\/herbaday.sk\/#organization\",\"name\":\"Herbaday\",\"url\":\"https:\/\/herbaday.sk\/\",\"logo\":{\"@type\":\"ImageObject\",\"inLanguage\":\"sk-SK\",\"@id\":\"https:\/\/herbaday.sk\/#\/schema\/logo\/image\/\",\"url\":\"http:\/\/herbaday.sk\/wp-content\/uploads\/2020\/11\/herbaday_logo.png\",\"contentUrl\":\"http:\/\/herbaday.sk\/wp-content\/uploads\/2020\/11\/herbaday_logo.png\",\"width\":2214,\"height\":545,\"caption\":\"Herbaday\"},\"image\":{\"@id\":\"https:\/\/herbaday.sk\/#\/schema\/logo\/image\/\"}}]}<\/script>\n<!-- \/ Yoast SEO plugin. -->","yoast_head_json":{"title":"Protein Bake Mix 480 g - Herbaday","robots":{"index":"index","follow":"follow","max-snippet":"max-snippet:-1","max-image-preview":"max-image-preview:large","max-video-preview":"max-video-preview:-1"},"canonical":"https:\/\/herbaday.sk\/index.php\/product\/protein-bake-mix-480-g\/","og_locale":"sk_SK","og_type":"article","og_title":"Protein Bake Mix 480 g - Herbaday","og_description":"Preme\u0148te svoje ob\u013e\u00faben\u00e9 dobroty na lahodn\u00e9 prote\u00ednov\u00e9 desiaty s Protein Bake Mix. Starostlivo vytvoren\u00fd pre vyv\u00e1\u017een\u00fd profil \u017eiv\u00edn &#8211; va\u0161e pe\u010den\u00e9 dobroty bud\u00fa nielen chutn\u00e9, ale aj v\u00fd\u017eivn\u00e9. &nbsp; K\u013e\u00fa\u010dov\u00e9 v\u00fdhody: \u2022 Vysok\u00fd obsah bielkov\u00edn \u2022 Zdroj vl\u00e1kniny \u2022 Zmes d\u00f4le\u017eit\u00fdch miner\u00e1lov \u2022 Univerz\u00e1lny v\u010faka neutr\u00e1lnej chuti \u2022 Bez pridan\u00e9ho cukru, farb\u00edv, ar\u00f3m a sladidiel [...]","og_url":"https:\/\/herbaday.sk\/index.php\/product\/protein-bake-mix-480-g\/","og_site_name":"Herbaday","article_modified_time":"2026-02-14T20:48:50+00:00","og_image":[{"width":800,"height":800,"url":"https:\/\/i0.wp.com\/herbaday.sk\/wp-content\/uploads\/2026\/02\/cq5dam.web_.800.800.png?fit=800%2C800&ssl=1","type":"image\/png"}],"twitter_card":"summary_large_image","twitter_misc":{"Predpokladan\u00fd \u010das \u010d\u00edtania":"1 min\u00fata"},"schema":{"@context":"https:\/\/schema.org","@graph":[{"@type":"WebPage","@id":"https:\/\/herbaday.sk\/index.php\/product\/protein-bake-mix-480-g\/","url":"https:\/\/herbaday.sk\/index.php\/product\/protein-bake-mix-480-g\/","name":"Protein Bake Mix 480 g - Herbaday","isPartOf":{"@id":"https:\/\/herbaday.sk\/#website"},"primaryImageOfPage":{"@id":"https:\/\/herbaday.sk\/index.php\/product\/protein-bake-mix-480-g\/#primaryimage"},"image":{"@id":"https:\/\/herbaday.sk\/index.php\/product\/protein-bake-mix-480-g\/#primaryimage"},"thumbnailUrl":"https:\/\/i0.wp.com\/herbaday.sk\/wp-content\/uploads\/2026\/02\/cq5dam.web_.800.800.png?fit=800%2C800&ssl=1","datePublished":"2026-02-14T10:24:00+00:00","dateModified":"2026-02-14T20:48:50+00:00","breadcrumb":{"@id":"https:\/\/herbaday.sk\/index.php\/product\/protein-bake-mix-480-g\/#breadcrumb"},"inLanguage":"sk-SK","potentialAction":[{"@type":"ReadAction","target":["https:\/\/herbaday.sk\/index.php\/product\/protein-bake-mix-480-g\/"]}]},{"@type":"ImageObject","inLanguage":"sk-SK","@id":"https:\/\/herbaday.sk\/index.php\/product\/protein-bake-mix-480-g\/#primaryimage","url":"https:\/\/i0.wp.com\/herbaday.sk\/wp-content\/uploads\/2026\/02\/cq5dam.web_.800.800.png?fit=800%2C800&ssl=1","contentUrl":"https:\/\/i0.wp.com\/herbaday.sk\/wp-content\/uploads\/2026\/02\/cq5dam.web_.800.800.png?fit=800%2C800&ssl=1","width":800,"height":800},{"@type":"BreadcrumbList","@id":"https:\/\/herbaday.sk\/index.php\/product\/protein-bake-mix-480-g\/#breadcrumb","itemListElement":[{"@type":"ListItem","position":1,"name":"Domovsk\u00e1 str\u00e1nka","item":"https:\/\/herbaday.sk\/"},{"@type":"ListItem","position":2,"name":"Shop","item":"https:\/\/herbaday.sk\/index.php\/shop\/"},{"@type":"ListItem","position":3,"name":"Protein Bake Mix 480 g"}]},{"@type":"WebSite","@id":"https:\/\/herbaday.sk\/#website","url":"https:\/\/herbaday.sk\/","name":"Herbaday","description":"Nez\u00e1visl\u00fd \u010dlen Herbalife Nutrition","publisher":{"@id":"https:\/\/herbaday.sk\/#organization"},"potentialAction":[{"@type":"SearchAction","target":{"@type":"EntryPoint","urlTemplate":"https:\/\/herbaday.sk\/?s={search_term_string}"},"query-input":{"@type":"PropertyValueSpecification","valueRequired":true,"valueName":"search_term_string"}}],"inLanguage":"sk-SK"},{"@type":"Organization","@id":"https:\/\/herbaday.sk\/#organization","name":"Herbaday","url":"https:\/\/herbaday.sk\/","logo":{"@type":"ImageObject","inLanguage":"sk-SK","@id":"https:\/\/herbaday.sk\/#\/schema\/logo\/image\/","url":"http:\/\/herbaday.sk\/wp-content\/uploads\/2020\/11\/herbaday_logo.png","contentUrl":"http:\/\/herbaday.sk\/wp-content\/uploads\/2020\/11\/herbaday_logo.png","width":2214,"height":545,"caption":"Herbaday"},"image":{"@id":"https:\/\/herbaday.sk\/#\/schema\/logo\/image\/"}}]}},"jetpack_sharing_enabled":true,"_links":{"self":[{"href":"https:\/\/herbaday.sk\/index.php\/wp-json\/wp\/v2\/product\/209694","targetHints":{"allow":["GET"]}}],"collection":[{"href":"https:\/\/herbaday.sk\/index.php\/wp-json\/wp\/v2\/product"}],"about":[{"href":"https:\/\/herbaday.sk\/index.php\/wp-json\/wp\/v2\/types\/product"}],"replies":[{"embeddable":true,"href":"https:\/\/herbaday.sk\/index.php\/wp-json\/wp\/v2\/comments?post=209694"}],"wp:featuredmedia":[{"embeddable":true,"href":"https:\/\/herbaday.sk\/index.php\/wp-json\/wp\/v2\/media\/209696"}],"wp:attachment":[{"href":"https:\/\/herbaday.sk\/index.php\/wp-json\/wp\/v2\/media?parent=209694"}],"wp:term":[{"taxonomy":"product_brand","embeddable":true,"href":"https:\/\/herbaday.sk\/index.php\/wp-json\/wp\/v2\/product_brand?post=209694"},{"taxonomy":"product_cat","embeddable":true,"href":"https:\/\/herbaday.sk\/index.php\/wp-json\/wp\/v2\/product_cat?post=209694"},{"taxonomy":"product_tag","embeddable":true,"href":"https:\/\/herbaday.sk\/index.php\/wp-json\/wp\/v2\/product_tag?post=209694"}],"curies":[{"name":"wp","href":"https:\/\/api.w.org\/{rel}","templated":true}]}}