{"id":209720,"date":"2026-03-11T12:58:44","date_gmt":"2026-03-11T12:58:44","guid":{"rendered":"http:\/\/herbaday.sk\/?post_type=product&#038;p=209720"},"modified":"2026-03-11T13:04:45","modified_gmt":"2026-03-11T13:04:45","slug":"phyto-complete-sacok-60-tabliet","status":"publish","type":"product","link":"https:\/\/herbaday.sk\/index.php\/product\/phyto-complete-sacok-60-tabliet\/","title":{"rendered":"Phyto Complete s\u00e1\u010dok 60 tabliet"},"content":{"rendered":"<p><strong>Phyto Complete s\u00e1\u010dok 60 tabliet<\/strong> obsahuje Fiit-NS\u2122 \u2013 klinicky testovan\u00fa zlo\u017eku \u2013 a vitam\u00edny B3 a C, ktor\u00e9 pom\u00e1haj\u00fa zmier\u0148ova\u0165 \u00fanavu a vy\u010derpanie.<\/p>\n<p>V\u00e1\u0161 denn\u00fd v\u00fd\u017eivov\u00fd doplnok zalo\u017een\u00fd na pr\u00edrodn\u00fdch zlo\u017ek\u00e1ch a podlo\u017een\u00fd vedeck\u00fdmi poznatkami. Phyto Complete je k dispoz\u00edcii vo forme n\u00e1hradn\u00e9ho s\u00e1\u010dku, ktor\u00fd v\u00e1m umo\u017en\u00ed pohodlne pokra\u010dova\u0165 vo va\u0161ej ceste za zdrav\u00edm.<\/p>\n<p><strong>K\u013e\u00fa\u010dov\u00e9 v\u00fdhody:<\/strong><\/p>\n<ul>\n<li>K dispoz\u00edcii v praktickom balen\u00ed vo forme s\u00e1\u010dku<\/li>\n<li>Obsahuje zlo\u017eku Fiit-NS\u2122<\/li>\n<li>Je bohat\u00fd na fytonutrienty<\/li>\n<li>Je vhodn\u00fd pre veg\u00e1nov<\/li>\n<li>Obsahuje vitam\u00edny C a B3 (niac\u00edn)<\/li>\n<li>Obsahuje pr\u00edrodn\u00fd kofe\u00edn z guarany<\/li>\n<li>Obsahuje chr\u00f3m<\/li>\n<li>Obsahuje 60 kaps\u00fal \u2013 z\u00e1sobu na cel\u00fd mesiac<\/li>\n<\/ul>\n<p><strong>Pou\u017e\u00edvanie:<\/strong> U\u017e\u00edvajte 2 kapsuly denne spolu s jedlom. Po otvoren\u00ed preneste kapsuly zo s\u00e1\u010dku do d\u00f3zy Phyto Complete. Tento s\u00e1\u010dok sl\u00fa\u017ei ako n\u00e1hradn\u00e9 balenie.<\/p>\n<p><em>Neprekra\u010dujte odpor\u00fa\u010dan\u00fa denn\u00fa d\u00e1vku. V\u00fd\u017eivov\u00e9 doplnky s\u00fa ur\u010den\u00e9 na doplnenie stravy a nemali by sa pou\u017e\u00edva\u0165 ako n\u00e1hrada pestrej stravy.<\/em><\/p>\n","protected":false},"excerpt":{"rendered":"<p>Phyto Complete s\u00e1\u010dok obsahuje Fiit-NS\u2122, vitam\u00edny B3 a C a sl\u00fa\u017ei ako praktick\u00e9 n\u00e1hradn\u00e9 balenie s mesa\u010dnou z\u00e1sobou 60 kaps\u00fal.<\/p>\n","protected":false},"featured_media":209718,"comment_status":"open","ping_status":"closed","template":"","meta":[],"product_brand":[],"product_cat":[24],"product_tag":[],"class_list":{"0":"post-209720","1":"product","2":"type-product","3":"status-publish","4":"has-post-thumbnail","6":"product_cat-kazdodenna-podpora","8":"first","9":"instock","10":"taxable","11":"shipping-taxable","12":"purchasable","13":"product-type-simple"},"yoast_head":"<!-- This site is optimized with the Yoast SEO plugin v24.3 - https:\/\/yoast.com\/wordpress\/plugins\/seo\/ -->\n<title>Phyto Complete s\u00e1\u010dok 60 tabliet - Herbaday<\/title>\n<meta name=\"description\" content=\"Phyto Complete s\u00e1\u010dok 60 tabliet obsahuje Fiit-NS\u2122, vitam\u00edny C a B3 a sl\u00fa\u017ei ako praktick\u00e9 n\u00e1hradn\u00e9 balenie na cel\u00fd mesiac.\" \/>\n<meta name=\"robots\" content=\"index, follow, max-snippet:-1, max-image-preview:large, max-video-preview:-1\" \/>\n<link rel=\"canonical\" href=\"https:\/\/herbaday.sk\/index.php\/product\/phyto-complete-sacok-60-tabliet\/\" \/>\n<meta property=\"og:locale\" content=\"sk_SK\" \/>\n<meta property=\"og:type\" content=\"article\" \/>\n<meta property=\"og:title\" content=\"Phyto Complete s\u00e1\u010dok 60 tabliet - Herbaday\" \/>\n<meta property=\"og:description\" content=\"Phyto Complete s\u00e1\u010dok 60 tabliet obsahuje Fiit-NS\u2122, vitam\u00edny C a B3 a sl\u00fa\u017ei ako praktick\u00e9 n\u00e1hradn\u00e9 balenie na cel\u00fd mesiac.\" \/>\n<meta property=\"og:url\" content=\"https:\/\/herbaday.sk\/index.php\/product\/phyto-complete-sacok-60-tabliet\/\" \/>\n<meta property=\"og:site_name\" content=\"Herbaday\" \/>\n<meta property=\"article:modified_time\" content=\"2026-03-11T13:04:45+00:00\" \/>\n<meta property=\"og:image\" content=\"https:\/\/i0.wp.com\/herbaday.sk\/wp-content\/uploads\/2026\/03\/cq5dam.web_.800.800-1.png?fit=800%2C800&ssl=1\" \/>\n\t<meta property=\"og:image:width\" content=\"800\" \/>\n\t<meta property=\"og:image:height\" content=\"800\" \/>\n\t<meta property=\"og:image:type\" content=\"image\/png\" \/>\n<meta name=\"twitter:card\" content=\"summary_large_image\" \/>\n<meta name=\"twitter:label1\" content=\"Predpokladan\u00fd \u010das \u010d\u00edtania\" \/>\n\t<meta name=\"twitter:data1\" content=\"1 min\u00fata\" \/>\n<script type=\"application\/ld+json\" class=\"yoast-schema-graph\">{\"@context\":\"https:\/\/schema.org\",\"@graph\":[{\"@type\":\"WebPage\",\"@id\":\"https:\/\/herbaday.sk\/index.php\/product\/phyto-complete-sacok-60-tabliet\/\",\"url\":\"https:\/\/herbaday.sk\/index.php\/product\/phyto-complete-sacok-60-tabliet\/\",\"name\":\"Phyto Complete s\u00e1\u010dok 60 tabliet - Herbaday\",\"isPartOf\":{\"@id\":\"https:\/\/herbaday.sk\/#website\"},\"primaryImageOfPage\":{\"@id\":\"https:\/\/herbaday.sk\/index.php\/product\/phyto-complete-sacok-60-tabliet\/#primaryimage\"},\"image\":{\"@id\":\"https:\/\/herbaday.sk\/index.php\/product\/phyto-complete-sacok-60-tabliet\/#primaryimage\"},\"thumbnailUrl\":\"https:\/\/i0.wp.com\/herbaday.sk\/wp-content\/uploads\/2026\/03\/cq5dam.web_.800.800-1.png?fit=800%2C800&ssl=1\",\"datePublished\":\"2026-03-11T12:58:44+00:00\",\"dateModified\":\"2026-03-11T13:04:45+00:00\",\"description\":\"Phyto Complete s\u00e1\u010dok 60 tabliet obsahuje Fiit-NS\u2122, vitam\u00edny C a B3 a sl\u00fa\u017ei ako praktick\u00e9 n\u00e1hradn\u00e9 balenie na cel\u00fd mesiac.\",\"breadcrumb\":{\"@id\":\"https:\/\/herbaday.sk\/index.php\/product\/phyto-complete-sacok-60-tabliet\/#breadcrumb\"},\"inLanguage\":\"sk-SK\",\"potentialAction\":[{\"@type\":\"ReadAction\",\"target\":[\"https:\/\/herbaday.sk\/index.php\/product\/phyto-complete-sacok-60-tabliet\/\"]}]},{\"@type\":\"ImageObject\",\"inLanguage\":\"sk-SK\",\"@id\":\"https:\/\/herbaday.sk\/index.php\/product\/phyto-complete-sacok-60-tabliet\/#primaryimage\",\"url\":\"https:\/\/i0.wp.com\/herbaday.sk\/wp-content\/uploads\/2026\/03\/cq5dam.web_.800.800-1.png?fit=800%2C800&ssl=1\",\"contentUrl\":\"https:\/\/i0.wp.com\/herbaday.sk\/wp-content\/uploads\/2026\/03\/cq5dam.web_.800.800-1.png?fit=800%2C800&ssl=1\",\"width\":800,\"height\":800,\"caption\":\"Phyto Complete s\u00e1\u010dok 60 tabliet\"},{\"@type\":\"BreadcrumbList\",\"@id\":\"https:\/\/herbaday.sk\/index.php\/product\/phyto-complete-sacok-60-tabliet\/#breadcrumb\",\"itemListElement\":[{\"@type\":\"ListItem\",\"position\":1,\"name\":\"Domovsk\u00e1 str\u00e1nka\",\"item\":\"https:\/\/herbaday.sk\/\"},{\"@type\":\"ListItem\",\"position\":2,\"name\":\"Shop\",\"item\":\"https:\/\/herbaday.sk\/index.php\/shop\/\"},{\"@type\":\"ListItem\",\"position\":3,\"name\":\"Phyto Complete s\u00e1\u010dok 60 tabliet\"}]},{\"@type\":\"WebSite\",\"@id\":\"https:\/\/herbaday.sk\/#website\",\"url\":\"https:\/\/herbaday.sk\/\",\"name\":\"Herbaday\",\"description\":\"Nez\u00e1visl\u00fd \u010dlen Herbalife Nutrition\",\"publisher\":{\"@id\":\"https:\/\/herbaday.sk\/#organization\"},\"potentialAction\":[{\"@type\":\"SearchAction\",\"target\":{\"@type\":\"EntryPoint\",\"urlTemplate\":\"https:\/\/herbaday.sk\/?s={search_term_string}\"},\"query-input\":{\"@type\":\"PropertyValueSpecification\",\"valueRequired\":true,\"valueName\":\"search_term_string\"}}],\"inLanguage\":\"sk-SK\"},{\"@type\":\"Organization\",\"@id\":\"https:\/\/herbaday.sk\/#organization\",\"name\":\"Herbaday\",\"url\":\"https:\/\/herbaday.sk\/\",\"logo\":{\"@type\":\"ImageObject\",\"inLanguage\":\"sk-SK\",\"@id\":\"https:\/\/herbaday.sk\/#\/schema\/logo\/image\/\",\"url\":\"http:\/\/herbaday.sk\/wp-content\/uploads\/2020\/11\/herbaday_logo.png\",\"contentUrl\":\"http:\/\/herbaday.sk\/wp-content\/uploads\/2020\/11\/herbaday_logo.png\",\"width\":2214,\"height\":545,\"caption\":\"Herbaday\"},\"image\":{\"@id\":\"https:\/\/herbaday.sk\/#\/schema\/logo\/image\/\"}}]}<\/script>\n<!-- \/ Yoast SEO plugin. -->","yoast_head_json":{"title":"Phyto Complete s\u00e1\u010dok 60 tabliet - Herbaday","description":"Phyto Complete s\u00e1\u010dok 60 tabliet obsahuje Fiit-NS\u2122, vitam\u00edny C a B3 a sl\u00fa\u017ei ako praktick\u00e9 n\u00e1hradn\u00e9 balenie na cel\u00fd mesiac.","robots":{"index":"index","follow":"follow","max-snippet":"max-snippet:-1","max-image-preview":"max-image-preview:large","max-video-preview":"max-video-preview:-1"},"canonical":"https:\/\/herbaday.sk\/index.php\/product\/phyto-complete-sacok-60-tabliet\/","og_locale":"sk_SK","og_type":"article","og_title":"Phyto Complete s\u00e1\u010dok 60 tabliet - Herbaday","og_description":"Phyto Complete s\u00e1\u010dok 60 tabliet obsahuje Fiit-NS\u2122, vitam\u00edny C a B3 a sl\u00fa\u017ei ako praktick\u00e9 n\u00e1hradn\u00e9 balenie na cel\u00fd mesiac.","og_url":"https:\/\/herbaday.sk\/index.php\/product\/phyto-complete-sacok-60-tabliet\/","og_site_name":"Herbaday","article_modified_time":"2026-03-11T13:04:45+00:00","og_image":[{"width":800,"height":800,"url":"https:\/\/i0.wp.com\/herbaday.sk\/wp-content\/uploads\/2026\/03\/cq5dam.web_.800.800-1.png?fit=800%2C800&ssl=1","type":"image\/png"}],"twitter_card":"summary_large_image","twitter_misc":{"Predpokladan\u00fd \u010das \u010d\u00edtania":"1 min\u00fata"},"schema":{"@context":"https:\/\/schema.org","@graph":[{"@type":"WebPage","@id":"https:\/\/herbaday.sk\/index.php\/product\/phyto-complete-sacok-60-tabliet\/","url":"https:\/\/herbaday.sk\/index.php\/product\/phyto-complete-sacok-60-tabliet\/","name":"Phyto Complete s\u00e1\u010dok 60 tabliet - Herbaday","isPartOf":{"@id":"https:\/\/herbaday.sk\/#website"},"primaryImageOfPage":{"@id":"https:\/\/herbaday.sk\/index.php\/product\/phyto-complete-sacok-60-tabliet\/#primaryimage"},"image":{"@id":"https:\/\/herbaday.sk\/index.php\/product\/phyto-complete-sacok-60-tabliet\/#primaryimage"},"thumbnailUrl":"https:\/\/i0.wp.com\/herbaday.sk\/wp-content\/uploads\/2026\/03\/cq5dam.web_.800.800-1.png?fit=800%2C800&ssl=1","datePublished":"2026-03-11T12:58:44+00:00","dateModified":"2026-03-11T13:04:45+00:00","description":"Phyto Complete s\u00e1\u010dok 60 tabliet obsahuje Fiit-NS\u2122, vitam\u00edny C a B3 a sl\u00fa\u017ei ako praktick\u00e9 n\u00e1hradn\u00e9 balenie na cel\u00fd mesiac.","breadcrumb":{"@id":"https:\/\/herbaday.sk\/index.php\/product\/phyto-complete-sacok-60-tabliet\/#breadcrumb"},"inLanguage":"sk-SK","potentialAction":[{"@type":"ReadAction","target":["https:\/\/herbaday.sk\/index.php\/product\/phyto-complete-sacok-60-tabliet\/"]}]},{"@type":"ImageObject","inLanguage":"sk-SK","@id":"https:\/\/herbaday.sk\/index.php\/product\/phyto-complete-sacok-60-tabliet\/#primaryimage","url":"https:\/\/i0.wp.com\/herbaday.sk\/wp-content\/uploads\/2026\/03\/cq5dam.web_.800.800-1.png?fit=800%2C800&ssl=1","contentUrl":"https:\/\/i0.wp.com\/herbaday.sk\/wp-content\/uploads\/2026\/03\/cq5dam.web_.800.800-1.png?fit=800%2C800&ssl=1","width":800,"height":800,"caption":"Phyto Complete s\u00e1\u010dok 60 tabliet"},{"@type":"BreadcrumbList","@id":"https:\/\/herbaday.sk\/index.php\/product\/phyto-complete-sacok-60-tabliet\/#breadcrumb","itemListElement":[{"@type":"ListItem","position":1,"name":"Domovsk\u00e1 str\u00e1nka","item":"https:\/\/herbaday.sk\/"},{"@type":"ListItem","position":2,"name":"Shop","item":"https:\/\/herbaday.sk\/index.php\/shop\/"},{"@type":"ListItem","position":3,"name":"Phyto Complete s\u00e1\u010dok 60 tabliet"}]},{"@type":"WebSite","@id":"https:\/\/herbaday.sk\/#website","url":"https:\/\/herbaday.sk\/","name":"Herbaday","description":"Nez\u00e1visl\u00fd \u010dlen Herbalife Nutrition","publisher":{"@id":"https:\/\/herbaday.sk\/#organization"},"potentialAction":[{"@type":"SearchAction","target":{"@type":"EntryPoint","urlTemplate":"https:\/\/herbaday.sk\/?s={search_term_string}"},"query-input":{"@type":"PropertyValueSpecification","valueRequired":true,"valueName":"search_term_string"}}],"inLanguage":"sk-SK"},{"@type":"Organization","@id":"https:\/\/herbaday.sk\/#organization","name":"Herbaday","url":"https:\/\/herbaday.sk\/","logo":{"@type":"ImageObject","inLanguage":"sk-SK","@id":"https:\/\/herbaday.sk\/#\/schema\/logo\/image\/","url":"http:\/\/herbaday.sk\/wp-content\/uploads\/2020\/11\/herbaday_logo.png","contentUrl":"http:\/\/herbaday.sk\/wp-content\/uploads\/2020\/11\/herbaday_logo.png","width":2214,"height":545,"caption":"Herbaday"},"image":{"@id":"https:\/\/herbaday.sk\/#\/schema\/logo\/image\/"}}]}},"jetpack_sharing_enabled":true,"_links":{"self":[{"href":"https:\/\/herbaday.sk\/index.php\/wp-json\/wp\/v2\/product\/209720","targetHints":{"allow":["GET"]}}],"collection":[{"href":"https:\/\/herbaday.sk\/index.php\/wp-json\/wp\/v2\/product"}],"about":[{"href":"https:\/\/herbaday.sk\/index.php\/wp-json\/wp\/v2\/types\/product"}],"replies":[{"embeddable":true,"href":"https:\/\/herbaday.sk\/index.php\/wp-json\/wp\/v2\/comments?post=209720"}],"wp:featuredmedia":[{"embeddable":true,"href":"https:\/\/herbaday.sk\/index.php\/wp-json\/wp\/v2\/media\/209718"}],"wp:attachment":[{"href":"https:\/\/herbaday.sk\/index.php\/wp-json\/wp\/v2\/media?parent=209720"}],"wp:term":[{"taxonomy":"product_brand","embeddable":true,"href":"https:\/\/herbaday.sk\/index.php\/wp-json\/wp\/v2\/product_brand?post=209720"},{"taxonomy":"product_cat","embeddable":true,"href":"https:\/\/herbaday.sk\/index.php\/wp-json\/wp\/v2\/product_cat?post=209720"},{"taxonomy":"product_tag","embeddable":true,"href":"https:\/\/herbaday.sk\/index.php\/wp-json\/wp\/v2\/product_tag?post=209720"}],"curies":[{"name":"wp","href":"https:\/\/api.w.org\/{rel}","templated":true}]}}