{"id":209747,"date":"2026-03-27T21:47:31","date_gmt":"2026-03-27T21:47:31","guid":{"rendered":"https:\/\/herbaday.sk\/?post_type=product&#038;p=209747"},"modified":"2026-03-27T22:02:18","modified_gmt":"2026-03-27T22:02:18","slug":"formula-1-jahoda-a-melon-limitovana-edicia-550-g","status":"publish","type":"product","link":"https:\/\/herbaday.sk\/index.php\/product\/formula-1-jahoda-a-melon-limitovana-edicia-550-g\/","title":{"rendered":"Formula 1 Jahoda a mel\u00f3n &#8211; limitovan\u00e1 ed\u00edcia 550 g"},"content":{"rendered":"<p><strong>Formula 1 Jahoda a mel\u00f3n &#8211; limitovan\u00e1 ed\u00edcia 550 g<\/strong> je limitovan\u00e1 verzia ob\u013e\u00faben\u00e9ho Herbalife koktailu s osvie\u017euj\u00facou kombin\u00e1ciou jahody a mel\u00f3nu.<\/p>\n<p>Toto nutri\u010dne bohat\u00e9 jedlo vo forme koktailu obsahuje vysokokvalitn\u00e9 s\u00f3jov\u00e9 bielkoviny, vitam\u00edny, miner\u00e1ly, vl\u00e1kninu a pr\u00edrodn\u00e9 ar\u00f3my. Je praktick\u00e9 na pr\u00edpravu a ide\u00e1lne ako ra\u0148ajky, obed, ve\u010dera alebo v\u00fd\u017eivn\u00e1 desiata.<\/p>\n<h3>K\u013e\u00fa\u010dov\u00e9 v\u00fdhody<\/h3>\n<ul>\n<li>Vysok\u00fd obsah bielkov\u00edn<\/li>\n<li>Nutri\u010dne bohat\u00e9 jedlo alebo desiata<\/li>\n<li>26 k\u013e\u00fa\u010dov\u00fdch vitam\u00ednov a miner\u00e1lov*<\/li>\n<li>Vhodn\u00e9 pre veg\u00e1nov<\/li>\n<li>Pr\u00edrodn\u00e1 ar\u00f3ma<\/li>\n<li>Bez lepku<\/li>\n<\/ul>\n<h3>R\u00fdchle fakty<\/h3>\n<p>Pri pr\u00edprave s 250 ml polotu\u010dn\u00e9ho mlieka obsahuje jedna porcia pribli\u017ene:<\/p>\n<ul>\n<li>216 kcal<\/li>\n<li>18 g bielkov\u00edn<\/li>\n<li>4 g vl\u00e1kniny<\/li>\n<\/ul>\n<p>Pri pr\u00edprave s 2 odmerkami PDM Vegan a 300 ml vody obsahuje jedna porcia pribli\u017ene:<\/p>\n<ul>\n<li>201 kcal<\/li>\n<li>24 g bielkov\u00edn<\/li>\n<li>5 g vl\u00e1kniny<\/li>\n<\/ul>\n<h3>Pou\u017eitie<\/h3>\n<p>Pred pou\u017eit\u00edm balenie jemne pretrepte. Na pr\u00edpravu koktailu zmie\u0161ajte dve odmerky pr\u00e1\u0161ku (pribli\u017ene 26 g) s 250 ml studen\u00e9ho polotu\u010dn\u00e9ho mlieka (1,5 % tuku).<\/p>\n<p>Ak chcete variant bez mlieka alebo s\u00f3jov\u00e9ho n\u00e1poja, zmie\u0161ajte dve odmerky Formula 1 (26 g) s dvoma odmerkami PDM Vegan (28 g) a 300 ml vody.<\/p>\n<p><em>* Limitovan\u00e1 ed\u00edcia F1 obsahuje 26 vitam\u00ednov a miner\u00e1lov pri pr\u00edprave s PDM Vegan a vodou alebo s polotu\u010dn\u00fdm mliekom.<\/em><\/p>\n","protected":false},"excerpt":{"rendered":"<p>Limitovan\u00e1 ed\u00edcia Formula 1 s pr\u00edchu\u0165ou jahody a mel\u00f3nu. Lahodn\u00fd a v\u00fd\u017eivn\u00fd koktail ako n\u00e1hrada jedla na ra\u0148ajky, obed alebo ve\u010deru.<\/p>\n","protected":false},"featured_media":209746,"comment_status":"open","ping_status":"closed","template":"","meta":[],"product_brand":[],"product_cat":[19],"product_tag":[],"class_list":{"0":"post-209747","1":"product","2":"type-product","3":"status-publish","4":"has-post-thumbnail","6":"product_cat-vyvazene-jedlo","8":"first","9":"instock","10":"taxable","11":"shipping-taxable","12":"purchasable","13":"product-type-simple"},"yoast_head":"<!-- This site is optimized with the Yoast SEO plugin v24.3 - https:\/\/yoast.com\/wordpress\/plugins\/seo\/ -->\n<title>Formula 1 Jahoda a mel\u00f3n - limitovan\u00e1 ed\u00edcia 550 g | Herbaday<\/title>\n<meta name=\"description\" content=\"Limitovan\u00e1 ed\u00edcia Formula 1 s pr\u00edchu\u0165ou jahody a mel\u00f3nu. V\u00fd\u017eivn\u00fd koktail ako n\u00e1hrada jedla na ra\u0148ajky, obed alebo ve\u010deru. Objednajte online na Herbaday.\" \/>\n<meta name=\"robots\" content=\"index, follow, max-snippet:-1, max-image-preview:large, max-video-preview:-1\" \/>\n<link rel=\"canonical\" href=\"https:\/\/herbaday.sk\/index.php\/product\/formula-1-jahoda-a-melon-limitovana-edicia-550-g\/\" \/>\n<meta property=\"og:locale\" content=\"sk_SK\" \/>\n<meta property=\"og:type\" content=\"article\" \/>\n<meta property=\"og:title\" content=\"Formula 1 Jahoda a mel\u00f3n - limitovan\u00e1 ed\u00edcia 550 g | Herbaday\" \/>\n<meta property=\"og:description\" content=\"Limitovan\u00e1 ed\u00edcia Formula 1 s pr\u00edchu\u0165ou jahody a mel\u00f3nu. V\u00fd\u017eivn\u00fd koktail ako n\u00e1hrada jedla na ra\u0148ajky, obed alebo ve\u010deru. Objednajte online na Herbaday.\" \/>\n<meta property=\"og:url\" content=\"https:\/\/herbaday.sk\/index.php\/product\/formula-1-jahoda-a-melon-limitovana-edicia-550-g\/\" \/>\n<meta property=\"og:site_name\" content=\"Herbaday\" \/>\n<meta property=\"article:modified_time\" content=\"2026-03-27T22:02:18+00:00\" \/>\n<meta property=\"og:image\" content=\"https:\/\/i0.wp.com\/herbaday.sk\/wp-content\/uploads\/2026\/03\/cq5dam.web_.800.800-2.png?fit=800%2C1231&ssl=1\" \/>\n\t<meta property=\"og:image:width\" content=\"800\" \/>\n\t<meta property=\"og:image:height\" content=\"1231\" \/>\n\t<meta property=\"og:image:type\" content=\"image\/png\" \/>\n<meta name=\"twitter:card\" content=\"summary_large_image\" \/>\n<meta name=\"twitter:label1\" content=\"Predpokladan\u00fd \u010das \u010d\u00edtania\" \/>\n\t<meta name=\"twitter:data1\" content=\"1 min\u00fata\" \/>\n<script type=\"application\/ld+json\" class=\"yoast-schema-graph\">{\"@context\":\"https:\/\/schema.org\",\"@graph\":[{\"@type\":\"WebPage\",\"@id\":\"https:\/\/herbaday.sk\/index.php\/product\/formula-1-jahoda-a-melon-limitovana-edicia-550-g\/\",\"url\":\"https:\/\/herbaday.sk\/index.php\/product\/formula-1-jahoda-a-melon-limitovana-edicia-550-g\/\",\"name\":\"Formula 1 Jahoda a mel\u00f3n - limitovan\u00e1 ed\u00edcia 550 g | Herbaday\",\"isPartOf\":{\"@id\":\"https:\/\/herbaday.sk\/#website\"},\"primaryImageOfPage\":{\"@id\":\"https:\/\/herbaday.sk\/index.php\/product\/formula-1-jahoda-a-melon-limitovana-edicia-550-g\/#primaryimage\"},\"image\":{\"@id\":\"https:\/\/herbaday.sk\/index.php\/product\/formula-1-jahoda-a-melon-limitovana-edicia-550-g\/#primaryimage\"},\"thumbnailUrl\":\"https:\/\/i0.wp.com\/herbaday.sk\/wp-content\/uploads\/2026\/03\/cq5dam.web_.800.800-2.png?fit=800%2C1231&ssl=1\",\"datePublished\":\"2026-03-27T21:47:31+00:00\",\"dateModified\":\"2026-03-27T22:02:18+00:00\",\"description\":\"Limitovan\u00e1 ed\u00edcia Formula 1 s pr\u00edchu\u0165ou jahody a mel\u00f3nu. V\u00fd\u017eivn\u00fd koktail ako n\u00e1hrada jedla na ra\u0148ajky, obed alebo ve\u010deru. Objednajte online na Herbaday.\",\"breadcrumb\":{\"@id\":\"https:\/\/herbaday.sk\/index.php\/product\/formula-1-jahoda-a-melon-limitovana-edicia-550-g\/#breadcrumb\"},\"inLanguage\":\"sk-SK\",\"potentialAction\":[{\"@type\":\"ReadAction\",\"target\":[\"https:\/\/herbaday.sk\/index.php\/product\/formula-1-jahoda-a-melon-limitovana-edicia-550-g\/\"]}]},{\"@type\":\"ImageObject\",\"inLanguage\":\"sk-SK\",\"@id\":\"https:\/\/herbaday.sk\/index.php\/product\/formula-1-jahoda-a-melon-limitovana-edicia-550-g\/#primaryimage\",\"url\":\"https:\/\/i0.wp.com\/herbaday.sk\/wp-content\/uploads\/2026\/03\/cq5dam.web_.800.800-2.png?fit=800%2C1231&ssl=1\",\"contentUrl\":\"https:\/\/i0.wp.com\/herbaday.sk\/wp-content\/uploads\/2026\/03\/cq5dam.web_.800.800-2.png?fit=800%2C1231&ssl=1\",\"width\":800,\"height\":1231,\"caption\":\"Formula 1 Jahoda a mel\u00f3n limitovan\u00e1 ed\u00edcia 550 g\"},{\"@type\":\"BreadcrumbList\",\"@id\":\"https:\/\/herbaday.sk\/index.php\/product\/formula-1-jahoda-a-melon-limitovana-edicia-550-g\/#breadcrumb\",\"itemListElement\":[{\"@type\":\"ListItem\",\"position\":1,\"name\":\"Domovsk\u00e1 str\u00e1nka\",\"item\":\"https:\/\/herbaday.sk\/\"},{\"@type\":\"ListItem\",\"position\":2,\"name\":\"Shop\",\"item\":\"https:\/\/herbaday.sk\/index.php\/shop\/\"},{\"@type\":\"ListItem\",\"position\":3,\"name\":\"Formula 1 Jahoda a mel\u00f3n &#8211; limitovan\u00e1 ed\u00edcia 550 g\"}]},{\"@type\":\"WebSite\",\"@id\":\"https:\/\/herbaday.sk\/#website\",\"url\":\"https:\/\/herbaday.sk\/\",\"name\":\"Herbaday\",\"description\":\"Nez\u00e1visl\u00fd \u010dlen Herbalife Nutrition\",\"publisher\":{\"@id\":\"https:\/\/herbaday.sk\/#organization\"},\"potentialAction\":[{\"@type\":\"SearchAction\",\"target\":{\"@type\":\"EntryPoint\",\"urlTemplate\":\"https:\/\/herbaday.sk\/?s={search_term_string}\"},\"query-input\":{\"@type\":\"PropertyValueSpecification\",\"valueRequired\":true,\"valueName\":\"search_term_string\"}}],\"inLanguage\":\"sk-SK\"},{\"@type\":\"Organization\",\"@id\":\"https:\/\/herbaday.sk\/#organization\",\"name\":\"Herbaday\",\"url\":\"https:\/\/herbaday.sk\/\",\"logo\":{\"@type\":\"ImageObject\",\"inLanguage\":\"sk-SK\",\"@id\":\"https:\/\/herbaday.sk\/#\/schema\/logo\/image\/\",\"url\":\"http:\/\/herbaday.sk\/wp-content\/uploads\/2020\/11\/herbaday_logo.png\",\"contentUrl\":\"http:\/\/herbaday.sk\/wp-content\/uploads\/2020\/11\/herbaday_logo.png\",\"width\":2214,\"height\":545,\"caption\":\"Herbaday\"},\"image\":{\"@id\":\"https:\/\/herbaday.sk\/#\/schema\/logo\/image\/\"}}]}<\/script>\n<!-- \/ Yoast SEO plugin. -->","yoast_head_json":{"title":"Formula 1 Jahoda a mel\u00f3n - limitovan\u00e1 ed\u00edcia 550 g | Herbaday","description":"Limitovan\u00e1 ed\u00edcia Formula 1 s pr\u00edchu\u0165ou jahody a mel\u00f3nu. V\u00fd\u017eivn\u00fd koktail ako n\u00e1hrada jedla na ra\u0148ajky, obed alebo ve\u010deru. Objednajte online na Herbaday.","robots":{"index":"index","follow":"follow","max-snippet":"max-snippet:-1","max-image-preview":"max-image-preview:large","max-video-preview":"max-video-preview:-1"},"canonical":"https:\/\/herbaday.sk\/index.php\/product\/formula-1-jahoda-a-melon-limitovana-edicia-550-g\/","og_locale":"sk_SK","og_type":"article","og_title":"Formula 1 Jahoda a mel\u00f3n - limitovan\u00e1 ed\u00edcia 550 g | Herbaday","og_description":"Limitovan\u00e1 ed\u00edcia Formula 1 s pr\u00edchu\u0165ou jahody a mel\u00f3nu. V\u00fd\u017eivn\u00fd koktail ako n\u00e1hrada jedla na ra\u0148ajky, obed alebo ve\u010deru. Objednajte online na Herbaday.","og_url":"https:\/\/herbaday.sk\/index.php\/product\/formula-1-jahoda-a-melon-limitovana-edicia-550-g\/","og_site_name":"Herbaday","article_modified_time":"2026-03-27T22:02:18+00:00","og_image":[{"width":800,"height":1231,"url":"https:\/\/i0.wp.com\/herbaday.sk\/wp-content\/uploads\/2026\/03\/cq5dam.web_.800.800-2.png?fit=800%2C1231&ssl=1","type":"image\/png"}],"twitter_card":"summary_large_image","twitter_misc":{"Predpokladan\u00fd \u010das \u010d\u00edtania":"1 min\u00fata"},"schema":{"@context":"https:\/\/schema.org","@graph":[{"@type":"WebPage","@id":"https:\/\/herbaday.sk\/index.php\/product\/formula-1-jahoda-a-melon-limitovana-edicia-550-g\/","url":"https:\/\/herbaday.sk\/index.php\/product\/formula-1-jahoda-a-melon-limitovana-edicia-550-g\/","name":"Formula 1 Jahoda a mel\u00f3n - limitovan\u00e1 ed\u00edcia 550 g | Herbaday","isPartOf":{"@id":"https:\/\/herbaday.sk\/#website"},"primaryImageOfPage":{"@id":"https:\/\/herbaday.sk\/index.php\/product\/formula-1-jahoda-a-melon-limitovana-edicia-550-g\/#primaryimage"},"image":{"@id":"https:\/\/herbaday.sk\/index.php\/product\/formula-1-jahoda-a-melon-limitovana-edicia-550-g\/#primaryimage"},"thumbnailUrl":"https:\/\/i0.wp.com\/herbaday.sk\/wp-content\/uploads\/2026\/03\/cq5dam.web_.800.800-2.png?fit=800%2C1231&ssl=1","datePublished":"2026-03-27T21:47:31+00:00","dateModified":"2026-03-27T22:02:18+00:00","description":"Limitovan\u00e1 ed\u00edcia Formula 1 s pr\u00edchu\u0165ou jahody a mel\u00f3nu. V\u00fd\u017eivn\u00fd koktail ako n\u00e1hrada jedla na ra\u0148ajky, obed alebo ve\u010deru. Objednajte online na Herbaday.","breadcrumb":{"@id":"https:\/\/herbaday.sk\/index.php\/product\/formula-1-jahoda-a-melon-limitovana-edicia-550-g\/#breadcrumb"},"inLanguage":"sk-SK","potentialAction":[{"@type":"ReadAction","target":["https:\/\/herbaday.sk\/index.php\/product\/formula-1-jahoda-a-melon-limitovana-edicia-550-g\/"]}]},{"@type":"ImageObject","inLanguage":"sk-SK","@id":"https:\/\/herbaday.sk\/index.php\/product\/formula-1-jahoda-a-melon-limitovana-edicia-550-g\/#primaryimage","url":"https:\/\/i0.wp.com\/herbaday.sk\/wp-content\/uploads\/2026\/03\/cq5dam.web_.800.800-2.png?fit=800%2C1231&ssl=1","contentUrl":"https:\/\/i0.wp.com\/herbaday.sk\/wp-content\/uploads\/2026\/03\/cq5dam.web_.800.800-2.png?fit=800%2C1231&ssl=1","width":800,"height":1231,"caption":"Formula 1 Jahoda a mel\u00f3n limitovan\u00e1 ed\u00edcia 550 g"},{"@type":"BreadcrumbList","@id":"https:\/\/herbaday.sk\/index.php\/product\/formula-1-jahoda-a-melon-limitovana-edicia-550-g\/#breadcrumb","itemListElement":[{"@type":"ListItem","position":1,"name":"Domovsk\u00e1 str\u00e1nka","item":"https:\/\/herbaday.sk\/"},{"@type":"ListItem","position":2,"name":"Shop","item":"https:\/\/herbaday.sk\/index.php\/shop\/"},{"@type":"ListItem","position":3,"name":"Formula 1 Jahoda a mel\u00f3n &#8211; limitovan\u00e1 ed\u00edcia 550 g"}]},{"@type":"WebSite","@id":"https:\/\/herbaday.sk\/#website","url":"https:\/\/herbaday.sk\/","name":"Herbaday","description":"Nez\u00e1visl\u00fd \u010dlen Herbalife Nutrition","publisher":{"@id":"https:\/\/herbaday.sk\/#organization"},"potentialAction":[{"@type":"SearchAction","target":{"@type":"EntryPoint","urlTemplate":"https:\/\/herbaday.sk\/?s={search_term_string}"},"query-input":{"@type":"PropertyValueSpecification","valueRequired":true,"valueName":"search_term_string"}}],"inLanguage":"sk-SK"},{"@type":"Organization","@id":"https:\/\/herbaday.sk\/#organization","name":"Herbaday","url":"https:\/\/herbaday.sk\/","logo":{"@type":"ImageObject","inLanguage":"sk-SK","@id":"https:\/\/herbaday.sk\/#\/schema\/logo\/image\/","url":"http:\/\/herbaday.sk\/wp-content\/uploads\/2020\/11\/herbaday_logo.png","contentUrl":"http:\/\/herbaday.sk\/wp-content\/uploads\/2020\/11\/herbaday_logo.png","width":2214,"height":545,"caption":"Herbaday"},"image":{"@id":"https:\/\/herbaday.sk\/#\/schema\/logo\/image\/"}}]}},"jetpack_sharing_enabled":true,"_links":{"self":[{"href":"https:\/\/herbaday.sk\/index.php\/wp-json\/wp\/v2\/product\/209747","targetHints":{"allow":["GET"]}}],"collection":[{"href":"https:\/\/herbaday.sk\/index.php\/wp-json\/wp\/v2\/product"}],"about":[{"href":"https:\/\/herbaday.sk\/index.php\/wp-json\/wp\/v2\/types\/product"}],"replies":[{"embeddable":true,"href":"https:\/\/herbaday.sk\/index.php\/wp-json\/wp\/v2\/comments?post=209747"}],"wp:featuredmedia":[{"embeddable":true,"href":"https:\/\/herbaday.sk\/index.php\/wp-json\/wp\/v2\/media\/209746"}],"wp:attachment":[{"href":"https:\/\/herbaday.sk\/index.php\/wp-json\/wp\/v2\/media?parent=209747"}],"wp:term":[{"taxonomy":"product_brand","embeddable":true,"href":"https:\/\/herbaday.sk\/index.php\/wp-json\/wp\/v2\/product_brand?post=209747"},{"taxonomy":"product_cat","embeddable":true,"href":"https:\/\/herbaday.sk\/index.php\/wp-json\/wp\/v2\/product_cat?post=209747"},{"taxonomy":"product_tag","embeddable":true,"href":"https:\/\/herbaday.sk\/index.php\/wp-json\/wp\/v2\/product_tag?post=209747"}],"curies":[{"name":"wp","href":"https:\/\/api.w.org\/{rel}","templated":true}]}}