{"id":86,"date":"2020-11-13T07:59:21","date_gmt":"2020-11-13T07:59:21","guid":{"rendered":"https:\/\/herbaday.eu\/?post_type=product&#038;p=86"},"modified":"2025-01-06T19:57:07","modified_gmt":"2025-01-06T19:57:07","slug":"proteinove-tycinky-14-tyciniek-v-krabici","status":"publish","type":"product","link":"https:\/\/herbaday.sk\/index.php\/product\/proteinove-tycinky-14-tyciniek-v-krabici\/","title":{"rendered":"Prote\u00ednov\u00e9 ty\u010dinky &#8211; 14 ty\u010diniek v krabici"},"content":{"rendered":"<h3 id=\"info-toggle\">N\u00e1h\u013ead na Produkt<\/h3>\n<div class=\"info-content\">\n<article>\n<p class=\"overview\" data-bind=\"html: Overview, visible: Overview\">Prote\u00ednov\u00e1 ty\u010dinka\u00a0m\u00e1 vysok\u00fd obsah prote\u00ednu a je skvelou vo\u013ebou, ak t\u00fa\u017eite po lahodnej desiate po\u010das d\u0148a, alebo na cest\u00e1ch. M\u00e1te chu\u0165 ma\u0161krti\u0165? Potla\u010dte chu\u0165 na \u010dokol\u00e1du s v\u00fdbornou desiatou s vysok\u00fdm obsahom prote\u00ednu alebo si t\u00fato zdrav\u00fa* ma\u0161krtu doprajte pred alebo po cvi\u010den\u00ed.<\/p>\n<h5 data-bind=\"visible: KeyBenefits\">K\u013e\u00fa\u010dov\u00e9 V\u00fdhody<\/h5>\n<div class=\"disc\" data-bind=\"visible: KeyBenefits, html: KeyBenefits\">\u2022 140 kcal** v jednej ty\u010dinke, \u010do je menej ne\u017e u v\u00e4\u010d\u0161iny be\u017en\u00fdch \u010dokol\u00e1dov\u00fdch ty\u010diniek \u2022 Obsahuje 10 g vysoko kvalitn\u00e9ho prote\u00ednu, ktor\u00fd pom\u00e1ha tvori\u0165 beztukov\u00fa svalov\u00fa hmotu \u2022 Dod\u00e1va 15 g sacharidov v ka\u017edej porcii, ktor\u00e9 v\u00e1s pri tr\u00e9ningu \u201enakopn\u00fa\u201c \u2022 Vysok\u00fd obsah vitam\u00ednov B1, B2, kyseliny pantotenovej, B6 a vitam\u00ednu E.<\/div>\n<\/article>\n<\/div>\n","protected":false},"excerpt":{"rendered":"<p>N\u00e1h\u013ead na Produkt Prote\u00ednov\u00e1 ty\u010dinka\u00a0m\u00e1 vysok\u00fd obsah prote\u00ednu a je skvelou vo\u013ebou, ak t\u00fa\u017eite po lahodnej desiate po\u010das d\u0148a, alebo na cest\u00e1ch. M\u00e1te chu\u0165 ma\u0161krti\u0165? Potla\u010dte chu\u0165 na \u010dokol\u00e1du s v\u00fdbornou desiatou s vysok\u00fdm obsahom prote\u00ednu alebo si t\u00fato zdrav\u00fa* ma\u0161krtu doprajte pred alebo po cvi\u010den\u00ed. K\u013e\u00fa\u010dov\u00e9 V\u00fdhody \u2022 140 kcal** v jednej ty\u010dinke, \u010do [&#8230;]\n","protected":false},"featured_media":514,"comment_status":"open","ping_status":"closed","template":"","meta":[],"product_brand":[],"product_cat":[20],"product_tag":[],"class_list":{"0":"post-86","1":"product","2":"type-product","3":"status-publish","4":"has-post-thumbnail","6":"product_cat-proteinove-desiaty","8":"first","9":"instock","10":"taxable","11":"shipping-taxable","12":"purchasable","13":"product-type-variable","14":"has-default-attributes"},"yoast_head":"<!-- This site is optimized with the Yoast SEO plugin v24.3 - https:\/\/yoast.com\/wordpress\/plugins\/seo\/ -->\n<title>Prote\u00ednov\u00e9 ty\u010dinky - 14 ty\u010diniek v krabici - Herbaday<\/title>\n<meta name=\"robots\" content=\"index, follow, max-snippet:-1, max-image-preview:large, max-video-preview:-1\" \/>\n<link rel=\"canonical\" href=\"https:\/\/herbaday.sk\/index.php\/product\/proteinove-tycinky-14-tyciniek-v-krabici\/\" \/>\n<meta property=\"og:locale\" content=\"sk_SK\" \/>\n<meta property=\"og:type\" content=\"article\" \/>\n<meta property=\"og:title\" content=\"Prote\u00ednov\u00e9 ty\u010dinky - 14 ty\u010diniek v krabici - Herbaday\" \/>\n<meta property=\"og:description\" content=\"N\u00e1h\u013ead na Produkt Prote\u00ednov\u00e1 ty\u010dinka\u00a0m\u00e1 vysok\u00fd obsah prote\u00ednu a je skvelou vo\u013ebou, ak t\u00fa\u017eite po lahodnej desiate po\u010das d\u0148a, alebo na cest\u00e1ch. M\u00e1te chu\u0165 ma\u0161krti\u0165? Potla\u010dte chu\u0165 na \u010dokol\u00e1du s v\u00fdbornou desiatou s vysok\u00fdm obsahom prote\u00ednu alebo si t\u00fato zdrav\u00fa* ma\u0161krtu doprajte pred alebo po cvi\u010den\u00ed. K\u013e\u00fa\u010dov\u00e9 V\u00fdhody \u2022 140 kcal** v jednej ty\u010dinke, \u010do [...]\" \/>\n<meta property=\"og:url\" content=\"https:\/\/herbaday.sk\/index.php\/product\/proteinove-tycinky-14-tyciniek-v-krabici\/\" \/>\n<meta property=\"og:site_name\" content=\"Herbaday\" \/>\n<meta property=\"article:modified_time\" content=\"2025-01-06T19:57:07+00:00\" \/>\n<meta property=\"og:image\" content=\"https:\/\/i0.wp.com\/herbaday.sk\/wp-content\/uploads\/2020\/11\/3976-sk-protein-bars-citrus-lemon-14-bars.jpg?fit=1300%2C1300&ssl=1\" \/>\n\t<meta property=\"og:image:width\" content=\"1300\" \/>\n\t<meta property=\"og:image:height\" content=\"1300\" \/>\n\t<meta property=\"og:image:type\" content=\"image\/jpeg\" \/>\n<meta name=\"twitter:card\" content=\"summary_large_image\" \/>\n<meta name=\"twitter:label1\" content=\"Predpokladan\u00fd \u010das \u010d\u00edtania\" \/>\n\t<meta name=\"twitter:data1\" content=\"1 min\u00fata\" \/>\n<script type=\"application\/ld+json\" class=\"yoast-schema-graph\">{\"@context\":\"https:\/\/schema.org\",\"@graph\":[{\"@type\":\"WebPage\",\"@id\":\"https:\/\/herbaday.sk\/index.php\/product\/proteinove-tycinky-14-tyciniek-v-krabici\/\",\"url\":\"https:\/\/herbaday.sk\/index.php\/product\/proteinove-tycinky-14-tyciniek-v-krabici\/\",\"name\":\"Prote\u00ednov\u00e9 ty\u010dinky - 14 ty\u010diniek v krabici - Herbaday\",\"isPartOf\":{\"@id\":\"https:\/\/herbaday.sk\/#website\"},\"primaryImageOfPage\":{\"@id\":\"https:\/\/herbaday.sk\/index.php\/product\/proteinove-tycinky-14-tyciniek-v-krabici\/#primaryimage\"},\"image\":{\"@id\":\"https:\/\/herbaday.sk\/index.php\/product\/proteinove-tycinky-14-tyciniek-v-krabici\/#primaryimage\"},\"thumbnailUrl\":\"https:\/\/i0.wp.com\/herbaday.sk\/wp-content\/uploads\/2020\/11\/3976-sk-protein-bars-citrus-lemon-14-bars.jpg?fit=1300%2C1300&ssl=1\",\"datePublished\":\"2020-11-13T07:59:21+00:00\",\"dateModified\":\"2025-01-06T19:57:07+00:00\",\"breadcrumb\":{\"@id\":\"https:\/\/herbaday.sk\/index.php\/product\/proteinove-tycinky-14-tyciniek-v-krabici\/#breadcrumb\"},\"inLanguage\":\"sk-SK\",\"potentialAction\":[{\"@type\":\"ReadAction\",\"target\":[\"https:\/\/herbaday.sk\/index.php\/product\/proteinove-tycinky-14-tyciniek-v-krabici\/\"]}]},{\"@type\":\"ImageObject\",\"inLanguage\":\"sk-SK\",\"@id\":\"https:\/\/herbaday.sk\/index.php\/product\/proteinove-tycinky-14-tyciniek-v-krabici\/#primaryimage\",\"url\":\"https:\/\/i0.wp.com\/herbaday.sk\/wp-content\/uploads\/2020\/11\/3976-sk-protein-bars-citrus-lemon-14-bars.jpg?fit=1300%2C1300&ssl=1\",\"contentUrl\":\"https:\/\/i0.wp.com\/herbaday.sk\/wp-content\/uploads\/2020\/11\/3976-sk-protein-bars-citrus-lemon-14-bars.jpg?fit=1300%2C1300&ssl=1\",\"width\":1300,\"height\":1300,\"caption\":\"Prote\u00ednov\u00e1 ty\u010dinka citr\u00f3nov\u00e1.\"},{\"@type\":\"BreadcrumbList\",\"@id\":\"https:\/\/herbaday.sk\/index.php\/product\/proteinove-tycinky-14-tyciniek-v-krabici\/#breadcrumb\",\"itemListElement\":[{\"@type\":\"ListItem\",\"position\":1,\"name\":\"Domovsk\u00e1 str\u00e1nka\",\"item\":\"https:\/\/herbaday.sk\/\"},{\"@type\":\"ListItem\",\"position\":2,\"name\":\"Shop\",\"item\":\"https:\/\/herbaday.sk\/index.php\/shop\/\"},{\"@type\":\"ListItem\",\"position\":3,\"name\":\"Prote\u00ednov\u00e9 ty\u010dinky &#8211; 14 ty\u010diniek v krabici\"}]},{\"@type\":\"WebSite\",\"@id\":\"https:\/\/herbaday.sk\/#website\",\"url\":\"https:\/\/herbaday.sk\/\",\"name\":\"Herbaday\",\"description\":\"Nez\u00e1visl\u00fd \u010dlen Herbalife Nutrition\",\"publisher\":{\"@id\":\"https:\/\/herbaday.sk\/#organization\"},\"potentialAction\":[{\"@type\":\"SearchAction\",\"target\":{\"@type\":\"EntryPoint\",\"urlTemplate\":\"https:\/\/herbaday.sk\/?s={search_term_string}\"},\"query-input\":{\"@type\":\"PropertyValueSpecification\",\"valueRequired\":true,\"valueName\":\"search_term_string\"}}],\"inLanguage\":\"sk-SK\"},{\"@type\":\"Organization\",\"@id\":\"https:\/\/herbaday.sk\/#organization\",\"name\":\"Herbaday\",\"url\":\"https:\/\/herbaday.sk\/\",\"logo\":{\"@type\":\"ImageObject\",\"inLanguage\":\"sk-SK\",\"@id\":\"https:\/\/herbaday.sk\/#\/schema\/logo\/image\/\",\"url\":\"http:\/\/herbaday.sk\/wp-content\/uploads\/2020\/11\/herbaday_logo.png\",\"contentUrl\":\"http:\/\/herbaday.sk\/wp-content\/uploads\/2020\/11\/herbaday_logo.png\",\"width\":2214,\"height\":545,\"caption\":\"Herbaday\"},\"image\":{\"@id\":\"https:\/\/herbaday.sk\/#\/schema\/logo\/image\/\"}}]}<\/script>\n<!-- \/ Yoast SEO plugin. -->","yoast_head_json":{"title":"Prote\u00ednov\u00e9 ty\u010dinky - 14 ty\u010diniek v krabici - Herbaday","robots":{"index":"index","follow":"follow","max-snippet":"max-snippet:-1","max-image-preview":"max-image-preview:large","max-video-preview":"max-video-preview:-1"},"canonical":"https:\/\/herbaday.sk\/index.php\/product\/proteinove-tycinky-14-tyciniek-v-krabici\/","og_locale":"sk_SK","og_type":"article","og_title":"Prote\u00ednov\u00e9 ty\u010dinky - 14 ty\u010diniek v krabici - Herbaday","og_description":"N\u00e1h\u013ead na Produkt Prote\u00ednov\u00e1 ty\u010dinka\u00a0m\u00e1 vysok\u00fd obsah prote\u00ednu a je skvelou vo\u013ebou, ak t\u00fa\u017eite po lahodnej desiate po\u010das d\u0148a, alebo na cest\u00e1ch. M\u00e1te chu\u0165 ma\u0161krti\u0165? Potla\u010dte chu\u0165 na \u010dokol\u00e1du s v\u00fdbornou desiatou s vysok\u00fdm obsahom prote\u00ednu alebo si t\u00fato zdrav\u00fa* ma\u0161krtu doprajte pred alebo po cvi\u010den\u00ed. K\u013e\u00fa\u010dov\u00e9 V\u00fdhody \u2022 140 kcal** v jednej ty\u010dinke, \u010do [...]","og_url":"https:\/\/herbaday.sk\/index.php\/product\/proteinove-tycinky-14-tyciniek-v-krabici\/","og_site_name":"Herbaday","article_modified_time":"2025-01-06T19:57:07+00:00","og_image":[{"width":1300,"height":1300,"url":"https:\/\/i0.wp.com\/herbaday.sk\/wp-content\/uploads\/2020\/11\/3976-sk-protein-bars-citrus-lemon-14-bars.jpg?fit=1300%2C1300&ssl=1","type":"image\/jpeg"}],"twitter_card":"summary_large_image","twitter_misc":{"Predpokladan\u00fd \u010das \u010d\u00edtania":"1 min\u00fata"},"schema":{"@context":"https:\/\/schema.org","@graph":[{"@type":"WebPage","@id":"https:\/\/herbaday.sk\/index.php\/product\/proteinove-tycinky-14-tyciniek-v-krabici\/","url":"https:\/\/herbaday.sk\/index.php\/product\/proteinove-tycinky-14-tyciniek-v-krabici\/","name":"Prote\u00ednov\u00e9 ty\u010dinky - 14 ty\u010diniek v krabici - Herbaday","isPartOf":{"@id":"https:\/\/herbaday.sk\/#website"},"primaryImageOfPage":{"@id":"https:\/\/herbaday.sk\/index.php\/product\/proteinove-tycinky-14-tyciniek-v-krabici\/#primaryimage"},"image":{"@id":"https:\/\/herbaday.sk\/index.php\/product\/proteinove-tycinky-14-tyciniek-v-krabici\/#primaryimage"},"thumbnailUrl":"https:\/\/i0.wp.com\/herbaday.sk\/wp-content\/uploads\/2020\/11\/3976-sk-protein-bars-citrus-lemon-14-bars.jpg?fit=1300%2C1300&ssl=1","datePublished":"2020-11-13T07:59:21+00:00","dateModified":"2025-01-06T19:57:07+00:00","breadcrumb":{"@id":"https:\/\/herbaday.sk\/index.php\/product\/proteinove-tycinky-14-tyciniek-v-krabici\/#breadcrumb"},"inLanguage":"sk-SK","potentialAction":[{"@type":"ReadAction","target":["https:\/\/herbaday.sk\/index.php\/product\/proteinove-tycinky-14-tyciniek-v-krabici\/"]}]},{"@type":"ImageObject","inLanguage":"sk-SK","@id":"https:\/\/herbaday.sk\/index.php\/product\/proteinove-tycinky-14-tyciniek-v-krabici\/#primaryimage","url":"https:\/\/i0.wp.com\/herbaday.sk\/wp-content\/uploads\/2020\/11\/3976-sk-protein-bars-citrus-lemon-14-bars.jpg?fit=1300%2C1300&ssl=1","contentUrl":"https:\/\/i0.wp.com\/herbaday.sk\/wp-content\/uploads\/2020\/11\/3976-sk-protein-bars-citrus-lemon-14-bars.jpg?fit=1300%2C1300&ssl=1","width":1300,"height":1300,"caption":"Prote\u00ednov\u00e1 ty\u010dinka citr\u00f3nov\u00e1."},{"@type":"BreadcrumbList","@id":"https:\/\/herbaday.sk\/index.php\/product\/proteinove-tycinky-14-tyciniek-v-krabici\/#breadcrumb","itemListElement":[{"@type":"ListItem","position":1,"name":"Domovsk\u00e1 str\u00e1nka","item":"https:\/\/herbaday.sk\/"},{"@type":"ListItem","position":2,"name":"Shop","item":"https:\/\/herbaday.sk\/index.php\/shop\/"},{"@type":"ListItem","position":3,"name":"Prote\u00ednov\u00e9 ty\u010dinky &#8211; 14 ty\u010diniek v krabici"}]},{"@type":"WebSite","@id":"https:\/\/herbaday.sk\/#website","url":"https:\/\/herbaday.sk\/","name":"Herbaday","description":"Nez\u00e1visl\u00fd \u010dlen Herbalife Nutrition","publisher":{"@id":"https:\/\/herbaday.sk\/#organization"},"potentialAction":[{"@type":"SearchAction","target":{"@type":"EntryPoint","urlTemplate":"https:\/\/herbaday.sk\/?s={search_term_string}"},"query-input":{"@type":"PropertyValueSpecification","valueRequired":true,"valueName":"search_term_string"}}],"inLanguage":"sk-SK"},{"@type":"Organization","@id":"https:\/\/herbaday.sk\/#organization","name":"Herbaday","url":"https:\/\/herbaday.sk\/","logo":{"@type":"ImageObject","inLanguage":"sk-SK","@id":"https:\/\/herbaday.sk\/#\/schema\/logo\/image\/","url":"http:\/\/herbaday.sk\/wp-content\/uploads\/2020\/11\/herbaday_logo.png","contentUrl":"http:\/\/herbaday.sk\/wp-content\/uploads\/2020\/11\/herbaday_logo.png","width":2214,"height":545,"caption":"Herbaday"},"image":{"@id":"https:\/\/herbaday.sk\/#\/schema\/logo\/image\/"}}]}},"jetpack_sharing_enabled":true,"_links":{"self":[{"href":"https:\/\/herbaday.sk\/index.php\/wp-json\/wp\/v2\/product\/86","targetHints":{"allow":["GET"]}}],"collection":[{"href":"https:\/\/herbaday.sk\/index.php\/wp-json\/wp\/v2\/product"}],"about":[{"href":"https:\/\/herbaday.sk\/index.php\/wp-json\/wp\/v2\/types\/product"}],"replies":[{"embeddable":true,"href":"https:\/\/herbaday.sk\/index.php\/wp-json\/wp\/v2\/comments?post=86"}],"wp:featuredmedia":[{"embeddable":true,"href":"https:\/\/herbaday.sk\/index.php\/wp-json\/wp\/v2\/media\/514"}],"wp:attachment":[{"href":"https:\/\/herbaday.sk\/index.php\/wp-json\/wp\/v2\/media?parent=86"}],"wp:term":[{"taxonomy":"product_brand","embeddable":true,"href":"https:\/\/herbaday.sk\/index.php\/wp-json\/wp\/v2\/product_brand?post=86"},{"taxonomy":"product_cat","embeddable":true,"href":"https:\/\/herbaday.sk\/index.php\/wp-json\/wp\/v2\/product_cat?post=86"},{"taxonomy":"product_tag","embeddable":true,"href":"https:\/\/herbaday.sk\/index.php\/wp-json\/wp\/v2\/product_tag?post=86"}],"curies":[{"name":"wp","href":"https:\/\/api.w.org\/{rel}","templated":true}]}}